{"id":6794,"date":"2025-08-26T09:36:50","date_gmt":"2025-08-26T12:36:50","guid":{"rendered":"https:\/\/sites.uel.br\/proex\/?page_id=6794"},"modified":"2026-03-26T10:47:31","modified_gmt":"2026-03-26T13:47:31","slug":"forum-aex","status":"publish","type":"page","link":"https:\/\/sites.uel.br\/proex\/forum-aex\/","title":{"rendered":"F\u00f3rum AEX"},"content":{"rendered":"\n<div style=\"height:25px\" aria-hidden=\"true\" class=\"wp-block-spacer\"><\/div>\n\n\n\n<p>O <strong>F\u00f3rum Permanente de Acompanhamento, Discuss\u00e3o e Avalia\u00e7\u00e3o da Credita\u00e7\u00e3o da Extens\u00e3o<\/strong> \u00e9 promovido pelas Pr\u00f3 Reitorias <strong>PROEX<\/strong>, <strong>PROGRAD<\/strong>, <strong>PROPPG<\/strong>, <strong>PROPLAN<\/strong> e <strong>ATI<\/strong>, sendo um importante momento de discuss\u00e3o sobre v\u00e1rios aspectos que envolvem a <strong>Credita\u00e7\u00e3o Curricular da Extens\u00e3o<\/strong>.<\/p>\n\n\n\n<p>O evento conta com a participa\u00e7\u00e3o dos coordenadores de curso, docentes e coordenadores de extens\u00e3o e das atividades acad\u00eamicas de extens\u00e3o. <\/p>\n\n\n\n<p><strong>Entre os principais temas abordados, destacam-se:<\/strong><\/p>\n\n\n\n<ul class=\"wp-block-list\">\n<li>Conceito de Extens\u00e3o;<\/li>\n\n\n\n<li>Diretrizes de Extens\u00e3o;<\/li>\n\n\n\n<li>Regulamenta\u00e7\u00e3o Interna &#8211; UEL;<\/li>\n\n\n\n<li>Papel da Comiss\u00e3o de Extens\u00e3o; <\/li>\n\n\n\n<li>Papel do Coordenador AEX.<\/li>\n<\/ul>\n\n\n\n<p>Al\u00e9m de outros temas relevantes que comp\u00f5em a programa\u00e7\u00e3o.<\/p>\n\n\n\n<h2 class=\"wp-block-heading\">EDI\u00c7\u00d5ES ANTERIORES DO F\u00d3RUM<\/h2>\n\n\n\n<div class=\"wp-block-media-text is-stacked-on-mobile\" style=\"grid-template-columns:23% auto\"><figure class=\"wp-block-media-text__media\"><a href=\"https:\/\/sites.uel.br\/proex\/2-forum-aex-uel\/\"><img loading=\"lazy\" decoding=\"async\" width=\"959\" height=\"1024\" src=\"https:\/\/sites.uel.br\/proex\/wp-content\/uploads\/2026\/03\/Captura-de-tela-2026-03-25-155646-959x1024.png\" alt=\"\" class=\"wp-image-7861 size-full\" srcset=\"https:\/\/sites.uel.br\/proex\/wp-content\/uploads\/2026\/03\/Captura-de-tela-2026-03-25-155646-959x1024.png 959w, https:\/\/sites.uel.br\/proex\/wp-content\/uploads\/2026\/03\/Captura-de-tela-2026-03-25-155646-281x300.png 281w, https:\/\/sites.uel.br\/proex\/wp-content\/uploads\/2026\/03\/Captura-de-tela-2026-03-25-155646-768x820.png 768w, https:\/\/sites.uel.br\/proex\/wp-content\/uploads\/2026\/03\/Captura-de-tela-2026-03-25-155646.png 996w\" sizes=\"auto, (max-width: 959px) 100vw, 959px\" \/><\/a><\/figure><div class=\"wp-block-media-text__content\">\n<p>O <strong>2\u00b0 F\u00d3RUM AEX UEL<\/strong> apresenta as novas <strong>Regulamenta\u00e7\u00f5es de Programas e Projetos<\/strong>, <strong>Empresas Juniores<\/strong>, <strong>Cursos e Eventos<\/strong>; as <strong>Novas Funcionalidades do Sistema de Credita\u00e7\u00e3o da Extens\u00e3o<\/strong> e os <strong>Acompanhamento da Implanta\u00e7\u00e3o da Credita\u00e7\u00e3o<\/strong> <strong>Curricular da Extens\u00e3o<\/strong>,&nbsp; al\u00e9m de refor\u00e7ar a import\u00e2ncia da <strong>Credita\u00e7\u00e3o Curricular da Extens\u00e3o<\/strong> no \u00e2mbito universit\u00e1rio e na forma\u00e7\u00e3o acad\u00eamica.<\/p>\n\n\n\n<blockquote class=\"wp-block-quote is-layout-flow wp-block-quote-is-layout-flow\">\n<p><strong>Leia mais sobre o Evento: <a href=\"https:\/\/operobal.uel.br\/extensao\/2025\/08\/26\/uel-promove-2o-forum-aex-e-apresenta-novidades-no-sistema-de-creditacao-da-extensao\/\">UEL promove 2\u00ba F\u00f3rum AEX e apresenta novidades no sistema de credita\u00e7\u00e3o da extens\u00e3o<\/a><\/strong><\/p>\n<\/blockquote>\n<\/div><\/div>\n\n\n\n<div class=\"wp-block-media-text is-stacked-on-mobile\" style=\"grid-template-columns:23% auto\"><figure class=\"wp-block-media-text__media\"><a href=\"https:\/\/sites.uel.br\/proex\/1-oficina-aex\/\"><img loading=\"lazy\" decoding=\"async\" width=\"731\" height=\"1024\" src=\"https:\/\/sites.uel.br\/proex\/wp-content\/uploads\/2026\/03\/1-oficina-AEX-731x1024.png\" alt=\"\" class=\"wp-image-7889 size-full\" srcset=\"https:\/\/sites.uel.br\/proex\/wp-content\/uploads\/2026\/03\/1-oficina-AEX-731x1024.png 731w, https:\/\/sites.uel.br\/proex\/wp-content\/uploads\/2026\/03\/1-oficina-AEX-214x300.png 214w, https:\/\/sites.uel.br\/proex\/wp-content\/uploads\/2026\/03\/1-oficina-AEX-768x1076.png 768w, https:\/\/sites.uel.br\/proex\/wp-content\/uploads\/2026\/03\/1-oficina-AEX-1097x1536.png 1097w, https:\/\/sites.uel.br\/proex\/wp-content\/uploads\/2026\/03\/1-oficina-AEX.png 1428w\" sizes=\"auto, (max-width: 731px) 100vw, 731px\" \/><\/a><\/figure><div class=\"wp-block-media-text__content\">\n<p>A <strong>1\u00b0 oficina de Credita\u00e7\u00e3o da AEX<\/strong> \u00e9 uma atividade organizada pelas Pr\u00f3-Reitorias PROEX e PROGRAD, direcionada aos Coordenadores(as) e Vice-Coordenadores(as) de colegiado, AEX, Comiss\u00e3o de Extens\u00e3o e servidores interessados. Seu objetivo \u00e9 apresentar e explicar as Resolu\u00e7\u00f5es da AEX e Demonstrar o Funcionamento do Sistema de Credita\u00e7\u00e3o.<\/p>\n<\/div><\/div>\n\n\n\n<div class=\"wp-block-media-text is-stacked-on-mobile\" style=\"grid-template-columns:24% auto\"><figure class=\"wp-block-media-text__media\"><a href=\"https:\/\/sites.uel.br\/proex\/1-forum-aex\/\"><img loading=\"lazy\" decoding=\"async\" width=\"539\" height=\"539\" src=\"https:\/\/sites.uel.br\/proex\/wp-content\/uploads\/2026\/03\/image-2.png\" alt=\"\" class=\"wp-image-7847 size-full\" srcset=\"https:\/\/sites.uel.br\/proex\/wp-content\/uploads\/2026\/03\/image-2.png 539w, https:\/\/sites.uel.br\/proex\/wp-content\/uploads\/2026\/03\/image-2-300x300.png 300w, https:\/\/sites.uel.br\/proex\/wp-content\/uploads\/2026\/03\/image-2-150x150.png 150w\" sizes=\"auto, (max-width: 539px) 100vw, 539px\" \/><\/a><\/figure><div class=\"wp-block-media-text__content\">\n<p>O <strong>1\u00b0 F\u00d3RUM AEX UEL<\/strong> aborda temas relevantes como:&nbsp;<strong>Regulamenta\u00e7\u00e3o da Extens\u00e3o<\/strong>;&nbsp;<strong>Conceito<\/strong>,&nbsp;<strong>Diretrizes e Indicadores<\/strong>; al\u00e9m do papeis de&nbsp;<strong>Coordenador e Comiss\u00e3o de extens\u00e3o<\/strong>, suas modalidades&nbsp;<strong>(Indicadas e Livres)<\/strong>&nbsp;e sua carga hor\u00e1ria dentro do&nbsp;<strong>Projeto Pedag\u00f3gico do Curso<\/strong>, e uma mesa redonda com o tema:&nbsp;<strong>Relatos de Experi\u00eancias da Extens\u00e3o e da Credita\u00e7\u00e3o da Extens\u00e3o.<\/strong><\/p>\n\n\n\n<blockquote class=\"wp-block-quote is-layout-flow wp-block-quote-is-layout-flow\">\n<p><strong>Leia mais sobre o Evento:&nbsp;<\/strong><a href=\"https:\/\/operobal.uel.br\/extensao\/2023\/03\/08\/estao-abertas-as-inscricoes-para-o-1-forum-de-atividades-de-extensao\/\"><strong>1\u00b0 F\u00f3rum AEX debate experi\u00eancias e credita\u00e7\u00e3o da Extens\u00e3o<\/strong><\/a><\/p>\n<\/blockquote>\n<\/div><\/div>\n\n\n\n<p><\/p>\n","protected":false},"excerpt":{"rendered":"<p>O F\u00f3rum Permanente de Acompanhamento, Discuss\u00e3o e Avalia\u00e7\u00e3o da Credita\u00e7\u00e3o da Extens\u00e3o \u00e9 promovido pelas Pr\u00f3 Reitorias PROEX, PROGRAD, PROPPG, PROPLAN e ATI, sendo um importante momento de discuss\u00e3o sobre v\u00e1rios aspectos que envolvem a Credita\u00e7\u00e3o Curricular da Extens\u00e3o. O evento conta com a participa\u00e7\u00e3o dos coordenadores de curso, docentes e coordenadores de extens\u00e3o e [&hellip;]<\/p>\n","protected":false},"author":9,"featured_media":0,"parent":0,"menu_order":0,"comment_status":"closed","ping_status":"closed","template":"","meta":{"_acf_changed":false,"_themeisle_gutenberg_block_has_review":false,"footnotes":""},"class_list":["post-6794","page","type-page","status-publish","hentry"],"acf":[],"_links":{"self":[{"href":"https:\/\/sites.uel.br\/proex\/wp-json\/wp\/v2\/pages\/6794","targetHints":{"allow":["GET"]}}],"collection":[{"href":"https:\/\/sites.uel.br\/proex\/wp-json\/wp\/v2\/pages"}],"about":[{"href":"https:\/\/sites.uel.br\/proex\/wp-json\/wp\/v2\/types\/page"}],"author":[{"embeddable":true,"href":"https:\/\/sites.uel.br\/proex\/wp-json\/wp\/v2\/users\/9"}],"replies":[{"embeddable":true,"href":"https:\/\/sites.uel.br\/proex\/wp-json\/wp\/v2\/comments?post=6794"}],"version-history":[{"count":10,"href":"https:\/\/sites.uel.br\/proex\/wp-json\/wp\/v2\/pages\/6794\/revisions"}],"predecessor-version":[{"id":7896,"href":"https:\/\/sites.uel.br\/proex\/wp-json\/wp\/v2\/pages\/6794\/revisions\/7896"}],"wp:attachment":[{"href":"https:\/\/sites.uel.br\/proex\/wp-json\/wp\/v2\/media?parent=6794"}],"curies":[{"name":"wp","href":"https:\/\/api.w.org\/{rel}","templated":true}]}}