{"id":6051,"date":"2025-05-06T14:49:43","date_gmt":"2025-05-06T17:49:43","guid":{"rendered":"https:\/\/sites.uel.br\/proex\/?page_id=6051"},"modified":"2025-08-19T10:51:56","modified_gmt":"2025-08-19T13:51:56","slug":"bolsa-iniciacao-extensionista-proinex-vigencia-2025-2026","status":"publish","type":"page","link":"https:\/\/sites.uel.br\/proex\/bolsa-iniciacao-extensionista-proinex-vigencia-2025-2026\/","title":{"rendered":"BOLSA INICIA\u00c7\u00c3O EXTENSIONISTA\/PROINEX \u2013 VIG\u00caNCIA 2025\/2026"},"content":{"rendered":"\n<p>FORMUL\u00c1RIO ELETR\u00d4NICO DE INFORMA\u00c7\u00d5ES: Preencher o Formul\u00e1rio no per\u00edodo de 02\/06 at\u00e9 \u00e0s 23h59min do dia 31\/07\/2025.&nbsp;Link do formul\u00e1rio: <a href=\"https:\/\/forms.gle\/yzZaaBYXnGKad4Ty8\">https:\/\/forms.gle\/yzZaaBYXnGKad4Ty8<\/a> <\/p>\n\n\n\n<p><strong>*Observa\u00e7\u00e3o: (entrar com o e-mail UEL).<\/strong> <\/p>\n\n\n\n<p><strong>TUTORIAIS<\/strong><\/p>\n\n\n\n<p><a href=\"https:\/\/wwws.cnpq.br\/cvlattesweb\/pkg_cv_estr.inicio\"><strong>Como criar curr\u00edculo Lattes<\/strong><\/a><\/p>\n\n\n\n<p><strong><a href=\"https:\/\/sites.uel.br\/proppg\/wp-content\/uploads\/2023\/10\/o-numero-identificador-ID-do-seu-curriculo-Lattes.pdf\">Como obter o ID Lattes ou seu endere\u00e7o (link)<\/a><\/strong><\/p>\n\n\n\n<p><strong><a href=\"https:\/\/sites.uel.br\/proex\/wp-content\/uploads\/2025\/06\/Edital-PROEX-PROINEX-205-2025-assinado.pdf\" data-type=\"link\" data-id=\"https:\/\/sites.uel.br\/proex\/wp-content\/uploads\/2025\/06\/Edital-PROEX-PROINEX-205-2025-assinado.pdf\">Edital PROEX\/PROINEX &#8211; 205\/2025<\/a><\/strong><a href=\"https:\/\/sites.uel.br\/proex\/wp-content\/uploads\/2025\/06\/Edital-PROEX-PROINEX-205-2025-assinado-2.pdf\"> <\/a>\u2013 torna p\u00fablico o per\u00edodo de inscri\u00e7\u00e3o<br>para o processo de sele\u00e7\u00e3o de Bolsas de Inicia\u00e7\u00e3o Extensionista.<\/p>\n\n\n\n<p><strong><a href=\"https:\/\/sites.uel.br\/proex\/wp-content\/uploads\/2025\/07\/Edital-PROEX-PROINEX-247-2025-RETIF-EDITAL-205-2025.pdf\">Edital PROEX\/PROINEX &#8211; 247\/2025<\/a><\/strong> &#8211; Retifica\u00e7\u00e3o das etapas e prazos publicados por meio do Edital PROEX\/PROINEX &#8211; 205\/2025.<\/p>\n\n\n\n<p><strong><a href=\"https:\/\/sites.uel.br\/proex\/wp-content\/uploads\/2025\/06\/Edital-266-2025-Inscricoes-Deferidas-e-Indeferidas-2025-2.pdf\" data-type=\"link\" data-id=\"https:\/\/sites.uel.br\/proex\/wp-content\/uploads\/2025\/06\/Edital-266-2025-Inscricoes-Deferidas-e-Indeferidas-2025-2.pdf\">Edital PROEX\/PROINEX \u2013 266\/2025<\/a><\/strong>&nbsp;\u2013 torna p\u00fablico o resultado das inscri\u00e7\u00f5es deferidas e indeferidas no processo de sele\u00e7\u00e3o de Bolsas de Inicia\u00e7\u00e3o Extensionista regulamentado pelo Edital PROEX\/PROINEX &#8211; 205\/2025.<\/p>\n\n\n\n<p><strong><a href=\"https:\/\/sites.uel.br\/proex\/wp-content\/uploads\/2025\/07\/Edital-297-2025-Distribuicao-Bolsas-FAEPE-e-UEL-Areas-e-Projetos-1.pdf\">Edital PROEX\/PROINEX \u2013 297\/2025<\/a><\/strong>&nbsp;\u2013 torna p\u00fablico a distribui\u00e7\u00e3o de Bolsas de Inicia\u00e7\u00e3o Extensionista, <strong>modalidades FAEPE\/UEL e UEL<\/strong>, entre as \u00c1reas Tem\u00e1ticas e entre os coordenadores de projetos\/programas de extens\u00e3o, por ordem decrescente de classifica\u00e7\u00e3o e o prazo para entrega da documenta\u00e7\u00e3o exigida do orientador e bolsista.<\/p>\n\n\n\n<p><strong><a href=\"https:\/\/sites.uel.br\/proex\/wp-content\/uploads\/2025\/08\/Edital-320-2025-Distribuicao-Bolsas-PIBEX-FA.pdf\">Edital PROEX\/PROINEX \u2013 320\/2025<\/a><\/strong>&nbsp;\u2013 torna p\u00fablico a distribui\u00e7\u00e3o de Bolsas de Inicia\u00e7\u00e3o Extensionista, <strong>modalidades PIBEX\/Funda\u00e7\u00e3o Arauc\u00e1ria<\/strong>, entre as \u00c1reas Tem\u00e1ticas e entre os coordenadores de projetos\/programas de extens\u00e3o, por ordem decrescente de classifica\u00e7\u00e3o e Cronograma com as provid\u00eancias e prazos para entrega da documenta\u00e7\u00e3o exigida do orientador e bolsista.<\/p>\n\n\n\n<p><br><strong>I &#8211; FORMUL\u00c1RIOS NECESS\u00c1RIOS PARA EFETIVA\u00c7\u00c3O DAS BOLSAS DE INICIA\u00c7\u00c3O EXTENSIONISTA, MODALIDADES FAEPE\/UEL E UEL:<\/strong><\/p>\n\n\n\n<ol class=\"wp-block-list\">\n<li><a href=\"https:\/\/sites.uel.br\/proex\/wp-content\/uploads\/2025\/07\/Anexo-III-Formulario-Indicacao-Bolsista-2025.docx\">Anexo III \u2013 Formul\u00e1rio de Indica\u00e7\u00e3o do Bolsista<\/a>;<\/li>\n\n\n\n<li><a href=\"https:\/\/sites.uel.br\/proex\/wp-content\/uploads\/2025\/07\/Anexo-IV-Plano-de-Iniciacao-Extensionista-2025.doc\">Anexo IV \u2013 Plano de Inicia\u00e7\u00e3o Extensionista<\/a>;<\/li>\n\n\n\n<li><a href=\"https:\/\/sites.uel.br\/proex\/wp-content\/uploads\/2025\/07\/Anexo-V-PLANO-DE-TRABALHO-E-DECLARACAO-DO-BOLSISTA-Fundacao-Araucaria.docx\">&nbsp;Anexo V \u2013 PLANO DE TRABALHO E DECLARA\u00c7\u00c3O DO BOLSISTA \u2013 PIBEX\/Funda\u00e7\u00e3o Arauc\u00e1ria: N\u00e3o poder\u00e1 ser preenchido na forma \u201cmanuscrita\u201d e dever\u00e1 ser entregue na Divis\u00e3o de Projetos e Inicia\u00e7\u00e3o Extensionista\/PROEX, no per\u00edodo de 18\/08 a 29\/08<\/a>;<\/li>\n\n\n\n<li><a href=\"https:\/\/sites.uel.br\/proex\/wp-content\/uploads\/2025\/08\/Anexo-VI-Termo-Compromisso-Orientador-2025.doc\">Anexo VI \u2013 Termo de Compromisso do Orientador<\/a>;<\/li>\n\n\n\n<li><a href=\"https:\/\/sites.uel.br\/proex\/wp-content\/uploads\/2025\/07\/Anexo-VII-Termo-Aceite-e-Compromisso-Bolsista-2025.doc\">Anexo VII \u2013 Termo de Aceite e Compromisso do Bolsista<\/a>;<\/li>\n\n\n\n<li>Hist\u00f3rico Escolar ou Comprovante de Matr\u00edcula do bolsista indicado.<\/li>\n<\/ol>\n\n\n\n<p><strong>II &#8211;<\/strong> <strong>Vig\u00eancia das Bolsas de Inicia\u00e7\u00e3o Extensionista \u2013 FAEPE\/UEL E UEL:<\/strong><\/p>\n\n\n\n<p><strong>1) FAEPE\/UEL: &#8211; 01\/09\/2025 a 31\/08\/2026;<\/strong><\/p>\n\n\n\n<p><strong>2) UEL: &#8211;&nbsp; &nbsp; &nbsp; &nbsp; &nbsp; &nbsp; &nbsp; &nbsp; &nbsp; 01\/10\/2025 a 30\/09\/2026.<\/strong><\/p>\n\n\n\n<p><strong>3) PIBEX\/F.A.: &#8211; &nbsp; 01\/10\/2025 a 30\/09\/2026<\/strong><\/p>\n\n\n\n<p><strong><strong>III \u2013 BOLSAS FAEPE\/UEL e UEL: No per\u00edodo de 28\/07 a 22\/08\/2025 bolsistas e orientadores dever\u00e3o providenciar a documenta\u00e7\u00e3o exigida, conforme Cronograma \u2013 2\u00aa. Etapa abaixo:<\/strong><\/strong><\/p>\n\n\n\n<div class=\"wp-block-group\"><div class=\"wp-block-group__inner-container is-layout-constrained wp-block-group-is-layout-constrained\">\n<div class=\"wp-block-columns is-layout-flex wp-container-core-columns-is-layout-9d6595d7 wp-block-columns-is-layout-flex\">\n<div class=\"wp-block-column is-layout-flow wp-block-column-is-layout-flow\" style=\"flex-basis:100%\">\n<figure class=\"wp-block-table is-style-regular\"><table class=\"has-fixed-layout\"><tbody><tr><td class=\"has-text-align-left\" data-align=\"left\"><strong>PROVID\u00caNCIAS<\/strong><\/td><td class=\"has-text-align-center\" data-align=\"center\"><strong>PRAZOS<\/strong><\/td><\/tr><tr><td class=\"has-text-align-left\" data-align=\"left\"><strong>Divis\u00e3o de Projetos e lnicia\u00e7\u00e3o Extensionista\/PROEX <\/strong>&#8211; prepara e divulga o <strong>Edital, <\/strong>com as informa\u00e7\u00f5es sobre a carga hor\u00e1ria atribu\u00edda \u00e0s \u00c1reas Tem\u00e1ticas, aos projetos e programas inscritos e informa o <strong>prazo para entrega da documenta\u00e7\u00e3o&nbsp; dos Orientadores e Bolsistas<\/strong><br>contemplados.<\/td><td class=\"has-text-align-center\" data-align=\"center\">24\/07\/2025<\/td><\/tr><tr><td class=\"has-text-align-left\" data-align=\"left\"><strong>Bolsistas<\/strong> \u2013 providenciam a documenta\u00e7\u00e3o exigida no item 8.2.2 do Edital PROEX\/PROINEX \u2013 205\/2025 devidamente assinada, a abertura e\/ou informa\u00e7\u00e3o da conta em nome do estudante e <strong>entregam os documentos listados abaixo para o Orientador:<\/strong><br><strong>a)<\/strong> <strong>Termo de aceite da bolsa (Anexo VII), conhecimento e concord\u00e2ncia <\/strong>das condi\u00e7\u00f5es estabelecidas no<strong> Termo de Compromisso <\/strong>assumido pelo bolsista;<br><strong>b)<\/strong> &#8211; <strong>Hist\u00f3rico Boletim<\/strong> do estudante indicado, com as reprova\u00e7\u00f5es, se houverem <strong>ou<\/strong> <strong>Comprovante de Matr\u00edcula<\/strong> para estudantes ingressos que ainda n\u00e3o possu\u00edrem o Hist\u00f3rico Boletim;<br><strong>c)<\/strong> <strong>\u2013 <\/strong>Dados banc\u00e1rios: n\u00famero do Banco, tipo de conta e Ag\u00eancia, em nome do bolsista de extens\u00e3o, para efetiva\u00e7\u00e3o do pagamento mensal da bolsa, que dever\u00e1 ser informado no ato da indica\u00e7\u00e3o e envio da documenta\u00e7\u00e3o pelo docente orientador.<\/td><td class=\"has-text-align-center\" data-align=\"center\">A partir de 28\/07\/2025 at\u00e9 o dia 22\/08\/2025<\/td><\/tr><tr><td class=\"has-text-align-left\" data-align=\"left\"><strong>Orientadores \u2013 <\/strong>providenciam a documenta\u00e7\u00e3o exigida (listada abaixo), devidamente assinada juntam com a documenta\u00e7\u00e3o do(s) bolsista(s) e enviam, num \u00fanico e-mail para o endere\u00e7o: <a href=\"mailto:proex.bolsista@uel.br\">proex.bolsista@uel.br<\/a>.<br><strong><em>Anexo III &#8211; Formul\u00e1rio de Indica\u00e7\u00e3o de Bolsista \u2013 em WORD e Termo de Aceite da bolsa. <\/em><\/strong>Todos os campos dever\u00e3o ser preenchidos, observado o atendimento aos requisitos contidos no item 3 (3.1 a 3.3) do Edital PROEX\/PROINEX \u2013 030\/2024. O <strong>CPF<\/strong> do bolsista informado no formul\u00e1rio deve corresponder \u00e0 titularidade do estudante de gradua\u00e7\u00e3o indicado, vedada a utiliza\u00e7\u00e3o de CPF dos Pais ou Respons\u00e1veis;&nbsp;<br><strong>b)<\/strong> <strong>Anexo IV &#8211; <em>Plano de Inicia\u00e7\u00e3o Extensionista:<\/em><\/strong><br><strong>c) Anexo VI &#8211; Termo de Compromisso do Orientador;<\/strong><br><strong>d) Anexo VII \u2013 Termo de Aceite e Compromisso do Bolsista;<\/strong><br><strong>e) Hist\u00f3rico Boletim ou Comprovante de Matr\u00edcula do Bolsista.<\/strong><br><\/td><td class=\"has-text-align-center\" data-align=\"center\">A partir de 28\/07\/2025 at\u00e9 o dia 22\/08\/2025<br><\/td><\/tr><tr><td class=\"has-text-align-left\" data-align=\"left\"><strong>Divis\u00e3o de Projetos e inicia\u00e7\u00e3o Extensionista\/PROEX <\/strong>&#8211; providencia o cadastro dos Orientadores e Bolsistas junto ao SICAP &#8211; Sistema de Cadastro de Projetos e Sistema de Pagamento de Bolsas.<\/td><td class=\"has-text-align-center\" data-align=\"center\">A partir do dia 25\/08\/2025<\/td><\/tr><\/tbody><\/table><\/figure>\n<\/div>\n<\/div>\n\n\n\n<p><\/p>\n\n\n\n<p><strong>IV \u2013 BOLSAS PIBEX\/Funda\u00e7\u00e3o Arauc\u00e1ria: Bolsistas e Orientadores dever\u00e3o adotar as provid\u00eancias nos prazos estabelecidos, conforme Cronograma abaixo:<\/strong><\/p>\n<\/div><\/div>\n\n\n\n<figure class=\"wp-block-table\"><table class=\"has-fixed-layout\"><tbody><tr><td><strong>CRONOGRAMA &#8211; PROVID\u00caNCIAS<\/strong><\/td><td class=\"has-text-align-center\" data-align=\"center\"><strong>PRAZOS<\/strong><\/td><\/tr><tr><td><strong>Orientadores e Bolsistas:<\/strong>cadastro e\/ou atualiza\u00e7\u00e3o de curriculo no lattes-CNPq;Ter cadastro na Plataforma de Opera\u00e7\u00e3o de Projetos P\u00fablicos (Sparkx), dispon\u00edvel em <a href=\"https:\/\/sparkx.fundacaoaraucaria.org.br\/\">https:\/\/sparkx.fundacaoaraucaria.org.br\/<\/a>&nbsp;<strong> <\/strong>providenciam a entrega, na Divis\u00e3o de Projetos e lnicia\u00e7\u00e3o Extensionista\/PROEX, do <strong>Formul\u00e1rio da Funda\u00e7\u00e3o Arauc\u00e1ria <\/strong>&#8211; <strong>Anexo V <\/strong>&#8211; Plano de Trabalho e Declara\u00e7\u00e3o do Bolsista preenchido e assinado, <strong>vedado o preenchimento na forma manuscrita.<\/strong><strong>Preenchimento do Formul\u00e1rio Eletr\u00f4nico de lnforma\u00e7\u00f5es <\/strong>por meio de acesso ao link:&nbsp;&nbsp;<a href=\"https:\/\/forms.gle\/yzZaaBYXnGKad4Ty8\">https:\/\/forms.gle\/yzZaaBYXnGKad4Ty8<\/a><\/td><td class=\"has-text-align-center\" data-align=\"center\"><strong>18 a 29\/08\/2025<\/strong><\/td><\/tr><tr><td><strong>Bolsistas:<\/strong>\u2013 Providenciam a documenta\u00e7\u00e3o exigida no item 8.2.2 e entregam para o(a) docente Orientador(a):- <strong>Anexo VII<\/strong> \u2013 Termo de Aceite e Compromisso do Bolsista devidamente assinado;- Abertura e\/ou informa\u00e7\u00e3o da conta em nome do estudante (Banco, Ag\u00eancia e n\u00famero de conta corrente);- <strong>Hist\u00f3rico Boletim ou Comprovante de Matr\u00edcula do Bolsista.<\/strong><\/td><td class=\"has-text-align-center\" data-align=\"center\"><strong>18\/08 a 5\/09\/2025<\/strong><\/td><\/tr><tr><td><strong>Orientador(es):<\/strong>Providenciam a documenta\u00e7\u00e3o exigida no item 8.2.1:<strong><em>a) Anexo III &#8211; Formul\u00e1rio de Indica\u00e7\u00e3o de Bolsista \u2013 <\/em><\/strong><strong><em>em WORD<\/em><\/strong><strong><em> e Termo de Aceite da bolsa. <\/em><\/strong>Todos os campos dever\u00e3o ser preenchidos, observado o atendimento aos requisitos contidos no item 3 (3.1 a 3.3) do Edital PROEX\/PROINEX \u2013 205\/2025. O <strong>CPF<\/strong> do bolsista informado no formul\u00e1rio deve corresponder \u00e0 titularidade do estudante de gradua\u00e7\u00e3o indicado, vedada a utiliza\u00e7\u00e3o de CPF dos Pais ou Respons\u00e1veis;&nbsp;<strong>b)<\/strong> <strong>Anexo IV &#8211; <\/strong><strong><em>Plano de Inicia\u00e7\u00e3o Extensionista:<\/em><\/strong><strong>c) Anexo VI &#8211; Termo de Compromisso do Orientador;<\/strong><strong>d) Anexo VII \u2013 Termo de Aceite e Compromisso do Bolsista;<\/strong><strong>e) Hist\u00f3rico Boletim ou Comprovante de Matr\u00edcula do Bolsista;<\/strong><strong>f)<\/strong> enviam a documenta\u00e7\u00e3o exigida do Bolsista (8.2.2) e do Orientador (8.2.1), por e-mail para o endere\u00e7o: <a href=\"mailto:proex.bolsista@uel.br\">proex.bolsista@uel.br<\/a>&nbsp;<\/td><td class=\"has-text-align-center\" data-align=\"center\"><strong>18\/08 a 5\/09\/2025<\/strong><\/td><\/tr><\/tbody><\/table><\/figure>\n\n\n\n<p><\/p>\n","protected":false},"excerpt":{"rendered":"<p>FORMUL\u00c1RIO ELETR\u00d4NICO DE INFORMA\u00c7\u00d5ES: Preencher o Formul\u00e1rio no per\u00edodo de 02\/06 at\u00e9 \u00e0s 23h59min do dia 31\/07\/2025.&nbsp;Link do formul\u00e1rio: https:\/\/forms.gle\/yzZaaBYXnGKad4Ty8 *Observa\u00e7\u00e3o: (entrar com o e-mail UEL). TUTORIAIS Como criar curr\u00edculo Lattes Como obter o ID Lattes ou seu endere\u00e7o (link) Edital PROEX\/PROINEX &#8211; 205\/2025 \u2013 torna p\u00fablico o per\u00edodo de inscri\u00e7\u00e3opara o processo de sele\u00e7\u00e3o [&hellip;]<\/p>\n","protected":false},"author":9,"featured_media":0,"parent":0,"menu_order":0,"comment_status":"closed","ping_status":"closed","template":"","meta":{"_acf_changed":false,"_themeisle_gutenberg_block_has_review":false,"footnotes":""},"class_list":["post-6051","page","type-page","status-publish","hentry"],"acf":[],"_links":{"self":[{"href":"https:\/\/sites.uel.br\/proex\/wp-json\/wp\/v2\/pages\/6051","targetHints":{"allow":["GET"]}}],"collection":[{"href":"https:\/\/sites.uel.br\/proex\/wp-json\/wp\/v2\/pages"}],"about":[{"href":"https:\/\/sites.uel.br\/proex\/wp-json\/wp\/v2\/types\/page"}],"author":[{"embeddable":true,"href":"https:\/\/sites.uel.br\/proex\/wp-json\/wp\/v2\/users\/9"}],"replies":[{"embeddable":true,"href":"https:\/\/sites.uel.br\/proex\/wp-json\/wp\/v2\/comments?post=6051"}],"version-history":[{"count":62,"href":"https:\/\/sites.uel.br\/proex\/wp-json\/wp\/v2\/pages\/6051\/revisions"}],"predecessor-version":[{"id":6734,"href":"https:\/\/sites.uel.br\/proex\/wp-json\/wp\/v2\/pages\/6051\/revisions\/6734"}],"wp:attachment":[{"href":"https:\/\/sites.uel.br\/proex\/wp-json\/wp\/v2\/media?parent=6051"}],"curies":[{"name":"wp","href":"https:\/\/api.w.org\/{rel}","templated":true}]}}