{"id":5,"date":"2022-12-15T15:57:05","date_gmt":"2022-12-15T18:57:05","guid":{"rendered":"https:\/\/sites.uel.br\/proex\/?page_id=5"},"modified":"2025-08-12T16:07:59","modified_gmt":"2025-08-12T19:07:59","slug":"pagina-inicial","status":"publish","type":"page","link":"https:\/\/sites.uel.br\/proex\/","title":{"rendered":"P\u00e1gina Inicial"},"content":{"rendered":"\n<div class=\"wp-block-uel-card\">\n<h3 class=\"wp-block-heading is-style-highlighted-heading\">ACESSO R\u00c1PIDO<\/h3>\n\n\n\n<hr class=\"wp-block-separator has-text-color has-alpha-channel-opacity has-background is-style-wide\" style=\"background-color:#4d4d4d66;color:#4d4d4d66\"\/>\n\n\n<div id=\"metaslider-id-1882\" style=\"width: 100%; margin: 0 auto;\" class=\"ml-slider-3-107-0 metaslider metaslider-flex metaslider-1882 ml-slider has-dots-nav has-carousel-mode ms-theme-default\" role=\"region\" aria-label=\"Acesso R\u00e1pido\" data-height=\"155\" data-width=\"155\">\n    <div id=\"metaslider_container_1882\">\n        <div id=\"metaslider_1882\">\n            <ul class='slides'>\n                <li style=\"display: none; width: 100%;\" class=\"slide-1896 ms-image \" aria-roledescription=\"slide\" data-date=\"2023-04-19 11:11:48\" data-filename=\"Prancheta-14-Copia.png\" data-slide-type=\"image\"><a href=\"https:\/\/sites.uel.br\/prograd\/calendario\/\" target=\"_blank\" aria-label=\"View Slide Details\" class=\"metaslider_image_link\"><img loading=\"lazy\" decoding=\"async\" width=\"2023\" height=\"2023\" src=\"https:\/\/sites.uel.br\/proex\/wp-content\/uploads\/2023\/04\/Prancheta-14-Copia.png\" class=\"slider-1882 slide-1896 msDefaultImage\" alt=\"\" rel=\"\" title=\"Calend\u00e1rio Acad\u00eamico\" srcset=\"https:\/\/sites.uel.br\/proex\/wp-content\/uploads\/2023\/04\/Prancheta-14-Copia.png 2023w, https:\/\/sites.uel.br\/proex\/wp-content\/uploads\/2023\/04\/Prancheta-14-Copia-300x300.png 300w, https:\/\/sites.uel.br\/proex\/wp-content\/uploads\/2023\/04\/Prancheta-14-Copia-1024x1024.png 1024w, https:\/\/sites.uel.br\/proex\/wp-content\/uploads\/2023\/04\/Prancheta-14-Copia-150x150.png 150w, https:\/\/sites.uel.br\/proex\/wp-content\/uploads\/2023\/04\/Prancheta-14-Copia-768x768.png 768w, https:\/\/sites.uel.br\/proex\/wp-content\/uploads\/2023\/04\/Prancheta-14-Copia-1536x1536.png 1536w\" sizes=\"auto, (max-width: 2023px) 100vw, 2023px\" \/><\/a><\/li>\n                <li style=\"display: none; width: 100%;\" class=\"slide-1897 ms-image \" aria-roledescription=\"slide\" data-date=\"2023-04-19 11:11:48\" data-filename=\"Prancheta-15-Copia-Copia.png\" data-slide-type=\"image\"><a href=\"https:\/\/sites.uel.br\/proex\/formularios-2\/\" target=\"_self\" aria-label=\"View Slide Details\" class=\"metaslider_image_link\"><img loading=\"lazy\" decoding=\"async\" width=\"2023\" height=\"2023\" src=\"https:\/\/sites.uel.br\/proex\/wp-content\/uploads\/2023\/04\/Prancheta-15-Copia-Copia.png\" class=\"slider-1882 slide-1897 msDefaultImage\" alt=\"\" rel=\"\" title=\"Formul\u00e1rios\" srcset=\"https:\/\/sites.uel.br\/proex\/wp-content\/uploads\/2023\/04\/Prancheta-15-Copia-Copia.png 2023w, https:\/\/sites.uel.br\/proex\/wp-content\/uploads\/2023\/04\/Prancheta-15-Copia-Copia-300x300.png 300w, https:\/\/sites.uel.br\/proex\/wp-content\/uploads\/2023\/04\/Prancheta-15-Copia-Copia-1024x1024.png 1024w, https:\/\/sites.uel.br\/proex\/wp-content\/uploads\/2023\/04\/Prancheta-15-Copia-Copia-150x150.png 150w, https:\/\/sites.uel.br\/proex\/wp-content\/uploads\/2023\/04\/Prancheta-15-Copia-Copia-768x768.png 768w, https:\/\/sites.uel.br\/proex\/wp-content\/uploads\/2023\/04\/Prancheta-15-Copia-Copia-1536x1536.png 1536w\" sizes=\"auto, (max-width: 2023px) 100vw, 2023px\" \/><\/a><\/li>\n                <li style=\"display: none; width: 100%;\" class=\"slide-1898 ms-image \" aria-roledescription=\"slide\" data-date=\"2023-04-19 11:11:49\" data-filename=\"Prancheta-21-Copia-Copia.png\" data-slide-type=\"image\"><a href=\"https:\/\/sistemas.uel.br\/index2\" target=\"_self\" aria-label=\"View Slide Details\" class=\"metaslider_image_link\"><img loading=\"lazy\" decoding=\"async\" width=\"2023\" height=\"2023\" src=\"https:\/\/sites.uel.br\/proex\/wp-content\/uploads\/2023\/04\/Prancheta-21-Copia-Copia.png\" class=\"slider-1882 slide-1898 msDefaultImage\" alt=\"\" rel=\"\" title=\"Sistemas\" srcset=\"https:\/\/sites.uel.br\/proex\/wp-content\/uploads\/2023\/04\/Prancheta-21-Copia-Copia.png 2023w, https:\/\/sites.uel.br\/proex\/wp-content\/uploads\/2023\/04\/Prancheta-21-Copia-Copia-300x300.png 300w, https:\/\/sites.uel.br\/proex\/wp-content\/uploads\/2023\/04\/Prancheta-21-Copia-Copia-1024x1024.png 1024w, https:\/\/sites.uel.br\/proex\/wp-content\/uploads\/2023\/04\/Prancheta-21-Copia-Copia-150x150.png 150w, https:\/\/sites.uel.br\/proex\/wp-content\/uploads\/2023\/04\/Prancheta-21-Copia-Copia-768x768.png 768w, https:\/\/sites.uel.br\/proex\/wp-content\/uploads\/2023\/04\/Prancheta-21-Copia-Copia-1536x1536.png 1536w\" sizes=\"auto, (max-width: 2023px) 100vw, 2023px\" \/><\/a><\/li>\n                <li style=\"display: none; width: 100%;\" class=\"slide-1891 ms-image \" aria-roledescription=\"slide\" data-date=\"2023-04-19 11:11:45\" data-filename=\"Prancheta-8.png\" data-slide-type=\"image\"><a href=\"https:\/\/www.sistemasweb.uel.br\/?contents=system\/prj\/index.php\" target=\"_self\" aria-label=\"View Slide Details\" class=\"metaslider_image_link\"><img loading=\"lazy\" decoding=\"async\" width=\"2023\" height=\"2023\" src=\"https:\/\/sites.uel.br\/proex\/wp-content\/uploads\/2023\/04\/Prancheta-8.png\" class=\"slider-1882 slide-1891 msDefaultImage\" alt=\"\" rel=\"\" title=\"Projetos e Programas\" srcset=\"https:\/\/sites.uel.br\/proex\/wp-content\/uploads\/2023\/04\/Prancheta-8.png 2023w, https:\/\/sites.uel.br\/proex\/wp-content\/uploads\/2023\/04\/Prancheta-8-300x300.png 300w, https:\/\/sites.uel.br\/proex\/wp-content\/uploads\/2023\/04\/Prancheta-8-1024x1024.png 1024w, https:\/\/sites.uel.br\/proex\/wp-content\/uploads\/2023\/04\/Prancheta-8-150x150.png 150w, https:\/\/sites.uel.br\/proex\/wp-content\/uploads\/2023\/04\/Prancheta-8-768x768.png 768w, https:\/\/sites.uel.br\/proex\/wp-content\/uploads\/2023\/04\/Prancheta-8-1536x1536.png 1536w\" sizes=\"auto, (max-width: 2023px) 100vw, 2023px\" \/><\/a><\/li>\n                <li style=\"display: none; width: 100%;\" class=\"slide-1892 ms-image \" aria-roledescription=\"slide\" data-date=\"2023-04-19 11:11:46\" data-filename=\"Prancheta-9.png\" data-slide-type=\"image\"><a href=\"https:\/\/www.sistemasweb.uel.br\/index.php?contents=system\/insc\/index.php\" target=\"_self\" aria-label=\"View Slide Details\" class=\"metaslider_image_link\"><img loading=\"lazy\" decoding=\"async\" width=\"2022\" height=\"2023\" src=\"https:\/\/sites.uel.br\/proex\/wp-content\/uploads\/2023\/04\/Prancheta-9.png\" class=\"slider-1882 slide-1892 msDefaultImage\" alt=\"\" rel=\"\" title=\"Cursos e Eventos\" srcset=\"https:\/\/sites.uel.br\/proex\/wp-content\/uploads\/2023\/04\/Prancheta-9.png 2022w, https:\/\/sites.uel.br\/proex\/wp-content\/uploads\/2023\/04\/Prancheta-9-300x300.png 300w, https:\/\/sites.uel.br\/proex\/wp-content\/uploads\/2023\/04\/Prancheta-9-1024x1024.png 1024w, https:\/\/sites.uel.br\/proex\/wp-content\/uploads\/2023\/04\/Prancheta-9-150x150.png 150w, https:\/\/sites.uel.br\/proex\/wp-content\/uploads\/2023\/04\/Prancheta-9-768x768.png 768w, https:\/\/sites.uel.br\/proex\/wp-content\/uploads\/2023\/04\/Prancheta-9-1536x1536.png 1536w\" sizes=\"auto, (max-width: 2022px) 100vw, 2022px\" \/><\/a><\/li>\n                <li style=\"display: none; width: 100%;\" class=\"slide-1893 ms-image \" aria-roledescription=\"slide\" data-date=\"2023-04-19 11:11:46\" data-filename=\"Prancheta-10.png\" data-slide-type=\"image\"><a href=\"https:\/\/www.sistemasweb.uel.br\/index.php?contents=system\/insc\/index.php&amp;pagina=view\/acesso\/AcessoInscricao.php\" target=\"_self\" aria-label=\"View Slide Details\" class=\"metaslider_image_link\"><img loading=\"lazy\" decoding=\"async\" width=\"2023\" height=\"2023\" src=\"https:\/\/sites.uel.br\/proex\/wp-content\/uploads\/2023\/04\/Prancheta-10.png\" class=\"slider-1882 slide-1893 msDefaultImage\" alt=\"\" rel=\"\" title=\"Certificados\" srcset=\"https:\/\/sites.uel.br\/proex\/wp-content\/uploads\/2023\/04\/Prancheta-10.png 2023w, https:\/\/sites.uel.br\/proex\/wp-content\/uploads\/2023\/04\/Prancheta-10-300x300.png 300w, https:\/\/sites.uel.br\/proex\/wp-content\/uploads\/2023\/04\/Prancheta-10-1024x1024.png 1024w, https:\/\/sites.uel.br\/proex\/wp-content\/uploads\/2023\/04\/Prancheta-10-150x150.png 150w, https:\/\/sites.uel.br\/proex\/wp-content\/uploads\/2023\/04\/Prancheta-10-768x768.png 768w, https:\/\/sites.uel.br\/proex\/wp-content\/uploads\/2023\/04\/Prancheta-10-1536x1536.png 1536w\" sizes=\"auto, (max-width: 2023px) 100vw, 2023px\" \/><\/a><\/li>\n                <li style=\"display: none; width: 100%;\" class=\"slide-1894 ms-image \" aria-roledescription=\"slide\" data-date=\"2023-04-19 11:11:47\" data-filename=\"Prancheta-11.png\" data-slide-type=\"image\"><a href=\"https:\/\/sites.uel.br\/proex\/editais\/\" target=\"_self\" aria-label=\"View Slide Details\" class=\"metaslider_image_link\"><img loading=\"lazy\" decoding=\"async\" width=\"2023\" height=\"2023\" src=\"https:\/\/sites.uel.br\/proex\/wp-content\/uploads\/2023\/04\/Prancheta-11.png\" class=\"slider-1882 slide-1894 msDefaultImage\" alt=\"\" rel=\"\" title=\"Editais e Oportunidades\" srcset=\"https:\/\/sites.uel.br\/proex\/wp-content\/uploads\/2023\/04\/Prancheta-11.png 2023w, https:\/\/sites.uel.br\/proex\/wp-content\/uploads\/2023\/04\/Prancheta-11-300x300.png 300w, https:\/\/sites.uel.br\/proex\/wp-content\/uploads\/2023\/04\/Prancheta-11-1024x1024.png 1024w, https:\/\/sites.uel.br\/proex\/wp-content\/uploads\/2023\/04\/Prancheta-11-150x150.png 150w, https:\/\/sites.uel.br\/proex\/wp-content\/uploads\/2023\/04\/Prancheta-11-768x768.png 768w, https:\/\/sites.uel.br\/proex\/wp-content\/uploads\/2023\/04\/Prancheta-11-1536x1536.png 1536w\" sizes=\"auto, (max-width: 2023px) 100vw, 2023px\" \/><\/a><\/li>\n                <li style=\"display: none; width: 100%;\" class=\"slide-1895 ms-image \" aria-roledescription=\"slide\" data-date=\"2023-04-19 11:11:47\" data-filename=\"Prancheta-12.png\" data-slide-type=\"image\"><a href=\"https:\/\/sites.uel.br\/proex\/resolucoes-3\/\" target=\"_self\" aria-label=\"View Slide Details\" class=\"metaslider_image_link\"><img loading=\"lazy\" decoding=\"async\" width=\"2023\" height=\"2023\" src=\"https:\/\/sites.uel.br\/proex\/wp-content\/uploads\/2023\/04\/Prancheta-12.png\" class=\"slider-1882 slide-1895 msDefaultImage\" alt=\"\" rel=\"\" title=\"Legisla\u00e7\u00f5es e Resolu\u00e7\u00f5es\" srcset=\"https:\/\/sites.uel.br\/proex\/wp-content\/uploads\/2023\/04\/Prancheta-12.png 2023w, https:\/\/sites.uel.br\/proex\/wp-content\/uploads\/2023\/04\/Prancheta-12-300x300.png 300w, https:\/\/sites.uel.br\/proex\/wp-content\/uploads\/2023\/04\/Prancheta-12-1024x1024.png 1024w, https:\/\/sites.uel.br\/proex\/wp-content\/uploads\/2023\/04\/Prancheta-12-150x150.png 150w, https:\/\/sites.uel.br\/proex\/wp-content\/uploads\/2023\/04\/Prancheta-12-768x768.png 768w, https:\/\/sites.uel.br\/proex\/wp-content\/uploads\/2023\/04\/Prancheta-12-1536x1536.png 1536w\" sizes=\"auto, (max-width: 2023px) 100vw, 2023px\" \/><\/a><\/li>\n            <\/ul>\n        <\/div>\n        \n    <\/div>\n<\/div>\n<\/div>\n\n\n\n<div class=\"wp-block-columns is-layout-flex wp-container-core-columns-is-layout-9d6595d7 wp-block-columns-is-layout-flex\">\n<div class=\"wp-block-column is-layout-flow wp-block-column-is-layout-flow\" style=\"flex-basis:75%\">\n<div class=\"wp-block-uel-card\">\n<h3 class=\"wp-block-heading is-style-highlighted-heading\">BLOG EXTENS\u00c3O<\/h3>\n\n\n\n<hr class=\"wp-block-separator has-text-color has-alpha-channel-opacity has-background is-style-wide\" style=\"background-color:#4d4d4d66;color:#4d4d4d66\"\/>\n\n\n\n<div style=\"height:13px\" aria-hidden=\"true\" class=\"wp-block-spacer\"><\/div>\n\n\n<div class=\"noticias-recentes\"><a class=\"noticia-padrao d-flex flex-column flex-md-row align-items-start\" href=\"https:\/\/sites.uel.br\/proex\/sem-categoria\/2026\/02\/26\/mesa-sobre-corpos-marginalizados-na-cultura-e-ciencia-abre-programacao-do-3o-festival-das-diversidades-inscricoes-para-feirinha-e-discotecagem-estao-abertas\/\"><article class=\"ml-0 ml-md-2 corpo-noticia-padrao\"><p class=\"antetitulo mb-0\"><\/p><p class=\"titulo mb-2\">Mesa sobre corpos marginalizados na cultura e ci\u00eancia abre programa\u00e7\u00e3o do 3\u00ba Festival das Diversidades<\/p><p class=\"descricao\">Franciele Rodrigues* Neste domingo (1), abrindo a programa\u00e7\u00e3o do 3\u00ba Festival das Diversidades, acontece a mesa \u201cCorpos marginalizados na cultura e na ci\u00eancia\u201d. O evento come\u00e7a com feirinha, discotecagem e apresenta\u00e7\u00e3o do grupo Doce Veneno, a partir das 15h, no Canto do Marl (Avenida Duque de Caxias, n\u00ba 3.241 &#8211; Centro). As falas iniciam na [&hellip;]<\/p><\/article><\/a><hr class=\"mt-2 mb-2 d-none d-md-block\"><a class=\"noticia-padrao d-flex flex-column flex-md-row align-items-start\" href=\"https:\/\/sites.uel.br\/proex\/sem-categoria\/2026\/02\/26\/projeto-busca-bolsistas-para-censo-da-populacao-em-situacao-de-rua-no-parana\/\"><article class=\"ml-0 ml-md-2 corpo-noticia-padrao\"><p class=\"antetitulo mb-0\"><\/p><p class=\"titulo mb-2\">Projeto busca bolsistas para censo da popula\u00e7\u00e3o em situa\u00e7\u00e3o de rua no Paran\u00e1<\/p><p class=\"descricao\">Leiliani de Castro* Estudantes regularmente matriculados a partir do segundo ano de gradua\u00e7\u00e3o em Servi\u00e7o Social, Direito, Geografia, Ci\u00eancias Sociais, Comunica\u00e7\u00e3o, Psicologia, Arquitetura e Urbanismo, Administra\u00e7\u00e3o e Pedagogia, em uma institui\u00e7\u00e3o reconhecida pelo MEC, poder\u00e3o se candidatar a uma das vagas de pesquisador para a for\u00e7a-tarefa que pretende realizar o censo da popula\u00e7\u00e3o em situa\u00e7\u00e3o [&hellip;]<\/p><\/article><\/a><hr class=\"mt-2 mb-2 d-none d-md-block\"><a class=\"noticia-padrao d-flex flex-column flex-md-row align-items-start\" href=\"https:\/\/sites.uel.br\/proex\/sem-categoria\/2026\/02\/12\/3o-festival-das-diversidades-abre-inscricoes-para-interessados-em-compor-programacao\/\"><article class=\"ml-0 ml-md-2 corpo-noticia-padrao\"><p class=\"antetitulo mb-0\"><\/p><p class=\"titulo mb-2\">3\u00ba Festival das Diversidades abre inscri\u00e7\u00f5es para interessados em compor programa\u00e7\u00e3o<\/p><p class=\"descricao\">Atividades priorizam expositores e grupos pertencentes a segmentos historicamente marginalizados Franciele Rodrigues* Nesta sexta-feira (13), o 3\u00ba Festival das Diversidades, evento organizado pela produtora cultural Kapanga Criativa e o programa de extens\u00e3o da UEL (Universidade Estadual de Londrina) Pr\u00e1xis Itinerante, abre as inscri\u00e7\u00f5es gratuitas para aquelas e aqueles que desejam expor seus trabalhos. Podem participar [&hellip;]<\/p><\/article><\/a><hr class=\"mt-2 mb-2 d-none d-md-block\"><a class=\"noticia-padrao d-flex flex-column flex-md-row align-items-start\" href=\"https:\/\/sites.uel.br\/proex\/projetos-de-extensao\/2025\/11\/18\/associacoes-canabicas-e-o-praxis-itinerante-realizam-curso-na-uel-sobre-o-uso-medicinal-da-cannabis-para-humanos-e-animais\/\"><article class=\"ml-0 ml-md-2 corpo-noticia-padrao\"><p class=\"antetitulo mb-0\"><\/p><p class=\"titulo mb-2\">Associa\u00e7\u00f5es can\u00e1bicas e o Pr\u00e1xis Itinerante realizam curso na UEL sobre o uso medicinal da cannabis para humanos e animais<\/p><p class=\"descricao\">Debatendo o sistema endocanabinoide, o curso \u201cEntre a planta e o corpo\u201d, acontece nos dias 2 e 3 de dezembro Clara Borbalan* O curso \u201cEntre a planta e o corpo: Sistema Endocanabinoide: maconha &amp; cannabis e suas aplica\u00e7\u00f5es em humanos e animais\u201d, ser\u00e1 ministrado na UEL nos dias 02 e 03 de dezembro pela Associa\u00e7\u00e3o [&hellip;]<\/p><\/article><\/a><div class=\"clearfix\" style=\"width: 100%;\"><\/div><a href=\"https:\/\/sites.uel.br\/proex\/posts\" class=\"mt-4 noticias-recentes_todas\">Ver mais<\/a><\/div><\/div>\n\n\n\n<div class=\"wp-block-uel-card\">\n<h3 class=\"wp-block-heading is-style-highlighted-heading\">EDITAIS<\/h3>\n\n\n\n<hr class=\"wp-block-separator has-text-color has-alpha-channel-opacity has-background is-style-wide\" style=\"background-color:#4d4d4d66;color:#4d4d4d66\"\/>\n\n\n<div class=\"editais-block\"><div class=\"col-md-4\"><a href=\"https:\/\/sites.uel.br\/proex\/categoria-edital\/programa-projeto-de-extensao\/\" rel=\"tag\">Projetos de Extens\u00e3o<\/a><a class=\"editais-block__item-block\" href=\"https:\/\/sites.uel.br\/proex\/wp-content\/uploads\/2026\/04\/EDITAL-PROEX-102-2026-NAPI-Lutas-\u2013-Iniciacao-extensionista-\u2013-Resultado-provisorio-Assinado.pdf\"><div class=\"editais-block__titulo\"><span>Edital PROEX 102\/2026<\/span><\/div><div class=\"editais-block__resumo\"><span>A Pr\u00f3-Reitoria de Extens\u00e3o, Cultura e Sociedade, considerando a Processo de Inexibilidade de  Chamada P\u00fablica \u2013 PI 22\/2025 da Secretaria de  Ci\u00eancia, Tecnologia e Ensino Superior do  Paran\u00e1 (SETI) e da Funda\u00e7\u00e3o Arauc\u00e1ria de Apoio ao Desenvolvimento Cient\u00edfico e Tecnol\u00f3gico do Paran\u00e1 (FA),tornam p\u00fablico o presente Edital de resultado provis\u00f3rio  para atua\u00e7\u00e3o no Projeto de Extens\u00e3o CORPO EM MOVIMENTO: FORMA\u00c7\u00c3O CIDAD\u00c3 EM REDE POR MEIO DE LUTAS CORPORAIS<\/span><\/div><div class=\"editais-block__publicado\"><span>2 dias atr\u00e1s<\/span><\/div><\/a><\/div><div class=\"col-md-4\"><a href=\"https:\/\/sites.uel.br\/proex\/categoria-edital\/programa-projeto-de-extensao\/\" rel=\"tag\">Projetos de Extens\u00e3o<\/a><a class=\"editais-block__item-block\" href=\"https:\/\/sites.uel.br\/proex\/wp-content\/uploads\/2026\/04\/EDITAL-PROEX-101-2026-HUTEC-\u2013-Formacao-continuada-Psi-e-Assist.-Social-\u2013-Graduacao-Servico-Social-\u2013-Convocacao-para-entrevista-Assinado.pdf\"><div class=\"editais-block__titulo\"><span>Edital PROEX 101\/2026<\/span><\/div><div class=\"editais-block__resumo\"><span>A Pr\u00f3-Reitoria de Extens\u00e3o, Cultura e Sociedade da Universidade Estadual de Londrina torna p\u00fablica a rela\u00e7\u00e3o das inscri\u00e7\u00f5es homologadas e convoca\u00e7\u00e3o para entrevista para sele\u00e7\u00e3o de Bolsistas Estudantes de Gradua\u00e7\u00e3o e de P\u00f3s-gradua\u00e7\u00e3o para atua\u00e7\u00e3o no Projeto &quot;Forma\u00e7\u00e3o continuada multiprofissional de Psic\u00f3logos e Assistentes Sociais na Rede Estadual de Educa\u00e7\u00e3o do Paran\u00e1&quot;.<\/span><\/div><div class=\"editais-block__publicado\"><span>3 dias atr\u00e1s<\/span><\/div><\/a><\/div><div class=\"col-md-4\"><a href=\"https:\/\/sites.uel.br\/proex\/categoria-edital\/programa-projeto-de-extensao\/\" rel=\"tag\">Projetos de Extens\u00e3o<\/a><a class=\"editais-block__item-block\" href=\"https:\/\/sites.uel.br\/proex\/wp-content\/uploads\/2026\/04\/EDITAL-PROEX-100-2026-BILINGUAL-CITIES-\u2013-Assai-\u2013-Resultado-Assinado.pdf\"><div class=\"editais-block__titulo\"><span>Edital PROEX 100\/2026<\/span><\/div><div class=\"editais-block__resumo\"><span>A Pr\u00f3-Reitoria de Extens\u00e3o, Cultura e Sociedade da Universidade Estadual de Londrina (UEL) e a Coordena\u00e7\u00e3o do Projeto de Extens\u00e3o \u201cBILINGUAL CITIES: CURR\u00cdCULOS, PR\u00c1TICAS EEDUCA\u00c7\u00c3O DE PROFESSORES PARA ESCOLAS BI\/MULTILINGUE  P\u00daBLICAS DE L\u00cdNGUAS DE PREST\u00cdGIO&quot; com Conv\u00eanio estabelecido coma Secretaria Municipal de Assa\u00ed, tornam p\u00fablico RESULTADO de sele\u00e7\u00e3o de  bolsistas &#8211; Categoria profissionais graduados &#8211; para atua\u00e7\u00e3o por tempo determinado conforme abertura no edital  PROEX N\u00ba 077\/2026. <\/span><\/div><div class=\"editais-block__publicado\"><span>3 dias atr\u00e1s<\/span><\/div><\/a><\/div><div class=\"col-md-4\"><a href=\"https:\/\/sites.uel.br\/proex\/categoria-edital\/programa-projeto-de-extensao\/\" rel=\"tag\">Projetos de Extens\u00e3o<\/a><a class=\"editais-block__item-block\" href=\"https:\/\/sites.uel.br\/proex\/wp-content\/uploads\/2026\/04\/EDITAL-PROEX-099-2026-NEDDIJ-Advogada-Resultado-Assinado-1.pdf\"><div class=\"editais-block__titulo\"><span>Edital PROEX 099\/2026<\/span><\/div><div class=\"editais-block__resumo\"><span>A Pr\u00f3-Reitoria de Extens\u00e3o, Cultura e Sociedade da Universidade Estadual de Londrina e a  Coordena\u00e7\u00e3o do Projeto \u201cN\u00facleo de Estudos e Defesa de Direitos da Inf\u00e2ncia e da Juventude \u2013 NEDDIJ\u201d, TORNAM P\u00daBLICO o resultado da sele\u00e7\u00e3o aberta por meio do Edital Proex\/UEL n\u00ba 065\/2026 e NEDDIJ\/UEL n\u00ba 005\/2026 &#8211; sele\u00e7\u00e3o de uma (01) Profissional Graduada em Direito \u2013 Advogada -para atuar como bolsista extensionista de forma tempor\u00e1ria no NEDDIJ.<\/span><\/div><div class=\"editais-block__publicado\"><span>3 dias atr\u00e1s<\/span><\/div><\/a><\/div><div class=\"clearfix\" style=\"width: 100%;\"><\/div><a href=\"https:\/\/sites.uel.br\/proex\/editais\/\" class=\"mt-4 editais__todas\">Ver mais<\/a><\/div><\/div>\n<\/div>\n\n\n\n<div class=\"wp-block-column is-layout-flow wp-block-column-is-layout-flow\" style=\"flex-basis:25%\">\n<div class=\"gcse-search\"><\/div>\n\n\n\n<div class=\"wp-block-buttons is-layout-flex wp-block-buttons-is-layout-flex\">\n<div class=\"wp-block-button has-custom-width wp-block-button__width-100 is-style-outline is-style-outline--1\"><a class=\"wp-block-button__link has-white-color has-text-color has-background has-medium-font-size has-custom-font-size wp-element-button\" href=\"https:\/\/sites.uel.br\/proex\/mapa-de-extensao\/\" style=\"border-radius:0px;background-color:#02753c\" target=\"_blank\" rel=\"noreferrer noopener\">Mapa da Extens\u00e3o<\/a><\/div>\n\n\n\n<div class=\"wp-block-button has-custom-width wp-block-button__width-100 is-style-outline is-style-outline--2\"><a class=\"wp-block-button__link has-white-color has-text-color has-background has-medium-font-size has-custom-font-size wp-element-button\" href=\"https:\/\/www.sistemasweb.uel.br\/index.php?contents=system\/insc\/index.php\" style=\"border-radius:0px;background-color:#02753c\">Sistema de Eventos (SIGEC)<\/a><\/div>\n\n\n\n<div class=\"wp-block-button has-custom-width wp-block-button__width-100 is-style-outline is-style-outline--3\"><a class=\"wp-block-button__link has-white-color has-text-color has-background has-medium-font-size has-custom-font-size wp-element-button\" href=\"https:\/\/www.sistemasweb.uel.br\/index.php?contents=system\/prj\/gp\/index.php\" style=\"border-radius:0px;background-color:#02753c\">Sistema de Projetos (SICAP)<\/a><\/div>\n\n\n\n<div class=\"wp-block-button has-custom-width wp-block-button__width-100 is-style-outline is-style-outline--4\"><a class=\"wp-block-button__link has-white-color has-text-color has-background has-medium-font-size has-custom-font-size wp-element-button\" href=\"https:\/\/www.sistemasweb.uel.br\/?contents=system\/prj\/index.php\" style=\"border-radius:0px;background-color:#02753c\">Certificados \/ Declara\u00e7\u00f5es<\/a><\/div>\n\n\n\n<div class=\"wp-block-button has-custom-width wp-block-button__width-100 is-style-outline is-style-outline--5\"><a class=\"wp-block-button__link has-white-color has-text-color has-background has-medium-font-size has-custom-font-size wp-element-button\" href=\"https:\/\/sistemas.uel.br\/portaldodocente\" style=\"border-radius:0px;background-color:#02753c\">Portal do Docente<\/a><\/div>\n\n\n\n<div class=\"wp-block-button has-custom-width wp-block-button__width-100 is-style-outline is-style-outline--6\"><a class=\"wp-block-button__link has-white-color has-text-color has-background has-medium-font-size has-custom-font-size wp-element-button\" href=\"https:\/\/sistemas.uel.br\/portaldoestudante\" style=\"border-radius:0px;background-color:#02753c\">Portal do Estudante de Gradua\u00e7\u00e3o<\/a><\/div>\n\n\n\n<div class=\"wp-block-button has-custom-width wp-block-button__width-100 is-style-outline is-style-outline--7\"><a class=\"wp-block-button__link has-white-color has-text-color has-background has-medium-font-size has-custom-font-size wp-element-button\" href=\"https:\/\/sistemas.uel.br\/portaldepos\" style=\"border-radius:0px;background-color:#02753c\">Portal do Estudante de P\u00f3s-Gradua\u00e7\u00e3o<\/a><\/div>\n\n\n\n<div class=\"wp-block-button has-custom-width wp-block-button__width-100 is-style-outline is-style-outline--8\"><a class=\"wp-block-button__link has-white-color has-text-color has-background has-medium-font-size has-custom-font-size wp-element-button\" href=\"https:\/\/sites.uel.br\/portal-do-egresso\/\" style=\"border-radius:0px;background-color:#02753c\" target=\"_blank\" rel=\"noreferrer noopener\">Portal do Egresso<\/a><\/div>\n<\/div>\n\n\n\n<div style=\"height:10px\" aria-hidden=\"true\" class=\"wp-block-spacer\"><\/div>\n\n\n<div class=\"wp-block-image\">\n<figure class=\"aligncenter size-full is-resized\"><a href=\"https:\/\/sites.uel.br\/proex\/feirinha-da-cidadania\/\"><img loading=\"lazy\" decoding=\"async\" width=\"150\" height=\"65\" src=\"https:\/\/sites.uel.br\/proex\/wp-content\/uploads\/2022\/12\/logo_final_feira_rgb_pq.jpg\" alt=\"\" class=\"wp-image-56\" style=\"width:250px;height:108px\"\/><\/a><\/figure>\n<\/div>\n\n\n<figure class=\"wp-block-image size-large\"><a href=\"https:\/\/operobal.uel.br\/tag\/uel-contra-o-racismo\/\"><img loading=\"lazy\" decoding=\"async\" width=\"1024\" height=\"576\" src=\"https:\/\/sites.uel.br\/proex\/wp-content\/uploads\/2023\/10\/campanha-1024x576.png\" alt=\"\" class=\"wp-image-3298\" srcset=\"https:\/\/sites.uel.br\/proex\/wp-content\/uploads\/2023\/10\/campanha-1024x576.png 1024w, https:\/\/sites.uel.br\/proex\/wp-content\/uploads\/2023\/10\/campanha-300x169.png 300w, https:\/\/sites.uel.br\/proex\/wp-content\/uploads\/2023\/10\/campanha-768x432.png 768w, https:\/\/sites.uel.br\/proex\/wp-content\/uploads\/2023\/10\/campanha-1536x864.png 1536w, https:\/\/sites.uel.br\/proex\/wp-content\/uploads\/2023\/10\/campanha-2048x1152.png 2048w\" sizes=\"auto, (max-width: 1024px) 100vw, 1024px\" \/><\/a><\/figure>\n<\/div>\n<\/div>\n","protected":false},"excerpt":{"rendered":"","protected":false},"author":2,"featured_media":0,"parent":0,"menu_order":0,"comment_status":"closed","ping_status":"closed","template":"","meta":{"_acf_changed":false,"_themeisle_gutenberg_block_has_review":false,"footnotes":""},"class_list":["post-5","page","type-page","status-publish","hentry"],"acf":[],"_links":{"self":[{"href":"https:\/\/sites.uel.br\/proex\/wp-json\/wp\/v2\/pages\/5","targetHints":{"allow":["GET"]}}],"collection":[{"href":"https:\/\/sites.uel.br\/proex\/wp-json\/wp\/v2\/pages"}],"about":[{"href":"https:\/\/sites.uel.br\/proex\/wp-json\/wp\/v2\/types\/page"}],"author":[{"embeddable":true,"href":"https:\/\/sites.uel.br\/proex\/wp-json\/wp\/v2\/users\/2"}],"replies":[{"embeddable":true,"href":"https:\/\/sites.uel.br\/proex\/wp-json\/wp\/v2\/comments?post=5"}],"version-history":[{"count":28,"href":"https:\/\/sites.uel.br\/proex\/wp-json\/wp\/v2\/pages\/5\/revisions"}],"predecessor-version":[{"id":6652,"href":"https:\/\/sites.uel.br\/proex\/wp-json\/wp\/v2\/pages\/5\/revisions\/6652"}],"wp:attachment":[{"href":"https:\/\/sites.uel.br\/proex\/wp-json\/wp\/v2\/media?parent=5"}],"curies":[{"name":"wp","href":"https:\/\/api.w.org\/{rel}","templated":true}]}}