{"id":461,"date":"2023-02-24T10:14:11","date_gmt":"2023-02-24T13:14:11","guid":{"rendered":"https:\/\/sites.uel.br\/proex\/?page_id=461"},"modified":"2024-12-12T14:36:23","modified_gmt":"2024-12-12T17:36:23","slug":"sobre-a-pro-reitoria","status":"publish","type":"page","link":"https:\/\/sites.uel.br\/proex\/apresentacao\/sobre-a-pro-reitoria\/","title":{"rendered":"Sobre a Pr\u00f3-Reitoria"},"content":{"rendered":"\n<hr class=\"wp-block-separator has-alpha-channel-opacity is-style-wide\"\/>\n\n\n\n<p>A Pr\u00f3-Reitoria de Extens\u00e3o, Cultura e Sociedade (PROEX) \u00e9 respons\u00e1vel pelo impulsionamento, planejamento e execu\u00e7\u00e3o das atividades de extens\u00e3o, das a\u00e7\u00f5es culturais e pela rela\u00e7\u00e3o da UEL com a sociedade.<\/p>\n\n\n\n<p>A PROEX coordena os programas e projetos de extens\u00e3o da universidade, os projetos de presta\u00e7\u00e3o de servi\u00e7os, o trabalho volunt\u00e1rio, o curso preparat\u00f3rio para o vestibular da UEL, parte das a\u00e7\u00f5es culturais em parceria com a Casa de Cultura e auxilia na organiza\u00e7\u00e3o de cursos e eventos de extens\u00e3o.<\/p>\n\n\n\n<p>Destacam-se as Diretorias de Cursos e Eventos (Respons\u00e1vel pelo gerenciamento dos recursos financeiros dos projetos de cursos e eventos, promovendo sua integra\u00e7\u00e3o comunit\u00e1ria) e de Programas e Projetos (Respons\u00e1vel pela coordena\u00e7\u00e3o das a\u00e7\u00f5es direcionadas ao apoio na elabora\u00e7\u00e3o, tramita\u00e7\u00e3o, cadastro e acompanhamento das atividades vinculadas \u00e0 projetos, programas, bolsas, presta\u00e7\u00e3o de servi\u00e7os).<\/p>\n\n\n\n<p>S\u00e3o Cursos, Eventos, Projetos e Programas de extens\u00e3o nas mais diversas \u00e1reas tem\u00e1ticas (Comunica\u00e7\u00e3o, Cultura, Direitos Humanos e Justi\u00e7a, Educa\u00e7\u00e3o, Meio Ambiente, Tecnologia e Produ\u00e7\u00e3o e Trabalho) que levam a comunidade a expertise de servidores, estudantes de gradua\u00e7\u00e3o e p\u00f3s-gradua\u00e7\u00e3o e estimulam o desenvolvimento humano por meio da constru\u00e7\u00e3o conjunta e dial\u00f3gica de novos saberes que transformam a realidade da comunidade e subsidiam a transforma\u00e7\u00e3o da pr\u00f3pria Universidade.<\/p>\n\n\n\n<p>Os Objetivos do Desenvolvimento Sustent\u00e1vel (ODS) que s\u00e3o um apelo global \u00e0 a\u00e7\u00e3o para acabar com a pobreza, proteger o meio ambiente e o clima e garantir que as pessoas, em todos os lugares, possam desfrutar de paz e de prosperidade, fazem parte das a\u00e7\u00f5es da PROEX em que s\u00e3o os objetivos para os quais as Na\u00e7\u00f5es Unidas est\u00e3o contribuindo a fim de que possamos atingir a Agenda 2030 no Brasil.<\/p>\n\n\n\n<p>As a\u00e7\u00f5es do Curso Especial Pr\u00e9-Vestibular tamb\u00e9m s\u00e3o de responsabilidade da PROEX que proporciona o acesso de estudantes ao Cursinho e aumenta as possibilidades de ingresso dos estudantes no Vestibular&nbsp;da&nbsp;UEL.<\/p>\n\n\n\n<figure class=\"wp-block-image size-large is-resized\"><img loading=\"lazy\" decoding=\"async\" width=\"1024\" height=\"768\" src=\"https:\/\/sites.uel.br\/proex\/wp-content\/uploads\/2024\/12\/fachada-PROEX-1-1024x768.png\" alt=\"\" class=\"wp-image-5225\" style=\"width:985px;height:auto\" srcset=\"https:\/\/sites.uel.br\/proex\/wp-content\/uploads\/2024\/12\/fachada-PROEX-1-1024x768.png 1024w, https:\/\/sites.uel.br\/proex\/wp-content\/uploads\/2024\/12\/fachada-PROEX-1-300x225.png 300w, https:\/\/sites.uel.br\/proex\/wp-content\/uploads\/2024\/12\/fachada-PROEX-1-768x576.png 768w, https:\/\/sites.uel.br\/proex\/wp-content\/uploads\/2024\/12\/fachada-PROEX-1-1536x1152.png 1536w, https:\/\/sites.uel.br\/proex\/wp-content\/uploads\/2024\/12\/fachada-PROEX-1-2048x1536.png 2048w\" sizes=\"auto, (max-width: 1024px) 100vw, 1024px\" \/><\/figure>\n","protected":false},"excerpt":{"rendered":"<p>A Pr\u00f3-Reitoria de Extens\u00e3o, Cultura e Sociedade (PROEX) \u00e9 respons\u00e1vel pelo impulsionamento, planejamento e execu\u00e7\u00e3o das atividades de extens\u00e3o, das a\u00e7\u00f5es culturais e pela rela\u00e7\u00e3o da UEL com a sociedade. A PROEX coordena os programas e projetos de extens\u00e3o da universidade, os projetos de presta\u00e7\u00e3o de servi\u00e7os, o trabalho volunt\u00e1rio, o curso preparat\u00f3rio para o [&hellip;]<\/p>\n","protected":false},"author":8,"featured_media":0,"parent":25,"menu_order":0,"comment_status":"closed","ping_status":"closed","template":"","meta":{"_acf_changed":false,"_themeisle_gutenberg_block_has_review":false,"footnotes":""},"class_list":["post-461","page","type-page","status-publish","hentry"],"acf":[],"_links":{"self":[{"href":"https:\/\/sites.uel.br\/proex\/wp-json\/wp\/v2\/pages\/461","targetHints":{"allow":["GET"]}}],"collection":[{"href":"https:\/\/sites.uel.br\/proex\/wp-json\/wp\/v2\/pages"}],"about":[{"href":"https:\/\/sites.uel.br\/proex\/wp-json\/wp\/v2\/types\/page"}],"author":[{"embeddable":true,"href":"https:\/\/sites.uel.br\/proex\/wp-json\/wp\/v2\/users\/8"}],"replies":[{"embeddable":true,"href":"https:\/\/sites.uel.br\/proex\/wp-json\/wp\/v2\/comments?post=461"}],"version-history":[{"count":9,"href":"https:\/\/sites.uel.br\/proex\/wp-json\/wp\/v2\/pages\/461\/revisions"}],"predecessor-version":[{"id":5227,"href":"https:\/\/sites.uel.br\/proex\/wp-json\/wp\/v2\/pages\/461\/revisions\/5227"}],"up":[{"embeddable":true,"href":"https:\/\/sites.uel.br\/proex\/wp-json\/wp\/v2\/pages\/25"}],"wp:attachment":[{"href":"https:\/\/sites.uel.br\/proex\/wp-json\/wp\/v2\/media?parent=461"}],"curies":[{"name":"wp","href":"https:\/\/api.w.org\/{rel}","templated":true}]}}