{"id":398,"date":"2023-01-27T17:03:31","date_gmt":"2023-01-27T20:03:31","guid":{"rendered":"https:\/\/sites.uel.br\/proex\/?page_id=398"},"modified":"2026-03-30T16:11:18","modified_gmt":"2026-03-30T19:11:18","slug":"servico-voluntario-2","status":"publish","type":"page","link":"https:\/\/sites.uel.br\/proex\/servico-voluntario-2\/","title":{"rendered":"Servi\u00e7o voluntario"},"content":{"rendered":"\n<hr class=\"wp-block-separator has-alpha-channel-opacity is-style-wide\"\/>\n\n\n\n<h3 class=\"wp-block-heading\"><strong>R<\/strong>esolu\u00e7\u00e3o e formul\u00e1rios do servi\u00e7o volunt\u00e1rio<\/h3>\n\n\n\n<div style=\"height:26px\" aria-hidden=\"true\" class=\"wp-block-spacer\"><\/div>\n\n\n\n<ol style=\"list-style-type:1\" class=\"wp-block-list\">\n<li>Ficha de inscri\u00e7\u00e3o (anexo a &#8211; resolu\u00e7\u00e3o ca n\u00b0 0122\/2010), termo de ades\u00e3o (anexo b &#8211; resolu\u00e7\u00e3o ca n\u00b0 0122\/2010) e relat\u00f3rio (anexo c &#8211; resolu\u00e7\u00e3o ca n\u00b0 0122\/2010) est\u00e3o dispon\u00edveis abaixo para download.<\/li>\n\n\n\n<li>O edital de abertura de vagas dever\u00e1 ser publicado na p\u00e1gina da pr\u00f3-retoria de extens\u00e3o na internet, com no m\u00ednimo, 7 (sete) dias de anteced\u00eancia do in\u00edcio das inscri\u00e7\u00f5es.<\/li>\n\n\n\n<li>O prestador de servi\u00e7o volunt\u00e1rio iniciar\u00e1 sua atua\u00e7\u00e3o, somente ap\u00f3s a aprova\u00e7\u00e3o da dire\u00e7\u00e3o da pr\u00f3-reitoria de extens\u00e3o e assinatura do termo de ades\u00e3o.<\/li>\n<\/ol>\n\n\n\n<p><strong>Obs: a ficha de inscri\u00e7\u00e3o e o termo de ades\u00e3o, depois de preenchidos, dever\u00e3o ser encaminhados via&nbsp;E-protocolo.<\/strong><\/p>\n\n\n\n<figure class=\"wp-block-table is-style-stripes\"><table><tbody><tr><td><a href=\"https:\/\/sites.uel.br\/proex\/wp-content\/uploads\/2026\/03\/Edital_001-2026_Servico_Voluntario_HU-AEHU_assinado.pdf\">Edital Servi\u00e7o Social 001\/2026<\/a><\/td><\/tr><tr><td><a href=\"https:\/\/sites.uel.br\/proex\/wp-content\/uploads\/2026\/03\/Edital-Voluntariado-Odonto-HU-UEL.pdf\">Edital Odontologia 001\/2026<\/a><\/td><\/tr><tr><td><a href=\"https:\/\/sites.uel.br\/proex\/wp-content\/uploads\/2023\/05\/resolucao-psv-atual.pdf\" data-type=\"URL\" data-id=\"https:\/\/sites.uel.br\/proex\/wp-content\/uploads\/2023\/05\/resolucao-psv-atual.pdf\" target=\"_blank\" rel=\"noreferrer noopener\">Resolu\u00e7\u00e3o CA n\u00b0 0122\/2010 &#8211; Regulamenta o Servi\u00e7o Volunt\u00e1rio na UEL<\/a><\/td><\/tr><tr><td><a href=\"https:\/\/sites.uel.br\/proex\/wp-content\/uploads\/2025\/09\/ficha-inscricaotermo-de-adesao-psv.doc\">Ficha de inscri\u00e7\u00e3o no Servi\u00e7o Volunt\u00e1rio e Termo de ades\u00e3o<\/a><\/td><\/tr><tr><td><a href=\"https:\/\/sites.uel.br\/proex\/wp-content\/uploads\/2023\/05\/relatorio-emissao-certificados-psv.doc\" data-type=\"URL\" data-id=\"https:\/\/sites.uel.br\/proex\/wp-content\/uploads\/2023\/05\/relatorio-emissao-certificados-psv.doc\" target=\"_blank\" rel=\"noreferrer noopener\">Relat\u00f3rio para emiss\u00e3o de certificados<\/a><\/td><\/tr><tr><td><a href=\"https:\/\/sites.uel.br\/proex\/wp-content\/uploads\/2023\/05\/modelo-edital-psv.doc\" data-type=\"URL\" data-id=\"https:\/\/sites.uel.br\/proex\/wp-content\/uploads\/2023\/05\/modelo-edital-psv.doc\" target=\"_blank\" rel=\"noreferrer noopener\">Modelo de edital para Prestador de Servi\u00e7o Volunt\u00e1rio<\/a><\/td><\/tr><\/tbody><\/table><\/figure>\n\n\n\n<p><\/p>\n","protected":false},"excerpt":{"rendered":"<p>Resolu\u00e7\u00e3o e formul\u00e1rios do servi\u00e7o volunt\u00e1rio Obs: a ficha de inscri\u00e7\u00e3o e o termo de ades\u00e3o, depois de preenchidos, dever\u00e3o ser encaminhados via&nbsp;E-protocolo. Edital Servi\u00e7o Social 001\/2026 Edital Odontologia 001\/2026 Resolu\u00e7\u00e3o CA n\u00b0 0122\/2010 &#8211; Regulamenta o Servi\u00e7o Volunt\u00e1rio na UEL Ficha de inscri\u00e7\u00e3o no Servi\u00e7o Volunt\u00e1rio e Termo de ades\u00e3o Relat\u00f3rio para emiss\u00e3o de [&hellip;]<\/p>\n","protected":false},"author":8,"featured_media":0,"parent":0,"menu_order":0,"comment_status":"closed","ping_status":"closed","template":"","meta":{"_acf_changed":false,"_themeisle_gutenberg_block_has_review":false,"footnotes":""},"class_list":["post-398","page","type-page","status-publish","hentry"],"acf":[],"_links":{"self":[{"href":"https:\/\/sites.uel.br\/proex\/wp-json\/wp\/v2\/pages\/398","targetHints":{"allow":["GET"]}}],"collection":[{"href":"https:\/\/sites.uel.br\/proex\/wp-json\/wp\/v2\/pages"}],"about":[{"href":"https:\/\/sites.uel.br\/proex\/wp-json\/wp\/v2\/types\/page"}],"author":[{"embeddable":true,"href":"https:\/\/sites.uel.br\/proex\/wp-json\/wp\/v2\/users\/8"}],"replies":[{"embeddable":true,"href":"https:\/\/sites.uel.br\/proex\/wp-json\/wp\/v2\/comments?post=398"}],"version-history":[{"count":20,"href":"https:\/\/sites.uel.br\/proex\/wp-json\/wp\/v2\/pages\/398\/revisions"}],"predecessor-version":[{"id":7919,"href":"https:\/\/sites.uel.br\/proex\/wp-json\/wp\/v2\/pages\/398\/revisions\/7919"}],"wp:attachment":[{"href":"https:\/\/sites.uel.br\/proex\/wp-json\/wp\/v2\/media?parent=398"}],"curies":[{"name":"wp","href":"https:\/\/api.w.org\/{rel}","templated":true}]}}