{"id":3909,"date":"2024-04-24T15:29:11","date_gmt":"2024-04-24T18:29:11","guid":{"rendered":"https:\/\/sites.uel.br\/proex\/?page_id=3909"},"modified":"2024-04-25T10:26:10","modified_gmt":"2024-04-25T13:26:10","slug":"rondon-parana","status":"publish","type":"page","link":"https:\/\/sites.uel.br\/proex\/rondon-parana\/","title":{"rendered":"RONDON PARAN\u00c1"},"content":{"rendered":"\n<p>A Opera\u00e7\u00e3o Rondon Paran\u00e1 2023 aconteceu entre os dias 10 a 22 de outubro foi encerrada ap\u00f3s dez dias de atividades extensionistas, que atenderam quase 15 mil pessoas de sete munic\u00edpios paranaenses. Ao todo, participaram 150 estudantes volunt\u00e1rios e 28 professores das sete universidades estaduais, que reuniram alunos de gradua\u00e7\u00e3o e p\u00f3s-gradua\u00e7\u00e3o de 27 cursos de diversas \u00e1reas de conhecimento.<\/p>\n\n\n\n<p>A equipe da UEL, composta por dez alunos e dois professores, promoveu a\u00e7\u00f5es em Guaratuba, no litoral do estado. A equipe foi respons\u00e1vel por oficinas direcionadas para as popula\u00e7\u00f5es vulner\u00e1veis sobre temas relacionadas \u00e0 produ\u00e7\u00e3o de alimentos, artesanato, varejo, comunica\u00e7\u00e3o, marketing e meio ambiente.<\/p>\n\n\n\n<p>Semelhante ao Projeto Rondon, do Governo Federal e coordenado pelo Minist\u00e9rio da Defesa, a vers\u00e3o paranaense tem como objetivo complementar a forma\u00e7\u00e3o profissional dos universit\u00e1rios, com foco em temas da atualidade, como responsabilidade social e sustentabilidade. A inten\u00e7\u00e3o \u00e9 atuar em cidades com baixo \u00cdndice de Desenvolvimento Humano (IDH) do estado, com a\u00e7\u00f5es extensionistas para melhorar a qualidade de vida da popula\u00e7\u00e3o das regi\u00f5es.<\/p>\n\n\n\n<div class=\"wp-block-columns is-layout-flex wp-container-core-columns-is-layout-9d6595d7 wp-block-columns-is-layout-flex\">\n<div class=\"wp-block-column is-layout-flow wp-block-column-is-layout-flow\" style=\"flex-basis:100%\">\n<figure class=\"wp-block-gallery has-nested-images columns-default is-cropped wp-block-gallery-1 is-layout-flex wp-block-gallery-is-layout-flex\">\n<figure class=\"wp-block-image size-large\"><img loading=\"lazy\" decoding=\"async\" width=\"900\" height=\"675\" data-id=\"3912\" src=\"https:\/\/sites.uel.br\/proex\/wp-content\/uploads\/2024\/04\/RONDON-2023-1-edited.jpeg\" alt=\"\" class=\"wp-image-3912\" srcset=\"https:\/\/sites.uel.br\/proex\/wp-content\/uploads\/2024\/04\/RONDON-2023-1-edited.jpeg 900w, https:\/\/sites.uel.br\/proex\/wp-content\/uploads\/2024\/04\/RONDON-2023-1-edited-300x225.jpeg 300w, https:\/\/sites.uel.br\/proex\/wp-content\/uploads\/2024\/04\/RONDON-2023-1-edited-768x576.jpeg 768w\" sizes=\"auto, (max-width: 900px) 100vw, 900px\" \/><\/figure>\n<\/figure>\n<\/div>\n<\/div>\n\n\n\n<div class=\"wp-block-group\"><div class=\"wp-block-group__inner-container is-layout-constrained wp-block-group-is-layout-constrained\">\n<div class=\"wp-block-columns is-layout-flex wp-container-core-columns-is-layout-9d6595d7 wp-block-columns-is-layout-flex\">\n<div class=\"wp-block-column is-layout-flow wp-block-column-is-layout-flow\" style=\"flex-basis:100%\">\n<figure class=\"wp-block-gallery has-nested-images columns-default is-cropped wp-block-gallery-2 is-layout-flex wp-block-gallery-is-layout-flex\">\n<figure class=\"wp-block-image size-large\"><img loading=\"lazy\" decoding=\"async\" width=\"1024\" height=\"576\" data-id=\"3918\" src=\"https:\/\/sites.uel.br\/proex\/wp-content\/uploads\/2024\/04\/RONDON-2023-3-edited.jpeg\" alt=\"\" class=\"wp-image-3918\" srcset=\"https:\/\/sites.uel.br\/proex\/wp-content\/uploads\/2024\/04\/RONDON-2023-3-edited.jpeg 1024w, https:\/\/sites.uel.br\/proex\/wp-content\/uploads\/2024\/04\/RONDON-2023-3-edited-300x169.jpeg 300w, https:\/\/sites.uel.br\/proex\/wp-content\/uploads\/2024\/04\/RONDON-2023-3-edited-768x432.jpeg 768w\" sizes=\"auto, (max-width: 1024px) 100vw, 1024px\" \/><\/figure>\n<\/figure>\n<\/div>\n<\/div>\n<\/div><\/div>\n\n\n\n<div class=\"wp-block-group\"><div class=\"wp-block-group__inner-container is-layout-constrained wp-block-group-is-layout-constrained\">\n<div class=\"wp-block-columns is-layout-flex wp-container-core-columns-is-layout-9d6595d7 wp-block-columns-is-layout-flex\">\n<div class=\"wp-block-column is-layout-flow wp-block-column-is-layout-flow\">\n<figure class=\"wp-block-image size-full is-resized\"><img loading=\"lazy\" decoding=\"async\" width=\"768\" height=\"512\" src=\"https:\/\/sites.uel.br\/proex\/wp-content\/uploads\/2024\/04\/RONDON-2023-5-edited.jpeg\" alt=\"\" class=\"wp-image-3914\" style=\"width:508px;height:auto\" srcset=\"https:\/\/sites.uel.br\/proex\/wp-content\/uploads\/2024\/04\/RONDON-2023-5-edited.jpeg 768w, https:\/\/sites.uel.br\/proex\/wp-content\/uploads\/2024\/04\/RONDON-2023-5-edited-300x200.jpeg 300w\" sizes=\"auto, (max-width: 768px) 100vw, 768px\" \/><\/figure>\n<\/div>\n\n\n\n<div class=\"wp-block-column is-layout-flow wp-block-column-is-layout-flow\">\n<figure class=\"wp-block-image size-large is-resized\"><img loading=\"lazy\" decoding=\"async\" width=\"887\" height=\"591\" src=\"https:\/\/sites.uel.br\/proex\/wp-content\/uploads\/2024\/04\/image-edited.jpeg\" alt=\"O atributo alt desta imagem est\u00e1 vazio. O nome do arquivo \u00e9 RONDON-2023-7-edited.jpeg\" class=\"wp-image-3925\" style=\"width:513px;height:auto\" srcset=\"https:\/\/sites.uel.br\/proex\/wp-content\/uploads\/2024\/04\/image-edited.jpeg 887w, https:\/\/sites.uel.br\/proex\/wp-content\/uploads\/2024\/04\/image-edited-300x200.jpeg 300w, https:\/\/sites.uel.br\/proex\/wp-content\/uploads\/2024\/04\/image-edited-768x512.jpeg 768w\" sizes=\"auto, (max-width: 887px) 100vw, 887px\" \/><\/figure>\n<\/div>\n<\/div>\n<\/div><\/div>\n","protected":false},"excerpt":{"rendered":"<p>A Opera\u00e7\u00e3o Rondon Paran\u00e1 2023 aconteceu entre os dias 10 a 22 de outubro foi encerrada ap\u00f3s dez dias de atividades extensionistas, que atenderam quase 15 mil pessoas de sete munic\u00edpios paranaenses. Ao todo, participaram 150 estudantes volunt\u00e1rios e 28 professores das sete universidades estaduais, que reuniram alunos de gradua\u00e7\u00e3o e p\u00f3s-gradua\u00e7\u00e3o de 27 cursos [&hellip;]<\/p>\n","protected":false},"author":9,"featured_media":0,"parent":0,"menu_order":0,"comment_status":"closed","ping_status":"closed","template":"","meta":{"_acf_changed":false,"_themeisle_gutenberg_block_has_review":false,"footnotes":""},"class_list":["post-3909","page","type-page","status-publish","hentry"],"acf":[],"_links":{"self":[{"href":"https:\/\/sites.uel.br\/proex\/wp-json\/wp\/v2\/pages\/3909","targetHints":{"allow":["GET"]}}],"collection":[{"href":"https:\/\/sites.uel.br\/proex\/wp-json\/wp\/v2\/pages"}],"about":[{"href":"https:\/\/sites.uel.br\/proex\/wp-json\/wp\/v2\/types\/page"}],"author":[{"embeddable":true,"href":"https:\/\/sites.uel.br\/proex\/wp-json\/wp\/v2\/users\/9"}],"replies":[{"embeddable":true,"href":"https:\/\/sites.uel.br\/proex\/wp-json\/wp\/v2\/comments?post=3909"}],"version-history":[{"count":8,"href":"https:\/\/sites.uel.br\/proex\/wp-json\/wp\/v2\/pages\/3909\/revisions"}],"predecessor-version":[{"id":3930,"href":"https:\/\/sites.uel.br\/proex\/wp-json\/wp\/v2\/pages\/3909\/revisions\/3930"}],"wp:attachment":[{"href":"https:\/\/sites.uel.br\/proex\/wp-json\/wp\/v2\/media?parent=3909"}],"curies":[{"name":"wp","href":"https:\/\/api.w.org\/{rel}","templated":true}]}}