{"id":3244,"date":"2023-10-19T10:48:15","date_gmt":"2023-10-19T13:48:15","guid":{"rendered":"https:\/\/sites.uel.br\/proex\/?page_id=3244"},"modified":"2023-10-19T14:27:11","modified_gmt":"2023-10-19T17:27:11","slug":"lista-telefonica","status":"publish","type":"page","link":"https:\/\/sites.uel.br\/proex\/lista-telefonica\/","title":{"rendered":"Lista Telef\u00f4nica"},"content":{"rendered":"\n<div style=\"height:10px\" aria-hidden=\"true\" class=\"wp-block-spacer\"><\/div>\n\n\n\n<div class=\"wp-block-columns is-layout-flex wp-container-core-columns-is-layout-9d6595d7 wp-block-columns-is-layout-flex\">\n<div class=\"wp-block-column is-layout-flow wp-block-column-is-layout-flow\">\n<p><strong>Pr\u00f3-Reitoria<\/strong><\/p>\n\n\n\n<p>Secretaria<\/p>\n\n\n\n<p>E-mail<\/p>\n\n\n\n<p>FAX<\/p>\n\n\n\n<div style=\"height:10px\" aria-hidden=\"true\" class=\"wp-block-spacer\"><\/div>\n\n\n\n<p><strong>Diretoria de Planejamento e Apoio T\u00e9cnico<\/strong><\/p>\n\n\n\n<p>Divis\u00e3o de Projetos<\/p>\n\n\n\n<p>Se\u00e7\u00e3o de Apoio T\u00e9cnico<\/p>\n\n\n\n<p>Divis\u00e3o de Eventos<\/p>\n\n\n\n<p>Se\u00e7\u00e3o de Produ\u00e7\u00e3o<\/p>\n\n\n\n<p>Se\u00e7\u00e3o Administrativa<\/p>\n\n\n\n<div style=\"height:10px\" aria-hidden=\"true\" class=\"wp-block-spacer\"><\/div>\n\n\n\n<p><strong>Diretoria de Acompanhamento Administrativo<\/strong><\/p>\n\n\n\n<p>Divis\u00e3o de Integra\u00e7\u00e3o Comunit\u00e1ria<\/p>\n\n\n\n<p>e-mail<\/p>\n\n\n\n<p>Se\u00e7\u00e3o Divulga\u00e7\u00e3o<\/p>\n\n\n\n<p>Divis\u00e3o de Apoio aos Projetos<\/p>\n\n\n\n<p>Se\u00e7\u00e3o Administrativa Financeira<\/p>\n\n\n\n<div style=\"height:10px\" aria-hidden=\"true\" class=\"wp-block-spacer\"><\/div>\n\n\n\n<p><strong>Programa de Desenvolvimento Educacional (PDE)<\/strong><\/p>\n\n\n\n<p>e-mail<\/p>\n<\/div>\n\n\n\n<div class=\"wp-block-column is-layout-flow wp-block-column-is-layout-flow\">\n<p><strong>3371-4402<\/strong><\/p>\n\n\n\n<p>3371-4512<\/p>\n\n\n\n<p>proex@uel.br<\/p>\n\n\n\n<p>3371-4182<\/p>\n\n\n\n<div style=\"height:10px\" aria-hidden=\"true\" class=\"wp-block-spacer\"><\/div>\n\n\n\n<p><strong>3371-4422<\/strong><\/p>\n\n\n\n<p>3371-4442 \/ 3371-4572<\/p>\n\n\n\n<p>3371-4172<\/p>\n\n\n\n<p>3371-4532 \/ 3371-4700<\/p>\n\n\n\n<p>3371-4532<\/p>\n\n\n\n<p>3371-4221<\/p>\n\n\n\n<div style=\"height:10px\" aria-hidden=\"true\" class=\"wp-block-spacer\"><\/div>\n\n\n\n<p><strong>3371-4432<\/strong><\/p>\n\n\n\n<p>3371-4592<\/p>\n\n\n\n<p>dic@uel.br<\/p>\n\n\n\n<p>3371-4175<\/p>\n\n\n\n<p>3371-4412<\/p>\n\n\n\n<p>3371-4173<\/p>\n\n\n\n<div style=\"height:10px\" aria-hidden=\"true\" class=\"wp-block-spacer\"><\/div>\n\n\n\n<p><strong>3371-5680 \/ 3371-5681<\/strong><\/p>\n\n\n\n<p>pde@uel.br<\/p>\n<\/div>\n<\/div>\n\n\n\n<p><\/p>\n","protected":false},"excerpt":{"rendered":"<p>Pr\u00f3-Reitoria Secretaria E-mail FAX Diretoria de Planejamento e Apoio T\u00e9cnico Divis\u00e3o de Projetos Se\u00e7\u00e3o de Apoio T\u00e9cnico Divis\u00e3o de Eventos Se\u00e7\u00e3o de Produ\u00e7\u00e3o Se\u00e7\u00e3o Administrativa Diretoria de Acompanhamento Administrativo Divis\u00e3o de Integra\u00e7\u00e3o Comunit\u00e1ria e-mail Se\u00e7\u00e3o Divulga\u00e7\u00e3o Divis\u00e3o de Apoio aos Projetos Se\u00e7\u00e3o Administrativa Financeira Programa de Desenvolvimento Educacional (PDE) e-mail 3371-4402 3371-4512 proex@uel.br 3371-4182 3371-4422 [&hellip;]<\/p>\n","protected":false},"author":14,"featured_media":0,"parent":0,"menu_order":0,"comment_status":"closed","ping_status":"closed","template":"","meta":{"_acf_changed":false,"_themeisle_gutenberg_block_has_review":false,"footnotes":""},"class_list":["post-3244","page","type-page","status-publish","hentry"],"acf":[],"_links":{"self":[{"href":"https:\/\/sites.uel.br\/proex\/wp-json\/wp\/v2\/pages\/3244","targetHints":{"allow":["GET"]}}],"collection":[{"href":"https:\/\/sites.uel.br\/proex\/wp-json\/wp\/v2\/pages"}],"about":[{"href":"https:\/\/sites.uel.br\/proex\/wp-json\/wp\/v2\/types\/page"}],"author":[{"embeddable":true,"href":"https:\/\/sites.uel.br\/proex\/wp-json\/wp\/v2\/users\/14"}],"replies":[{"embeddable":true,"href":"https:\/\/sites.uel.br\/proex\/wp-json\/wp\/v2\/comments?post=3244"}],"version-history":[{"count":4,"href":"https:\/\/sites.uel.br\/proex\/wp-json\/wp\/v2\/pages\/3244\/revisions"}],"predecessor-version":[{"id":3249,"href":"https:\/\/sites.uel.br\/proex\/wp-json\/wp\/v2\/pages\/3244\/revisions\/3249"}],"wp:attachment":[{"href":"https:\/\/sites.uel.br\/proex\/wp-json\/wp\/v2\/media?parent=3244"}],"curies":[{"name":"wp","href":"https:\/\/api.w.org\/{rel}","templated":true}]}}