{"id":73,"date":"2022-10-05T10:45:00","date_gmt":"2022-10-05T13:45:00","guid":{"rendered":"https:\/\/sites.uel.br\/proensino\/?page_id=73"},"modified":"2026-03-19T14:08:58","modified_gmt":"2026-03-19T17:08:58","slug":"anais","status":"publish","type":"page","link":"https:\/\/sites.uel.br\/proensino\/anais\/","title":{"rendered":"Anais"},"content":{"rendered":"\n<hr class=\"wp-block-separator has-alpha-channel-opacity is-style-wide\" \/>\n\n\n\n<p><strong>Para conhecer a edi\u00e7\u00e3o atual:<\/strong><\/p>\n\n\n\n<p><a href=\"https:\/\/sites.uel.br\/proensino\/anais-vii-pro-ensino-prograd-2025\/\">ANAIS VII PR\u00d3-ENSINO PROGRAD (2025)<\/a><\/p>\n\n\n\n<div style=\"height:30px\" aria-hidden=\"true\" class=\"wp-block-spacer\"><\/div>\n\n\n\n<p><strong>Para conhecer as edi\u00e7\u00f5es anteriores:<\/strong><\/p>\n\n\n\n<p><a href=\"https:\/\/sites.uel.br\/proensino\/anais-vi-pro-ensino-prograd-2024\/\">ANAIS VI PR\u00d3-ENSINO PROGRAD (2024)<\/a><\/p>\n\n\n\n<p><a href=\"https:\/\/sites.uel.br\/proensino\/anais-v-pro-ensino-prograd-2023\/\">ANAIS V PR\u00d3-ENSINO PROGRAD (2023)<\/a><\/p>\n\n\n\n<p><a href=\"https:\/\/sites.uel.br\/proensino\/anais-iv-pro-ensino-prograd-2022\/\">ANAIS IV PR\u00d3-ENSINO PROGRAD (2022)<\/a><\/p>\n\n\n\n<p><a href=\"https:\/\/sites.uel.br\/proensino\/anais-iii-pro-ensino-prograd-2021\/\">ANAIS III PR\u00d3-ENSINO PROGRAD (2021)<\/a><\/p>\n\n\n\n<p><a href=\"https:\/\/sites.uel.br\/proensino\/anais-ii-pro-ensino-prograd-2020\/\">ANAIS II PR\u00d3-ENSINO PROGRAD (2020)<\/a><\/p>\n\n\n\n<p><a href=\"https:\/\/sites.uel.br\/proensino\/anais-1o-pro-ensino-prograd-2019\/\">ANAIS 1\u00ba PR\u00d3-ENSINO PROGRAD (2019)<\/a><\/p>\n","protected":false},"excerpt":{"rendered":"<p>Para conhecer a edi\u00e7\u00e3o atual: ANAIS VII PR\u00d3-ENSINO PROGRAD (2025) Para conhecer as edi\u00e7\u00f5es anteriores: ANAIS VI PR\u00d3-ENSINO PROGRAD (2024) ANAIS V PR\u00d3-ENSINO PROGRAD (2023) ANAIS IV PR\u00d3-ENSINO PROGRAD (2022) ANAIS III PR\u00d3-ENSINO PROGRAD (2021) ANAIS II PR\u00d3-ENSINO PROGRAD (2020) ANAIS 1\u00ba PR\u00d3-ENSINO PROGRAD (2019)<\/p>\n","protected":false},"author":6,"featured_media":0,"parent":0,"menu_order":0,"comment_status":"closed","ping_status":"closed","template":"","meta":{"_themeisle_gutenberg_block_has_review":false,"footnotes":""},"class_list":["post-73","page","type-page","status-publish","hentry"],"acf":[],"_links":{"self":[{"href":"https:\/\/sites.uel.br\/proensino\/wp-json\/wp\/v2\/pages\/73","targetHints":{"allow":["GET"]}}],"collection":[{"href":"https:\/\/sites.uel.br\/proensino\/wp-json\/wp\/v2\/pages"}],"about":[{"href":"https:\/\/sites.uel.br\/proensino\/wp-json\/wp\/v2\/types\/page"}],"author":[{"embeddable":true,"href":"https:\/\/sites.uel.br\/proensino\/wp-json\/wp\/v2\/users\/6"}],"replies":[{"embeddable":true,"href":"https:\/\/sites.uel.br\/proensino\/wp-json\/wp\/v2\/comments?post=73"}],"version-history":[{"count":26,"href":"https:\/\/sites.uel.br\/proensino\/wp-json\/wp\/v2\/pages\/73\/revisions"}],"predecessor-version":[{"id":2105,"href":"https:\/\/sites.uel.br\/proensino\/wp-json\/wp\/v2\/pages\/73\/revisions\/2105"}],"wp:attachment":[{"href":"https:\/\/sites.uel.br\/proensino\/wp-json\/wp\/v2\/media?parent=73"}],"curies":[{"name":"wp","href":"https:\/\/api.w.org\/{rel}","templated":true}]}}