{"id":196,"date":"2022-10-05T15:25:06","date_gmt":"2022-10-05T18:25:06","guid":{"rendered":"https:\/\/sites.uel.br\/proensino\/?page_id=196"},"modified":"2024-01-26T13:03:44","modified_gmt":"2024-01-26T16:03:44","slug":"anais-iii-pro-ensino-prograd-2021","status":"publish","type":"page","link":"https:\/\/sites.uel.br\/proensino\/anais-iii-pro-ensino-prograd-2021\/","title":{"rendered":"<strong>ANAIS III PR\u00d3-ENSINO PROGRAD<\/strong> (2021)"},"content":{"rendered":"\n<hr class=\"wp-block-separator has-alpha-channel-opacity is-style-wide\" \/>\n\n\n\n<p>A terceira edi\u00e7\u00e3o do III Pr\u00f3-Ensino: Mostra Anual de Atividades de Ensino da UEL ocorreu mais uma vez no formato remoto, em meio \u00e0 pandemia da Covid-19, nos dias 18 e 19 de novembro de 2021, contando com 215 apresenta\u00e7\u00f5es de trabalhos, e totalizando 420 participantes.<\/p>\n\n\n\n<p>O III Pr\u00f3-Ensino teve o objetivo de fortalecer e valorizar as a\u00e7\u00f5es voltadas ao ensino da gradua\u00e7\u00e3o, apresentando a diversidade de temas e trabalhos desenvolvidos na \u00e1rea do ensino na UEL. Dessa forma, o evento foi um momento de compartilhamento do coletivo de professores, estudantes e equipe t\u00e9cnica quanto aos resultados de pesquisas e experi\u00eancias pedag\u00f3gicas decorrentes dos Programas de Forma\u00e7\u00e3o Complementar, Projetos de Pesquisa em Ensino, Resid\u00eancia Pedag\u00f3gica, PIBID, PET, Empresas Juniores al\u00e9m de outros, vinculados aos Colegiados de Curso de Gradua\u00e7\u00e3o e, ainda, do N\u00facleo de Acessibilidade da UEL.<\/p>\n\n\n\n<p>Assim, apresentamos os Anais do III Pr\u00f3-Ensino: Mostra Anual de Atividades de Ensino da UEL e esperamos que essa publica\u00e7\u00e3o permita \u00e0 comunidade universit\u00e1ria uma rica e significativa aproxima\u00e7\u00e3o \u00e0 produ\u00e7\u00e3o da Gradua\u00e7\u00e3o na UEL. Uma boa leitura!<\/p>\n\n\n\n<p>Profa. Dra. Marta Regina Gimenez Favaro<br>Pr\u00f3-Reitora de Gradua\u00e7\u00e3o \u2013 UEL<br>Coordenadora Geral do Evento<\/p>\n\n\n\n<p>ISSN: 2763-5732<\/p>\n\n\n\n<p>Expediente:<\/p>\n\n\n\n<p>Autores (orgs.):<\/p>\n\n\n\n<p>Profa. Dra. Marta Regina Gimenez Favaro<br>Profa. Dra. Maria Elisa Wotzasek Cestari<br>Profa. Dra. Ana M\u00e1rcia Fernandes Tucci de Carvalho<br>Profa. Dra. Jamile Carla Baptista<br>Ms. Fabiano Ferrari Ribeiro<\/p>\n\n\n\n<p>Periodicidade:<\/p>\n\n\n\n<p>Anual<\/p>\n\n\n\n<p>Respons\u00e1vel pela publica\u00e7\u00e3o:<\/p>\n\n\n\n<p>Universidade Estadual de Londrina<br>Pr\u00f3-Reitoria de Gradua\u00e7\u00e3o<br>Rodovia Celso Garcia Cid | Pr 445 Km 380 | Campus Universit\u00e1rio<br>Cx. Postal 10.011 | CEP 86.057-970 | Londrina &#8211; PR<\/p>\n\n\n\n<p>Edi\u00e7\u00e3o anterior:<\/p>\n\n\n\n<p>n. 3 (2021): Anais do III Pr\u00f3-Ensino<br>Acesse: <a rel=\"noreferrer noopener\" href=\"http:\/\/anais.uel.br\/portal\/index.php\/proensino\/issue\/view\/38\" target=\"_blank\"><strong>http:\/\/anais.uel.br\/portal\/index.php\/proensino\/issue\/view\/38<\/strong><\/a><\/p>\n\n\n\n<p>Obs: de acordo com as normas do evento, as publica\u00e7\u00f5es nos Anais devem atender aos seguintes&nbsp;requisitos: inscri\u00e7\u00e3o realizada e taxa paga, trabalho submetido, contempla\u00e7\u00e3o das normas de apresenta\u00e7\u00e3o, trabalho aceito e apresenta\u00e7\u00e3o por um dos autores.<\/p>\n","protected":false},"excerpt":{"rendered":"<p>A terceira edi\u00e7\u00e3o do III Pr\u00f3-Ensino: Mostra Anual de Atividades de Ensino da UEL ocorreu mais uma vez no formato remoto, em meio \u00e0 pandemia da Covid-19, nos dias 18 e 19 de novembro de 2021, contando com 215 apresenta\u00e7\u00f5es de trabalhos, e totalizando 420 participantes. O III Pr\u00f3-Ensino teve o objetivo de fortalecer e [&hellip;]<\/p>\n","protected":false},"author":6,"featured_media":0,"parent":0,"menu_order":0,"comment_status":"closed","ping_status":"closed","template":"","meta":{"_themeisle_gutenberg_block_has_review":false,"footnotes":""},"class_list":["post-196","page","type-page","status-publish","hentry"],"acf":[],"_links":{"self":[{"href":"https:\/\/sites.uel.br\/proensino\/wp-json\/wp\/v2\/pages\/196","targetHints":{"allow":["GET"]}}],"collection":[{"href":"https:\/\/sites.uel.br\/proensino\/wp-json\/wp\/v2\/pages"}],"about":[{"href":"https:\/\/sites.uel.br\/proensino\/wp-json\/wp\/v2\/types\/page"}],"author":[{"embeddable":true,"href":"https:\/\/sites.uel.br\/proensino\/wp-json\/wp\/v2\/users\/6"}],"replies":[{"embeddable":true,"href":"https:\/\/sites.uel.br\/proensino\/wp-json\/wp\/v2\/comments?post=196"}],"version-history":[{"count":12,"href":"https:\/\/sites.uel.br\/proensino\/wp-json\/wp\/v2\/pages\/196\/revisions"}],"predecessor-version":[{"id":1135,"href":"https:\/\/sites.uel.br\/proensino\/wp-json\/wp\/v2\/pages\/196\/revisions\/1135"}],"wp:attachment":[{"href":"https:\/\/sites.uel.br\/proensino\/wp-json\/wp\/v2\/media?parent=196"}],"curies":[{"name":"wp","href":"https:\/\/api.w.org\/{rel}","templated":true}]}}