{"id":1921,"date":"2025-10-31T12:42:46","date_gmt":"2025-10-31T15:42:46","guid":{"rendered":"https:\/\/sites.uel.br\/proensino\/?page_id=1921"},"modified":"2025-11-24T09:50:29","modified_gmt":"2025-11-24T12:50:29","slug":"apresentacao-dos-trabalhos-trabalhos-nao-aceitos-2025","status":"publish","type":"page","link":"https:\/\/sites.uel.br\/proensino\/apresentacao-dos-trabalhos-trabalhos-nao-aceitos-2025\/","title":{"rendered":"Apresenta\u00e7\u00e3o dos Trabalhos (Trabalhos N\u00e3o Aceitos)"},"content":{"rendered":"\n<hr class=\"wp-block-separator has-alpha-channel-opacity is-style-wide\" \/>\n\n\n\n<p><\/p>\n\n\n\n<p class=\"has-text-align-center has-background\" style=\"background-color:#d1a799\"><strong><strong>TRABALHOS N\u00c3O ACEITOS<\/strong><\/strong><\/p>\n\n\n\n<p class=\"has-text-align-center\">Rela\u00e7\u00e3o dos trabalhos <strong>N\u00c3O<\/strong> aprovados, estando em desacordo com as Normas de Apresenta\u00e7\u00e3o: <br><a href=\"https:\/\/sites.uel.br\/proensino\/normas-de-apresentacao\/\">https:\/\/sites.uel.br\/proensino\/normas-de-apresentacao\/<\/a><\/p>\n\n\n\n<div id=\"wp-block-themeisle-blocks-accordion-157619ee\" class=\"wp-block-themeisle-blocks-accordion exclusive\">\n<details class=\"wp-block-themeisle-blocks-accordion-item\"><summary class=\"wp-block-themeisle-blocks-accordion-item__title\"><div><strong>CI\u00caNCIAS EXATAS<\/strong><\/div><\/summary><div class=\"wp-block-themeisle-blocks-accordion-item__content\">\n<p><strong>1) RELATO DE REG\u00caNCIA: O ENSINO DE RAZ\u00d5ES TRIGONOM\u00c9TRICAS NO TRI\u00c2NGULO RET\u00c2NGULO POR MEIO DA EDUCA\u00c7\u00c3O MATEM\u00c1TICA REAL\u00cdSTICA E DA RESOLU\u00c7\u00c3O DE PROBLEMAS<\/strong><br>ROBERTA CHIARAMONTE<\/p>\n<\/div><\/details>\n\n\n\n<details class=\"wp-block-themeisle-blocks-accordion-item\"><summary class=\"wp-block-themeisle-blocks-accordion-item__title\"><div><strong>EDUCA\u00c7\u00c3O<\/strong><\/div><\/summary><div class=\"wp-block-themeisle-blocks-accordion-item__content\">\n<p><strong>1) A LUDICIDADE COMO EIXO FORMATIVO NAS EXPERI\u00caNCIAS DO PIBID NA EDUCA\u00c7\u00c3O INFANTIL<\/strong><br>ANA FL\u00c1VIA APARECIDA BANDEIRA, ZULEIKA APARECIDA CLARO PIASSA<\/p>\n\n\n\n<p><strong>2) A\u00c7\u00c3O NO ENSINO DE CI\u00caNCIAS: OFICINAS PR\u00c1TICAS PARA O 6\u00ba ANO DO ENSINO FUNDAMENTAL<\/strong><br>GABRIELI APARECIDA DA SILVA MACIEL, STEFFANY LETICIA BARBOSA, LA\u00cdS CABRAL DA CUNHA, T\u00c2NIA APARECIDA DA SILVA<\/p>\n\n\n\n<p><strong>3) ENTRE A TEORIA E A PR\u00c1TICA: CONTRIBUI\u00c7\u00d5ES DO PIBID PARA A FORMA\u00c7\u00c3O INICIAL DE PROFESSORES DE MATEM\u00c1TICA<\/strong><br>GABRIELA GUARIDO BERGAMIN<\/p>\n<\/div><\/details>\n\n\n\n<details class=\"wp-block-themeisle-blocks-accordion-item\"><summary class=\"wp-block-themeisle-blocks-accordion-item__title\"><div><strong>SA\u00daDE<\/strong><\/div><\/summary><div class=\"wp-block-themeisle-blocks-accordion-item__content\">\n<p><strong>1) CONTRIBUI\u00c7\u00d5ES PEDAG\u00d3GICAS DE LIVROS DID\u00c1TICOS INTERATIVOS NO APRENDIZADO EM RADIOLOGIA ODONTOL\u00d3GICA<\/strong><br>SANDRO MELO DE OLIVEIRA<\/p>\n\n\n\n<p><strong>2) OFICINAS SOBRE O TABAGISMO: UMA REFLEX\u00c3O ACERCA DOS RISCOS E IMPACTOS PARA OS ADOLESCENTES<\/strong><br>LU\u00cdSA SEGUIN RABELO, STEFANI GIOVANA DA SILVA, ANDREIA DE FREITAS ZOMPERO<\/p>\n<\/div><\/details>\n<\/div>\n\n\n\n<p class=\"has-text-align-center\"><\/p>\n","protected":false},"excerpt":{"rendered":"<p>TRABALHOS N\u00c3O ACEITOS Rela\u00e7\u00e3o dos trabalhos N\u00c3O aprovados, estando em desacordo com as Normas de Apresenta\u00e7\u00e3o: https:\/\/sites.uel.br\/proensino\/normas-de-apresentacao\/<\/p>\n","protected":false},"author":6,"featured_media":0,"parent":0,"menu_order":0,"comment_status":"closed","ping_status":"closed","template":"","meta":{"_themeisle_gutenberg_block_has_review":false,"footnotes":""},"class_list":["post-1921","page","type-page","status-publish","hentry"],"acf":[],"_links":{"self":[{"href":"https:\/\/sites.uel.br\/proensino\/wp-json\/wp\/v2\/pages\/1921","targetHints":{"allow":["GET"]}}],"collection":[{"href":"https:\/\/sites.uel.br\/proensino\/wp-json\/wp\/v2\/pages"}],"about":[{"href":"https:\/\/sites.uel.br\/proensino\/wp-json\/wp\/v2\/types\/page"}],"author":[{"embeddable":true,"href":"https:\/\/sites.uel.br\/proensino\/wp-json\/wp\/v2\/users\/6"}],"replies":[{"embeddable":true,"href":"https:\/\/sites.uel.br\/proensino\/wp-json\/wp\/v2\/comments?post=1921"}],"version-history":[{"count":6,"href":"https:\/\/sites.uel.br\/proensino\/wp-json\/wp\/v2\/pages\/1921\/revisions"}],"predecessor-version":[{"id":2089,"href":"https:\/\/sites.uel.br\/proensino\/wp-json\/wp\/v2\/pages\/1921\/revisions\/2089"}],"wp:attachment":[{"href":"https:\/\/sites.uel.br\/proensino\/wp-json\/wp\/v2\/media?parent=1921"}],"curies":[{"name":"wp","href":"https:\/\/api.w.org\/{rel}","templated":true}]}}