{"id":407,"date":"2023-09-19T14:51:24","date_gmt":"2023-09-19T17:51:24","guid":{"rendered":"https:\/\/sites.uel.br\/proaf\/?page_id=407"},"modified":"2026-04-10T09:28:49","modified_gmt":"2026-04-10T12:28:49","slug":"imposto-de-renda","status":"publish","type":"page","link":"https:\/\/sites.uel.br\/proaf\/imposto-de-renda\/","title":{"rendered":"Passagens \u00e1reas"},"content":{"rendered":"\n<p><\/p>\n\n\n\n<p><strong><a href=\"https:\/\/sites.uel.br\/proaf\/wp-content\/uploads\/2026\/04\/Contrato-Administrativo-229-26-25.519.462-3-PE-513-25-DECON-Passagens-Aereas-Le-Soleil-Turismo-assinado-e-publicado.pdf\">Contrato Administrativo n\u00ba 229\/2026 &#8211; agenciamento de passagens a\u00e9reas<\/a><\/strong><\/p>\n\n\n\n<p><\/p>\n\n\n\n<p><strong><a href=\"https:\/\/sites.uel.br\/proaf\/wp-content\/uploads\/2026\/04\/Instrucao-de-Servico-PROAF-no-001-26-Procedimentos-para-aquisicao-de-passagens-aereas-assinada.pdf\">Instru\u00e7\u00e3o de Servi\u00e7o PROAF n\u00ba 001\/2026 &#8211; Procedimentos para aquisi\u00e7\u00e3o de passagens a\u00e9reas<\/a><\/strong><\/p>\n\n\n\n<p><\/p>\n\n\n\n<p><strong><a href=\"https:\/\/sites.uel.br\/proaf\/wp-content\/uploads\/2026\/04\/Comunicado-001-2026-DETO-Orientacao-Contratacao-Agencia-verificacao-de-tarifas-de-passagens-aereas.pdf\">Comunicado 001\/2026 DETO &#8211;\u00a0Orienta\u00e7\u00e3o Contrata\u00e7\u00e3o Ag\u00eancia (verifica\u00e7\u00e3o de tarifas de passagens a\u00e9reas)<\/a><\/strong><\/p>\n\n\n\n<p><\/p>\n\n\n\n<p><strong><a href=\"https:\/\/sites.uel.br\/proaf\/wp-content\/uploads\/2026\/04\/Comunicado-003-2026-DETO-Orientacoes-quanto-ao-faturamento-e-retencao-de-IRRF-PE-513-2025-ANEXO.pdf\">Comunicado 003\/2026 DETO &#8211; Orienta\u00e7\u00f5es quanto ao faturamento e reten\u00e7\u00e3o de IRRF &#8211; PE 513-2025<\/a><\/strong><\/p>\n\n\n\n<p><\/p>\n\n\n\n<p><strong>Link para acessar Roteiro Interativo, explicando passo a passo para opera\u00e7\u00e3o&nbsp;do Sistema de Reservas WTS :<\/strong><\/p>\n\n\n\n<p><a href=\"https:\/\/prezi.com\/view\/RKPjXGQuxvHrGx7SP7w4\/\">https:\/\/prezi.com\/view\/RKPjXGQuxvHrGx7SP7w4\/<\/a><\/p>\n\n\n\n<p><\/p>\n\n\n\n<p><\/p>\n","protected":false},"excerpt":{"rendered":"<p>Contrato Administrativo n\u00ba 229\/2026 &#8211; agenciamento de passagens a\u00e9reas Instru\u00e7\u00e3o de Servi\u00e7o PROAF n\u00ba 001\/2026 &#8211; Procedimentos para aquisi\u00e7\u00e3o de passagens a\u00e9reas Comunicado 001\/2026 DETO &#8211;\u00a0Orienta\u00e7\u00e3o Contrata\u00e7\u00e3o Ag\u00eancia (verifica\u00e7\u00e3o de tarifas de passagens a\u00e9reas) Comunicado 003\/2026 DETO &#8211; Orienta\u00e7\u00f5es quanto ao faturamento e reten\u00e7\u00e3o de IRRF &#8211; PE 513-2025 Link para acessar Roteiro Interativo, explicando [&hellip;]<\/p>\n","protected":false},"author":11,"featured_media":0,"parent":0,"menu_order":0,"comment_status":"closed","ping_status":"closed","template":"","meta":{"_acf_changed":false,"_themeisle_gutenberg_block_has_review":false,"footnotes":""},"class_list":["post-407","page","type-page","status-publish","hentry"],"acf":[],"_links":{"self":[{"href":"https:\/\/sites.uel.br\/proaf\/wp-json\/wp\/v2\/pages\/407","targetHints":{"allow":["GET"]}}],"collection":[{"href":"https:\/\/sites.uel.br\/proaf\/wp-json\/wp\/v2\/pages"}],"about":[{"href":"https:\/\/sites.uel.br\/proaf\/wp-json\/wp\/v2\/types\/page"}],"author":[{"embeddable":true,"href":"https:\/\/sites.uel.br\/proaf\/wp-json\/wp\/v2\/users\/11"}],"replies":[{"embeddable":true,"href":"https:\/\/sites.uel.br\/proaf\/wp-json\/wp\/v2\/comments?post=407"}],"version-history":[{"count":18,"href":"https:\/\/sites.uel.br\/proaf\/wp-json\/wp\/v2\/pages\/407\/revisions"}],"predecessor-version":[{"id":951,"href":"https:\/\/sites.uel.br\/proaf\/wp-json\/wp\/v2\/pages\/407\/revisions\/951"}],"wp:attachment":[{"href":"https:\/\/sites.uel.br\/proaf\/wp-json\/wp\/v2\/media?parent=407"}],"curies":[{"name":"wp","href":"https:\/\/api.w.org\/{rel}","templated":true}]}}