{"id":263,"date":"2023-07-03T10:49:09","date_gmt":"2023-07-03T13:49:09","guid":{"rendered":"https:\/\/sites.uel.br\/proaf\/?page_id=263"},"modified":"2023-09-29T16:27:39","modified_gmt":"2023-09-29T19:27:39","slug":"galeria-de-pro-reitores","status":"publish","type":"page","link":"https:\/\/sites.uel.br\/proaf\/galeria-de-pro-reitores\/","title":{"rendered":"Galeria de Pr\u00f3-Reitores"},"content":{"rendered":"\n<div style=\"height:20px\" aria-hidden=\"true\" class=\"wp-block-spacer\"><\/div>\n\n\n\n<div class=\"wp-block-columns is-layout-flex wp-container-core-columns-is-layout-9d6595d7 wp-block-columns-is-layout-flex\">\n<div class=\"wp-block-column is-layout-flow wp-block-column-is-layout-flow\">\n<p style=\"font-size:25px\"><strong>2018-2023 &#8211; Azenil Staviski<\/strong><\/p>\n\n\n\n<p><strong>2014-2018 <\/strong>&#8211; Lu\u00eds Fernando Pinto Dias<\/p>\n\n\n\n<p><strong>2010-2014<\/strong> &#8211; Hideaki Wilson Takahashi<\/p>\n\n\n\n<p><strong>2010-2010<\/strong> &#8211; Kosey Tamayose<\/p>\n\n\n\n<p><strong>2006-2010<\/strong> &#8211; \u00c9sio de P\u00e1dua Fonseca<\/p>\n\n\n\n<p><strong>2004-2006<\/strong> &#8211; Moacyr Eur\u00edpedes Medri<\/p>\n\n\n\n<p><strong>2002-2004<\/strong> &#8211; Lu\u00eds Fernando Pinto Dias<\/p>\n\n\n\n<p><strong>2001-2002<\/strong> &#8211; Di\u00f3gebes Balbimo Kuhl Lima<\/p>\n\n\n\n<p><strong>2001-2001<\/strong> &#8211; Aylton Paulus J\u00fanior<\/p>\n<\/div>\n\n\n\n<div class=\"wp-block-column is-layout-flow wp-block-column-is-layout-flow\">\n<p><strong>1997-2001 <\/strong>&#8211; Aristeu Pereira de Carvalho<\/p>\n\n\n\n<p><strong>1994-1997<\/strong> &#8211; Ismael Mologni<\/p>\n\n\n\n<p><strong>1989-1994<\/strong> &#8211; Luiz Pelarice<\/p>\n\n\n\n<p><strong>1986-1989 <\/strong>&#8211; Jackson Proen\u00e7a Testa<\/p>\n\n\n\n<p><strong>1982-1986<\/strong> &#8211; Water Okano<\/p>\n\n\n\n<p><strong>1981-1982<\/strong> &#8211; Hildefonso Peres Soler<\/p>\n\n\n\n<p><strong>1979-1981 <\/strong>&#8211; Jo\u00e3o Gilberto Martins<\/p>\n\n\n\n<p><strong>1972-1979<\/strong> &#8211; Antonio Bacarin<\/p>\n\n\n\n<p><strong>1971-1972<\/strong> &#8211; Fernando Lacueva Vallospi<\/p>\n<\/div>\n<\/div>\n","protected":false},"excerpt":{"rendered":"<p>2018-2023 &#8211; Azenil Staviski 2014-2018 &#8211; Lu\u00eds Fernando Pinto Dias 2010-2014 &#8211; Hideaki Wilson Takahashi 2010-2010 &#8211; Kosey Tamayose 2006-2010 &#8211; \u00c9sio de P\u00e1dua Fonseca 2004-2006 &#8211; Moacyr Eur\u00edpedes Medri 2002-2004 &#8211; Lu\u00eds Fernando Pinto Dias 2001-2002 &#8211; Di\u00f3gebes Balbimo Kuhl Lima 2001-2001 &#8211; Aylton Paulus J\u00fanior 1997-2001 &#8211; Aristeu Pereira de Carvalho 1994-1997 &#8211; [&hellip;]<\/p>\n","protected":false},"author":12,"featured_media":0,"parent":0,"menu_order":0,"comment_status":"closed","ping_status":"closed","template":"","meta":{"_acf_changed":false,"_themeisle_gutenberg_block_has_review":false,"footnotes":""},"class_list":["post-263","page","type-page","status-publish","hentry"],"acf":[],"_links":{"self":[{"href":"https:\/\/sites.uel.br\/proaf\/wp-json\/wp\/v2\/pages\/263","targetHints":{"allow":["GET"]}}],"collection":[{"href":"https:\/\/sites.uel.br\/proaf\/wp-json\/wp\/v2\/pages"}],"about":[{"href":"https:\/\/sites.uel.br\/proaf\/wp-json\/wp\/v2\/types\/page"}],"author":[{"embeddable":true,"href":"https:\/\/sites.uel.br\/proaf\/wp-json\/wp\/v2\/users\/12"}],"replies":[{"embeddable":true,"href":"https:\/\/sites.uel.br\/proaf\/wp-json\/wp\/v2\/comments?post=263"}],"version-history":[{"count":5,"href":"https:\/\/sites.uel.br\/proaf\/wp-json\/wp\/v2\/pages\/263\/revisions"}],"predecessor-version":[{"id":268,"href":"https:\/\/sites.uel.br\/proaf\/wp-json\/wp\/v2\/pages\/263\/revisions\/268"}],"wp:attachment":[{"href":"https:\/\/sites.uel.br\/proaf\/wp-json\/wp\/v2\/media?parent=263"}],"curies":[{"name":"wp","href":"https:\/\/api.w.org\/{rel}","templated":true}]}}

Galeria de Pró-Reitores

<div style="height:20px" aria-hidden="true" class="wp-block-spacer"></div>



<div class="wp-block-columns is-layout-flex wp-container-core-columns-is-layout-9d6595d7 wp-block-columns-is-layout-flex">
<div class="wp-block-column is-layout-flow wp-block-column-is-layout-flow">
<p style="font-size:25px"><strong>2018-2023 &#8211; Azenil Staviski</strong></p>



<p><strong>2014-2018 </strong>&#8211; Luís Fernando Pinto Dias</p>



<p><strong>2010-2014</strong> &#8211; Hideaki Wilson Takahashi</p>



<p><strong>2010-2010</strong> &#8211; Kosey Tamayose</p>



<p><strong>2006-2010</strong> &#8211; Ésio de Pádua Fonseca</p>



<p><strong>2004-2006</strong> &#8211; Moacyr Eurípedes Medri</p>



<p><strong>2002-2004</strong> &#8211; Luís Fernando Pinto Dias</p>



<p><strong>2001-2002</strong> &#8211; Diógebes Balbimo Kuhl Lima</p>



<p><strong>2001-2001</strong> &#8211; Aylton Paulus Júnior</p>
</div>



<div class="wp-block-column is-layout-flow wp-block-column-is-layout-flow">
<p><strong>1997-2001 </strong>&#8211; Aristeu Pereira de Carvalho</p>



<p><strong>1994-1997</strong> &#8211; Ismael Mologni</p>



<p><strong>1989-1994</strong> &#8211; Luiz Pelarice</p>



<p><strong>1986-1989 </strong>&#8211; Jackson Proença Testa</p>



<p><strong>1982-1986</strong> &#8211; Water Okano</p>



<p><strong>1981-1982</strong> &#8211; Hildefonso Peres Soler</p>



<p><strong>1979-1981 </strong>&#8211; João Gilberto Martins</p>



<p><strong>1972-1979</strong> &#8211; Antonio Bacarin</p>



<p><strong>1971-1972</strong> &#8211; Fernando Lacueva Vallospi</p>
</div>
</div>

<p>2018-2023 &#8211; Azenil Staviski 2014-2018 &#8211; Luís Fernando Pinto Dias 2010-2014 &#8211; Hideaki Wilson Takahashi 2010-2010 &#8211; Kosey Tamayose 2006-2010 &#8211; Ésio de Pádua Fonseca 2004-2006 &#8211; Moacyr Eurípedes Medri 2002-2004 &#8211; Luís Fernando Pinto Dias 2001-2002 &#8211; Diógebes Balbimo Kuhl Lima 2001-2001 &#8211; Aylton Paulus Júnior 1997-2001 &#8211; Aristeu Pereira de Carvalho 1994-1997 &#8211; [&hellip;]</p>
