{"id":841,"date":"2025-06-12T09:39:46","date_gmt":"2025-06-12T12:39:46","guid":{"rendered":"https:\/\/sites.uel.br\/portaltransparencia\/?page_id=841"},"modified":"2025-06-12T09:49:07","modified_gmt":"2025-06-12T12:49:07","slug":"lgpd","status":"publish","type":"page","link":"https:\/\/sites.uel.br\/portaltransparencia\/lgpd\/","title":{"rendered":"LGPD"},"content":{"rendered":"\n<p>LEI GERAL DE PROTE\u00c7\u00c3O DE DADOS PESSOAIS<\/p>\n\n\n\n<p>Consulte a Lei 13709\/2018, clicando&nbsp;<strong><a href=\"http:\/\/www.uel.br\/portaltransparencia\/pages\/arquivos\/L13709%20-%20LEI%20GERAL%20DE%20PROTECAO%20DE%20DADOS%20PESSOAIS.pdf\" target=\"_blank\" rel=\"noreferrer noopener\">aqui<\/a>.<\/strong><\/p>\n\n\n\n<p>Encarregada pelo Tratamento dos Dados Pessoais na UEL:<\/p>\n\n\n\n<p>Profa. Dra. LISIANE FREITAS DE FREITAS<\/p>\n\n\n\n<p>Contato: (43) 3371-4311 &#8211; encarregado.lgpd@uel.br<\/p>\n\n\n\n<p>Localiza\u00e7\u00e3o: Gabinete da Reitoria<\/p>\n\n\n\n<p>Hor\u00e1rio de Atendimento: Das 8 \u00e0s 12h00 e das 14 \u00e0s 18h00<\/p>\n","protected":false},"excerpt":{"rendered":"<p>LEI GERAL DE PROTE\u00c7\u00c3O DE DADOS PESSOAIS Consulte a Lei 13709\/2018, clicando&nbsp;aqui. Encarregada pelo Tratamento dos Dados Pessoais na UEL: Profa. Dra. LISIANE FREITAS DE FREITAS Contato: (43) 3371-4311 &#8211; encarregado.lgpd@uel.br Localiza\u00e7\u00e3o: Gabinete da Reitoria Hor\u00e1rio de Atendimento: Das 8 \u00e0s 12h00 e das 14 \u00e0s 18h00<\/p>\n","protected":false},"author":6,"featured_media":0,"parent":0,"menu_order":0,"comment_status":"closed","ping_status":"closed","template":"","meta":{"footnotes":""},"class_list":["post-841","page","type-page","status-publish","hentry"],"acf":[],"_links":{"self":[{"href":"https:\/\/sites.uel.br\/portaltransparencia\/wp-json\/wp\/v2\/pages\/841","targetHints":{"allow":["GET"]}}],"collection":[{"href":"https:\/\/sites.uel.br\/portaltransparencia\/wp-json\/wp\/v2\/pages"}],"about":[{"href":"https:\/\/sites.uel.br\/portaltransparencia\/wp-json\/wp\/v2\/types\/page"}],"author":[{"embeddable":true,"href":"https:\/\/sites.uel.br\/portaltransparencia\/wp-json\/wp\/v2\/users\/6"}],"replies":[{"embeddable":true,"href":"https:\/\/sites.uel.br\/portaltransparencia\/wp-json\/wp\/v2\/comments?post=841"}],"version-history":[{"count":2,"href":"https:\/\/sites.uel.br\/portaltransparencia\/wp-json\/wp\/v2\/pages\/841\/revisions"}],"predecessor-version":[{"id":848,"href":"https:\/\/sites.uel.br\/portaltransparencia\/wp-json\/wp\/v2\/pages\/841\/revisions\/848"}],"wp:attachment":[{"href":"https:\/\/sites.uel.br\/portaltransparencia\/wp-json\/wp\/v2\/media?parent=841"}],"curies":[{"name":"wp","href":"https:\/\/api.w.org\/{rel}","templated":true}]}}