{"id":72,"date":"2023-12-05T15:22:35","date_gmt":"2023-12-05T18:22:35","guid":{"rendered":"https:\/\/sites.uel.br\/planetario\/?page_id=72"},"modified":"2025-02-20T14:03:11","modified_gmt":"2025-02-20T17:03:11","slug":"agendamento","status":"publish","type":"page","link":"https:\/\/sites.uel.br\/planetario\/agendamento\/","title":{"rendered":"Agendamento"},"content":{"rendered":"\n<p><\/p>\n\n\n\n<p class=\"has-large-font-size\"><strong><mark style=\"background-color:#ff0000;color:#ffffff\" class=\"has-inline-color\"><strong>As \u00faltimas chuvas de Londrina danificaram partes da estrutura do Planet\u00e1rio, impedindo o atendimento, portanto o agendamento est\u00e1 suspenso por tempo indeterminado.<\/strong><\/mark><\/strong><\/p>\n\n\n\n<p><strong>HOR\u00c1RIOS DISPON\u00cdVEIS:<\/strong><br> <br><strong>Manh\u00e3:<\/strong> 9h e 10h (Exceto \u00e0s Ter\u00e7as)<br><strong>Tarde:<\/strong> 14h30 e 15h30 (Segunda, Quarta e Quinta)<\/p>\n\n\n\n<p><mark style=\"background-color:#ff0000;color:#ffffff\" class=\"has-inline-color\"><strong>1\u00ba Passo<\/strong>: Agendamento pr\u00e9vio<\/mark><\/p>\n\n\n\n<p><strong>Apenas <\/strong>pelo telefone: (43) 3371 &#8211; 4804<\/p>\n\n\n\n<p><strong>FAVOR, ANOTAR O HOR\u00c1RIO AGENDADO! Se chegar no hor\u00e1rio errado <mark style=\"background-color:#ff2121;color:#ffffff\" class=\"has-inline-color\">n\u00e3o<\/mark> ser\u00e1 atendido.<\/strong><\/p>\n\n\n\n<p><mark style=\"background-color:#ff0000;color:#ffffff\" class=\"has-inline-color\"><strong>2\u00ba Passo: <\/strong>Confirma\u00e7\u00e3o do agendamento<\/mark><br><br>Para confirmar seu agendamento pr\u00e9vio, realizadado <strong>apenas<\/strong> por telefone, preencha o termo de presta\u00e7\u00e3o de servi\u00e7o <a href=\"https:\/\/www.uel.br\/cce\/mct\/planetario\/portal\/pages\/formagendamento.php\"><strong>(<\/strong><\/a><a href=\"https:\/\/forms.gle\/NSijpD3oD4Suh3tS6\" target=\"_blank\" rel=\"noreferrer noopener\"><strong>clique aqui<\/strong><\/a><a href=\"https:\/\/www.uel.br\/cce\/mct\/planetario\/portal\/pages\/formagendamento.php\"><strong>)<\/strong><\/a><strong>.<\/strong><\/p>\n\n\n\n<p><strong>O termo de presta\u00e7\u00e3o de servi\u00e7o deve ser preenchido em at\u00e9 <mark style=\"background-color:#ff0000;color:#ffffff\" class=\"has-inline-color\">UMA<\/mark> semana ap\u00f3s o agendamento por telefone. Sujeito a cancelamento. <\/strong><\/p>\n\n\n\n<p class=\"has-large-font-size\"><strong><mark style=\"background-color:#ff0000;color:#ffffff\" class=\"has-inline-color\">POR FAVOR, PREENCHA O TERMO SOMENTE AP\u00d3S REALIZAR O AGENDAMENTO POR TELEFONE.<\/mark><\/strong><\/p>\n\n\n\n<p class=\"has-medium-font-size\">Termos sem agendamento pr\u00e9vio ser\u00e3o desconsiderados.<\/p>\n\n\n\n<p><strong>Tabela de Pre\u00e7os:<\/strong><br><strong>Escolas Municipais de Londrina:<\/strong> 2 sess\u00f5es isentas.<br><strong>Escolas Municipais de outras cidades:<\/strong> R$ 70,00<br><strong>Escolas Estaduais:<\/strong> R$ 70,00<br><strong>Grupos de Idosos:<\/strong> R$ 70,00<br><strong>Escolas Particulares:<\/strong> R$ 100,00<br><strong>Outros grupos:<\/strong> R$ 100,00<\/p>\n\n\n\n<p><strong>Observa\u00e7\u00f5es: <\/strong><br>O pre\u00e7o se refere a uma sess\u00e3o com, <strong>no m\u00e1ximo<\/strong>, 40 pessoas (Entre alunos <strong>e<\/strong> professores).<br>Estes valores s\u00e3o por <strong>grupo<\/strong> e <strong>n\u00e3o<\/strong> por pessoa.<br>Resumo das sess\u00f5es dispon\u00edveis da aba &#8220;Sess\u00f5es&#8221; (<a href=\"https:\/\/sites.uel.br\/planetario\/sessoes\/\">clique aqui<\/a>)<\/p>\n","protected":false},"excerpt":{"rendered":"<p>As \u00faltimas chuvas de Londrina danificaram partes da estrutura do Planet\u00e1rio, impedindo o atendimento, portanto o agendamento est\u00e1 suspenso por tempo indeterminado. HOR\u00c1RIOS DISPON\u00cdVEIS: Manh\u00e3: 9h e 10h (Exceto \u00e0s Ter\u00e7as)Tarde: 14h30 e 15h30 (Segunda, Quarta e Quinta) 1\u00ba Passo: Agendamento pr\u00e9vio Apenas pelo telefone: (43) 3371 &#8211; 4804 FAVOR, ANOTAR O HOR\u00c1RIO AGENDADO! Se [&hellip;]<\/p>\n","protected":false},"author":9,"featured_media":0,"parent":0,"menu_order":0,"comment_status":"closed","ping_status":"closed","template":"","meta":{"footnotes":""},"class_list":["post-72","page","type-page","status-publish","hentry"],"acf":[],"_links":{"self":[{"href":"https:\/\/sites.uel.br\/planetario\/wp-json\/wp\/v2\/pages\/72","targetHints":{"allow":["GET"]}}],"collection":[{"href":"https:\/\/sites.uel.br\/planetario\/wp-json\/wp\/v2\/pages"}],"about":[{"href":"https:\/\/sites.uel.br\/planetario\/wp-json\/wp\/v2\/types\/page"}],"author":[{"embeddable":true,"href":"https:\/\/sites.uel.br\/planetario\/wp-json\/wp\/v2\/users\/9"}],"replies":[{"embeddable":true,"href":"https:\/\/sites.uel.br\/planetario\/wp-json\/wp\/v2\/comments?post=72"}],"version-history":[{"count":52,"href":"https:\/\/sites.uel.br\/planetario\/wp-json\/wp\/v2\/pages\/72\/revisions"}],"predecessor-version":[{"id":227,"href":"https:\/\/sites.uel.br\/planetario\/wp-json\/wp\/v2\/pages\/72\/revisions\/227"}],"wp:attachment":[{"href":"https:\/\/sites.uel.br\/planetario\/wp-json\/wp\/v2\/media?parent=72"}],"curies":[{"name":"wp","href":"https:\/\/api.w.org\/{rel}","templated":true}]}}