{"id":58,"date":"2023-11-24T09:25:27","date_gmt":"2023-11-24T12:25:27","guid":{"rendered":"https:\/\/sites.uel.br\/planetario\/?page_id=58"},"modified":"2023-11-24T11:09:06","modified_gmt":"2023-11-24T14:09:06","slug":"equipe","status":"publish","type":"page","link":"https:\/\/sites.uel.br\/planetario\/equipe\/","title":{"rendered":"Equipe"},"content":{"rendered":"\n<figure class=\"wp-block-table aligncenter is-style-stripes\"><table><tbody><tr><td><strong>Nome<\/strong><\/td><td><strong>Fun\u00e7\u00e3o<\/strong><\/td><\/tr><tr><td>Alessandra Ribeiro<\/td><td>Planetarista<\/td><\/tr><tr><td>Fl\u00e1vio Luiz Zapparoli Neto<\/td><td>Planetarista<\/td><\/tr><tr><td>Gabriel Liberatti Zemuner<\/td><td>Bolsista<\/td><\/tr><tr><td>Nicole Moreira Ferreira<\/td><td>Bolsista<\/td><\/tr><\/tbody><\/table><\/figure>\n","protected":false},"excerpt":{"rendered":"<p>Nome Fun\u00e7\u00e3o Alessandra Ribeiro Planetarista Fl\u00e1vio Luiz Zapparoli Neto Planetarista Gabriel Liberatti Zemuner Bolsista Nicole Moreira Ferreira Bolsista<\/p>\n","protected":false},"author":9,"featured_media":0,"parent":0,"menu_order":0,"comment_status":"closed","ping_status":"closed","template":"","meta":{"footnotes":""},"class_list":["post-58","page","type-page","status-publish","hentry"],"acf":[],"_links":{"self":[{"href":"https:\/\/sites.uel.br\/planetario\/wp-json\/wp\/v2\/pages\/58","targetHints":{"allow":["GET"]}}],"collection":[{"href":"https:\/\/sites.uel.br\/planetario\/wp-json\/wp\/v2\/pages"}],"about":[{"href":"https:\/\/sites.uel.br\/planetario\/wp-json\/wp\/v2\/types\/page"}],"author":[{"embeddable":true,"href":"https:\/\/sites.uel.br\/planetario\/wp-json\/wp\/v2\/users\/9"}],"replies":[{"embeddable":true,"href":"https:\/\/sites.uel.br\/planetario\/wp-json\/wp\/v2\/comments?post=58"}],"version-history":[{"count":3,"href":"https:\/\/sites.uel.br\/planetario\/wp-json\/wp\/v2\/pages\/58\/revisions"}],"predecessor-version":[{"id":64,"href":"https:\/\/sites.uel.br\/planetario\/wp-json\/wp\/v2\/pages\/58\/revisions\/64"}],"wp:attachment":[{"href":"https:\/\/sites.uel.br\/planetario\/wp-json\/wp\/v2\/media?parent=58"}],"curies":[{"name":"wp","href":"https:\/\/api.w.org\/{rel}","templated":true}]}}