{"id":35,"date":"2026-02-12T14:30:43","date_gmt":"2026-02-12T17:30:43","guid":{"rendered":"https:\/\/sites.uel.br\/pibid\/?page_id=35"},"modified":"2026-03-05T04:45:50","modified_gmt":"2026-03-05T07:45:50","slug":"documentos","status":"publish","type":"page","link":"https:\/\/sites.uel.br\/pibid\/documentos\/","title":{"rendered":"Documentos"},"content":{"rendered":"\n<hr class=\"wp-block-separator has-text-color has-verde-escuro-color has-alpha-channel-opacity has-verde-escuro-background-color has-background is-style-wide\" \/>\n\n\n\n<p><\/p>\n\n\n\n<h2 class=\"wp-block-heading\">CAPES<\/h2>\n\n\n\n<p><strong><a href=\"https:\/\/drive.google.com\/file\/d\/1ph_fdtM4mFVRM-8m_PrUtr1xPIdyCf5k\/view?usp=sharing\">PORTARIA CAPES N\u00ba 90<\/a><\/strong>, DE 25 DE MAR\u00c7O DE 2024 &#8211; Disp\u00f5e sobre o regulamento do Programa Institucional de Bolsa de Inicia\u00e7\u00e3o \u00e0 Doc\u00eancia &#8211; PIBID.<\/p>\n\n\n\n<p><\/p>\n\n\n\n<p><strong><a href=\"https:\/\/drive.google.com\/file\/d\/1yKYtCIcCOmJBCpb5MiR87gwkENOXcltR\/view?usp=sharing\">PORTARIA CAPES N\u00ba 157<\/a><\/strong>, DE 28 DE MAIO DE 2024 &#8211; Altera a Portaria n\u00ba 90, de 25 de mar\u00e7o de 2024, que disp\u00f5e sobre o regulamento do Programa Institucional de Bolsa de Inicia\u00e7\u00e3o \u00e0 Doc\u00eancia &#8211; PIBID.<\/p>\n\n\n\n<p><\/p>\n\n\n\n<p><strong><a href=\"https:\/\/drive.google.com\/file\/d\/1rtXXwrwEOZgwR12RWdCqi2CkQlAeq5Q9\/view?usp=sharing\">EDITAL CAPES N\u00ba 10\/2024<\/a><\/strong> &#8211; PROGRAMA NACIONAL DE BOLSA DE INICIA\u00c7\u00c3O \u00c0 DOC\u00caNCIA &#8211; PIBID<\/p>\n\n\n\n<p><\/p>\n\n\n\n<h2 class=\"wp-block-heading\">UEL<\/h2>\n","protected":false},"excerpt":{"rendered":"<p>CAPES PORTARIA CAPES N\u00ba 90, DE 25 DE MAR\u00c7O DE 2024 &#8211; Disp\u00f5e sobre o regulamento do Programa Institucional de Bolsa de Inicia\u00e7\u00e3o \u00e0 Doc\u00eancia &#8211; PIBID. PORTARIA CAPES N\u00ba 157, DE 28 DE MAIO DE 2024 &#8211; Altera a Portaria n\u00ba 90, de 25 de mar\u00e7o de 2024, que disp\u00f5e sobre o regulamento do [&hellip;]<\/p>\n","protected":false},"author":6,"featured_media":0,"parent":0,"menu_order":0,"comment_status":"closed","ping_status":"closed","template":"","meta":{"_acf_changed":false,"footnotes":""},"class_list":["post-35","page","type-page","status-publish","hentry"],"acf":[],"_links":{"self":[{"href":"https:\/\/sites.uel.br\/pibid\/wp-json\/wp\/v2\/pages\/35","targetHints":{"allow":["GET"]}}],"collection":[{"href":"https:\/\/sites.uel.br\/pibid\/wp-json\/wp\/v2\/pages"}],"about":[{"href":"https:\/\/sites.uel.br\/pibid\/wp-json\/wp\/v2\/types\/page"}],"author":[{"embeddable":true,"href":"https:\/\/sites.uel.br\/pibid\/wp-json\/wp\/v2\/users\/6"}],"replies":[{"embeddable":true,"href":"https:\/\/sites.uel.br\/pibid\/wp-json\/wp\/v2\/comments?post=35"}],"version-history":[{"count":7,"href":"https:\/\/sites.uel.br\/pibid\/wp-json\/wp\/v2\/pages\/35\/revisions"}],"predecessor-version":[{"id":163,"href":"https:\/\/sites.uel.br\/pibid\/wp-json\/wp\/v2\/pages\/35\/revisions\/163"}],"wp:attachment":[{"href":"https:\/\/sites.uel.br\/pibid\/wp-json\/wp\/v2\/media?parent=35"}],"curies":[{"name":"wp","href":"https:\/\/api.w.org\/{rel}","templated":true}]}}