{"id":472,"date":"2024-10-01T00:33:47","date_gmt":"2024-10-01T03:33:47","guid":{"rendered":"https:\/\/sites.uel.br\/petef\/?page_id=472"},"modified":"2024-10-23T13:03:18","modified_gmt":"2024-10-23T16:03:18","slug":"472-2","status":"publish","type":"page","link":"https:\/\/sites.uel.br\/petef\/472-2\/","title":{"rendered":"PETcast &#8211; Amazon"},"content":{"rendered":"\n<p><a href=\"https:\/\/music.amazon.com.au\/podcasts\/bb3108b6-6bc0-4d72-bfe8-ff85ca0a2c5d\/petcast-educa%C3%A7%C3%A3o-f%C3%ADsica\">PETCast Educa\u00e7\u00e3o F\u00edsica Podcast on Amazon Music<\/a><\/p>\n","protected":false},"excerpt":{"rendered":"<p>PETCast Educa\u00e7\u00e3o F\u00edsica Podcast on Amazon Music<\/p>\n","protected":false},"author":8,"featured_media":0,"parent":0,"menu_order":0,"comment_status":"closed","ping_status":"closed","template":"","meta":{"footnotes":""},"class_list":["post-472","page","type-page","status-publish","hentry"],"acf":[],"_links":{"self":[{"href":"https:\/\/sites.uel.br\/petef\/wp-json\/wp\/v2\/pages\/472","targetHints":{"allow":["GET"]}}],"collection":[{"href":"https:\/\/sites.uel.br\/petef\/wp-json\/wp\/v2\/pages"}],"about":[{"href":"https:\/\/sites.uel.br\/petef\/wp-json\/wp\/v2\/types\/page"}],"author":[{"embeddable":true,"href":"https:\/\/sites.uel.br\/petef\/wp-json\/wp\/v2\/users\/8"}],"replies":[{"embeddable":true,"href":"https:\/\/sites.uel.br\/petef\/wp-json\/wp\/v2\/comments?post=472"}],"version-history":[{"count":2,"href":"https:\/\/sites.uel.br\/petef\/wp-json\/wp\/v2\/pages\/472\/revisions"}],"predecessor-version":[{"id":521,"href":"https:\/\/sites.uel.br\/petef\/wp-json\/wp\/v2\/pages\/472\/revisions\/521"}],"wp:attachment":[{"href":"https:\/\/sites.uel.br\/petef\/wp-json\/wp\/v2\/media?parent=472"}],"curies":[{"name":"wp","href":"https:\/\/api.w.org\/{rel}","templated":true}]}}