{"id":25,"date":"2023-10-12T21:10:56","date_gmt":"2023-10-13T00:10:56","guid":{"rendered":"https:\/\/sites.uel.br\/petef\/?page_id=25"},"modified":"2023-11-25T15:25:03","modified_gmt":"2023-11-25T18:25:03","slug":"apresentacao","status":"publish","type":"page","link":"https:\/\/sites.uel.br\/petef\/apresentacao\/","title":{"rendered":"Apresenta\u00e7\u00e3o"},"content":{"rendered":"\n<p><\/p>\n\n\n\n<p>Seja bem-vindo \u00e0 p\u00e1gina do PET da Educa\u00e7\u00e3o F\u00edsica (PETDF) da Universidade Estadual de Londrina (UEL).<\/p>\n\n\n\n<hr class=\"wp-block-separator has-alpha-channel-opacity\"\/>\n\n\n\n<p><\/p>\n\n\n\n<p><strong>Materiais importantes:<\/strong><\/p>\n\n\n\n<p><a href=\"http:\/\/portal.mec.gov.br\/pet\/pet\" target=\"_blank\" rel=\"noreferrer noopener\">Site do PET\/MEC<\/a><\/p>\n\n\n\n<p><a href=\"http:\/\/portal.mec.gov.br\/index.php?option=com_docman&amp;view=download&amp;alias=338-manualorientabasicas&amp;category_slug=pet-programa-de-educacao-tutorial&amp;Itemid=30192\" target=\"_blank\" rel=\"noreferrer noopener\">Manual de orienta\u00e7\u00f5es b\u00e1sicas do PET<\/a><\/p>\n","protected":false},"excerpt":{"rendered":"<p>Seja bem-vindo \u00e0 p\u00e1gina do PET da Educa\u00e7\u00e3o F\u00edsica (PETDF) da Universidade Estadual de Londrina (UEL). Materiais importantes: Site do PET\/MEC Manual de orienta\u00e7\u00f5es b\u00e1sicas do PET<\/p>\n","protected":false},"author":7,"featured_media":0,"parent":0,"menu_order":1,"comment_status":"closed","ping_status":"closed","template":"","meta":{"footnotes":""},"class_list":["post-25","page","type-page","status-publish","hentry"],"acf":[],"_links":{"self":[{"href":"https:\/\/sites.uel.br\/petef\/wp-json\/wp\/v2\/pages\/25","targetHints":{"allow":["GET"]}}],"collection":[{"href":"https:\/\/sites.uel.br\/petef\/wp-json\/wp\/v2\/pages"}],"about":[{"href":"https:\/\/sites.uel.br\/petef\/wp-json\/wp\/v2\/types\/page"}],"author":[{"embeddable":true,"href":"https:\/\/sites.uel.br\/petef\/wp-json\/wp\/v2\/users\/7"}],"replies":[{"embeddable":true,"href":"https:\/\/sites.uel.br\/petef\/wp-json\/wp\/v2\/comments?post=25"}],"version-history":[{"count":7,"href":"https:\/\/sites.uel.br\/petef\/wp-json\/wp\/v2\/pages\/25\/revisions"}],"predecessor-version":[{"id":94,"href":"https:\/\/sites.uel.br\/petef\/wp-json\/wp\/v2\/pages\/25\/revisions\/94"}],"wp:attachment":[{"href":"https:\/\/sites.uel.br\/petef\/wp-json\/wp\/v2\/media?parent=25"}],"curies":[{"name":"wp","href":"https:\/\/api.w.org\/{rel}","templated":true}]}}