{"id":846,"date":"2022-09-30T16:46:26","date_gmt":"2022-09-30T19:46:26","guid":{"rendered":"https:\/\/sites.uel.br\/pdi\/?page_id=846"},"modified":"2022-10-03T14:42:47","modified_gmt":"2022-10-03T17:42:47","slug":"prado-ferreira","status":"publish","type":"page","link":"https:\/\/sites.uel.br\/pdi\/prado-ferreira\/","title":{"rendered":"Prado Ferreira"},"content":{"rendered":"\n<div class=\"wp-block-columns is-layout-flex wp-container-core-columns-is-layout-9d6595d7 wp-block-columns-is-layout-flex\">\n<div class=\"wp-block-column is-layout-flow wp-block-column-is-layout-flow\" style=\"flex-basis:25%\"><\/div>\n\n\n\n<div class=\"wp-block-column is-layout-flow wp-block-column-is-layout-flow\" style=\"flex-basis:50%\">\n<figure class=\"wp-block-gallery has-nested-images columns-default is-cropped wp-block-gallery-1 is-layout-flex wp-block-gallery-is-layout-flex\">\n<figure class=\"wp-block-image size-large\"><img loading=\"lazy\" decoding=\"async\" width=\"806\" height=\"292\" data-id=\"847\" src=\"https:\/\/sites.uel.br\/pdi\/wp-content\/uploads\/2022\/09\/Prado-Ferreira.jpg\" alt=\"\" class=\"wp-image-847\" srcset=\"https:\/\/sites.uel.br\/pdi\/wp-content\/uploads\/2022\/09\/Prado-Ferreira.jpg 806w, https:\/\/sites.uel.br\/pdi\/wp-content\/uploads\/2022\/09\/Prado-Ferreira-300x109.jpg 300w, https:\/\/sites.uel.br\/pdi\/wp-content\/uploads\/2022\/09\/Prado-Ferreira-768x278.jpg 768w\" sizes=\"auto, (max-width: 806px) 100vw, 806px\" \/><\/figure>\n<\/figure>\n<\/div>\n\n\n\n<div class=\"wp-block-column is-layout-flow wp-block-column-is-layout-flow\" style=\"flex-basis:25%\"><\/div>\n<\/div>\n\n\n\n<p>Entre os anos de1943 e 1944 iniciou-se a forma\u00e7\u00e3o do povoado que veio tornar-se o Munic\u00edpio de Prado Ferreira. A fertilidade das terras atraiu grande n\u00famero de homens de neg\u00f3cios que vinham em busca de riquezas advindas da agricultura, com\u00e9rcio e setor imobili\u00e1rio. A economia do munic\u00edpio baseou-se na cafeicultura at\u00e9 os anos de 1970, e a partir desta data, devido \u00e0s fortes geadas, foi substitu\u00edda pelas lavouras de soja, milho, cana de a\u00e7\u00facar e trigo. Posteriormente, passaram a compor a economia do munic\u00edpio a pecu\u00e1ria e a avicultura. Devido \u00e0 mecaniza\u00e7\u00e3o das lavouras a popula\u00e7\u00e3o vive em sua maioria na zona urbana de onde se deslocam para o trabalho rural e onde est\u00e3o sendo instaladas ind\u00fastrias de transforma\u00e7\u00e3o, estando algumas j\u00e1 em franca atividade.<\/p>\n\n\n\n<p class=\"has-text-align-center\">O texto est\u00e1 citado na lista de refer\u00eancias como PERFIL RML (2014).<\/p>\n","protected":false},"excerpt":{"rendered":"<p>Entre os anos de1943 e 1944 iniciou-se a forma\u00e7\u00e3o do povoado que veio tornar-se o Munic\u00edpio de Prado Ferreira. A fertilidade das terras atraiu grande n\u00famero de homens de neg\u00f3cios que vinham em busca de riquezas advindas da agricultura, com\u00e9rcio e setor imobili\u00e1rio. A economia do munic\u00edpio baseou-se na cafeicultura at\u00e9 os anos de 1970, [&hellip;]<\/p>\n","protected":false},"author":8,"featured_media":0,"parent":0,"menu_order":0,"comment_status":"closed","ping_status":"closed","template":"","meta":{"footnotes":""},"class_list":["post-846","page","type-page","status-publish","hentry"],"acf":[],"_links":{"self":[{"href":"https:\/\/sites.uel.br\/pdi\/wp-json\/wp\/v2\/pages\/846","targetHints":{"allow":["GET"]}}],"collection":[{"href":"https:\/\/sites.uel.br\/pdi\/wp-json\/wp\/v2\/pages"}],"about":[{"href":"https:\/\/sites.uel.br\/pdi\/wp-json\/wp\/v2\/types\/page"}],"author":[{"embeddable":true,"href":"https:\/\/sites.uel.br\/pdi\/wp-json\/wp\/v2\/users\/8"}],"replies":[{"embeddable":true,"href":"https:\/\/sites.uel.br\/pdi\/wp-json\/wp\/v2\/comments?post=846"}],"version-history":[{"count":1,"href":"https:\/\/sites.uel.br\/pdi\/wp-json\/wp\/v2\/pages\/846\/revisions"}],"predecessor-version":[{"id":848,"href":"https:\/\/sites.uel.br\/pdi\/wp-json\/wp\/v2\/pages\/846\/revisions\/848"}],"wp:attachment":[{"href":"https:\/\/sites.uel.br\/pdi\/wp-json\/wp\/v2\/media?parent=846"}],"curies":[{"name":"wp","href":"https:\/\/api.w.org\/{rel}","templated":true}]}}