{"id":834,"date":"2022-09-30T16:40:48","date_gmt":"2022-09-30T19:40:48","guid":{"rendered":"https:\/\/sites.uel.br\/pdi\/?page_id=834"},"modified":"2022-10-03T14:42:27","modified_gmt":"2022-10-03T17:42:27","slug":"pitangueiras","status":"publish","type":"page","link":"https:\/\/sites.uel.br\/pdi\/pitangueiras\/","title":{"rendered":"Pitangueiras"},"content":{"rendered":"\n<div class=\"wp-block-columns is-layout-flex wp-container-core-columns-is-layout-9d6595d7 wp-block-columns-is-layout-flex\">\n<div class=\"wp-block-column is-layout-flow wp-block-column-is-layout-flow\" style=\"flex-basis:25%\"><\/div>\n\n\n\n<div class=\"wp-block-column is-layout-flow wp-block-column-is-layout-flow\" style=\"flex-basis:50%\">\n<figure class=\"wp-block-gallery has-nested-images columns-default is-cropped wp-block-gallery-1 is-layout-flex wp-block-gallery-is-layout-flex\">\n<figure class=\"wp-block-image size-large\"><img loading=\"lazy\" decoding=\"async\" width=\"802\" height=\"292\" data-id=\"835\" src=\"https:\/\/sites.uel.br\/pdi\/wp-content\/uploads\/2022\/09\/Pitangueiras.jpg\" alt=\"\" class=\"wp-image-835\" srcset=\"https:\/\/sites.uel.br\/pdi\/wp-content\/uploads\/2022\/09\/Pitangueiras.jpg 802w, https:\/\/sites.uel.br\/pdi\/wp-content\/uploads\/2022\/09\/Pitangueiras-300x109.jpg 300w, https:\/\/sites.uel.br\/pdi\/wp-content\/uploads\/2022\/09\/Pitangueiras-768x280.jpg 768w\" sizes=\"auto, (max-width: 802px) 100vw, 802px\" \/><\/figure>\n<\/figure>\n<\/div>\n\n\n\n<div class=\"wp-block-column is-layout-flow wp-block-column-is-layout-flow\" style=\"flex-basis:25%\"><\/div>\n<\/div>\n\n\n\n<p>A hist\u00f3ria do Munic\u00edpio de Pitangueiras teve in\u00edcio em 13 de dezembro de 1943, quando o imigrante portugu\u00eas Ant\u00f4nio Rodrigues Paes fundou o&nbsp;Patrim\u00f4nio de Santo Ant\u00f4nio. Antes, em 1940, foi batizada de Gleba Santo Ant\u00f4nio, nome dado pelos seu propriet\u00e1rio&nbsp;Sr. Ant\u00f4nio Rodrigues Paes, e, segundo relato de alguns pioneiros, nessa \u00e9poca j\u00e1 havia cerca de 10 fam\u00edlias que habitavam a regi\u00e3o, por\u00e9m n\u00e3o se rejeita a possibilidade da \u00e1rea ter sido habitada por \u00edndios, pois foram encontrados no local vest\u00edgios de moradias e de objetos ind\u00edgenas; e depois, explorada por viajantes e aventureiros de madeira; e ainda, por posseiros invasores de terras que n\u00e3o tinham dono. Tamb\u00e9m n\u00e3o se descarta a possibilidade de que a \u00e1rea tenha sido de tropeiros e boiadeiros que faziam interc\u00e2mbio com a regi\u00e3o do Estado do Mato Grosso. Uma d\u00e9cada depois de oficialmente criado, o Patrim\u00f4nio de Santo Ant\u00f4nio passou a se chamar Pitangueiras, um dos principais rios que cortam seu territ\u00f3rio.<\/p>\n\n\n\n<p class=\"has-text-align-center\">O texto est\u00e1 citado na lista de refer\u00eancias como PERFIL RML (2014).<\/p>\n","protected":false},"excerpt":{"rendered":"<p>A hist\u00f3ria do Munic\u00edpio de Pitangueiras teve in\u00edcio em 13 de dezembro de 1943, quando o imigrante portugu\u00eas Ant\u00f4nio Rodrigues Paes fundou o&nbsp;Patrim\u00f4nio de Santo Ant\u00f4nio. Antes, em 1940, foi batizada de Gleba Santo Ant\u00f4nio, nome dado pelos seu propriet\u00e1rio&nbsp;Sr. Ant\u00f4nio Rodrigues Paes, e, segundo relato de alguns pioneiros, nessa \u00e9poca j\u00e1 havia cerca de [&hellip;]<\/p>\n","protected":false},"author":8,"featured_media":0,"parent":0,"menu_order":0,"comment_status":"closed","ping_status":"closed","template":"","meta":{"footnotes":""},"class_list":["post-834","page","type-page","status-publish","hentry"],"acf":[],"_links":{"self":[{"href":"https:\/\/sites.uel.br\/pdi\/wp-json\/wp\/v2\/pages\/834","targetHints":{"allow":["GET"]}}],"collection":[{"href":"https:\/\/sites.uel.br\/pdi\/wp-json\/wp\/v2\/pages"}],"about":[{"href":"https:\/\/sites.uel.br\/pdi\/wp-json\/wp\/v2\/types\/page"}],"author":[{"embeddable":true,"href":"https:\/\/sites.uel.br\/pdi\/wp-json\/wp\/v2\/users\/8"}],"replies":[{"embeddable":true,"href":"https:\/\/sites.uel.br\/pdi\/wp-json\/wp\/v2\/comments?post=834"}],"version-history":[{"count":1,"href":"https:\/\/sites.uel.br\/pdi\/wp-json\/wp\/v2\/pages\/834\/revisions"}],"predecessor-version":[{"id":836,"href":"https:\/\/sites.uel.br\/pdi\/wp-json\/wp\/v2\/pages\/834\/revisions\/836"}],"wp:attachment":[{"href":"https:\/\/sites.uel.br\/pdi\/wp-json\/wp\/v2\/media?parent=834"}],"curies":[{"name":"wp","href":"https:\/\/api.w.org\/{rel}","templated":true}]}}