{"id":825,"date":"2022-09-30T16:37:26","date_gmt":"2022-09-30T19:37:26","guid":{"rendered":"https:\/\/sites.uel.br\/pdi\/?page_id=825"},"modified":"2022-10-17T13:34:35","modified_gmt":"2022-10-17T16:34:35","slug":"jataizinho","status":"publish","type":"page","link":"https:\/\/sites.uel.br\/pdi\/jataizinho\/","title":{"rendered":"Jataizinho"},"content":{"rendered":"\n<div class=\"wp-block-columns is-layout-flex wp-container-core-columns-is-layout-9d6595d7 wp-block-columns-is-layout-flex\">\n<div class=\"wp-block-column is-layout-flow wp-block-column-is-layout-flow\" style=\"flex-basis:25%\"><\/div>\n\n\n\n<div class=\"wp-block-column is-layout-flow wp-block-column-is-layout-flow\" style=\"flex-basis:50%\">\n<figure class=\"wp-block-gallery has-nested-images columns-default is-cropped wp-block-gallery-1 is-layout-flex wp-block-gallery-is-layout-flex\">\n<figure class=\"wp-block-image size-large\"><img loading=\"lazy\" decoding=\"async\" width=\"800\" height=\"288\" data-id=\"826\" src=\"https:\/\/sites.uel.br\/pdi\/wp-content\/uploads\/2022\/09\/Jataizinho.jpg\" alt=\"\" class=\"wp-image-826\" srcset=\"https:\/\/sites.uel.br\/pdi\/wp-content\/uploads\/2022\/09\/Jataizinho.jpg 800w, https:\/\/sites.uel.br\/pdi\/wp-content\/uploads\/2022\/09\/Jataizinho-300x108.jpg 300w, https:\/\/sites.uel.br\/pdi\/wp-content\/uploads\/2022\/09\/Jataizinho-768x276.jpg 768w\" sizes=\"auto, (max-width: 800px) 100vw, 800px\" \/><\/figure>\n<\/figure>\n<\/div>\n\n\n\n<div class=\"wp-block-column is-layout-flow wp-block-column-is-layout-flow\" style=\"flex-basis:25%\"><\/div>\n<\/div>\n\n\n\n<p>Jata\u00ed nasceu da necessidade militar de instalar um ponto estrat\u00e9gico nos rios naveg\u00e1veis, para conter poss\u00edveis ataques de caudilhos argentinos e uruguaios. Feita a explora\u00e7\u00e3o, foi fundada a Col\u00f4nia Militar de Jata\u00ed, em janeiro de 1851. A col\u00f4nia come\u00e7ou a ser povoada pelos soldados, por \u00edndios e por habitantes de regi\u00f5es pr\u00f3ximas. A partir de 1912, com a aflu\u00eancia de novas fam\u00edlias, o local se torna centro dos safristas de su\u00ednos. O Munic\u00edpio de Jataizinho est\u00e1 localizado num entroncamento que se ramifica com outros centro produtores paranaenses e brasileiros. Criado atrav\u00e9s da Lei Estadual 2, de 11 de outubro de 1947, e instalado em 8 de dezembro do mesmo ano, foi desmembrado de Assa\u00ed.<\/p>\n\n\n\n<p class=\"has-text-align-center\">O texto est\u00e1 citado na lista de refer\u00eancias como PERFIL RML (2014).<\/p>\n","protected":false},"excerpt":{"rendered":"<p>Jata\u00ed nasceu da necessidade militar de instalar um ponto estrat\u00e9gico nos rios naveg\u00e1veis, para conter poss\u00edveis ataques de caudilhos argentinos e uruguaios. Feita a explora\u00e7\u00e3o, foi fundada a Col\u00f4nia Militar de Jata\u00ed, em janeiro de 1851. A col\u00f4nia come\u00e7ou a ser povoada pelos soldados, por \u00edndios e por habitantes de regi\u00f5es pr\u00f3ximas. A partir de [&hellip;]<\/p>\n","protected":false},"author":8,"featured_media":0,"parent":0,"menu_order":0,"comment_status":"closed","ping_status":"closed","template":"","meta":{"footnotes":""},"class_list":["post-825","page","type-page","status-publish","hentry"],"acf":[],"_links":{"self":[{"href":"https:\/\/sites.uel.br\/pdi\/wp-json\/wp\/v2\/pages\/825","targetHints":{"allow":["GET"]}}],"collection":[{"href":"https:\/\/sites.uel.br\/pdi\/wp-json\/wp\/v2\/pages"}],"about":[{"href":"https:\/\/sites.uel.br\/pdi\/wp-json\/wp\/v2\/types\/page"}],"author":[{"embeddable":true,"href":"https:\/\/sites.uel.br\/pdi\/wp-json\/wp\/v2\/users\/8"}],"replies":[{"embeddable":true,"href":"https:\/\/sites.uel.br\/pdi\/wp-json\/wp\/v2\/comments?post=825"}],"version-history":[{"count":2,"href":"https:\/\/sites.uel.br\/pdi\/wp-json\/wp\/v2\/pages\/825\/revisions"}],"predecessor-version":[{"id":1287,"href":"https:\/\/sites.uel.br\/pdi\/wp-json\/wp\/v2\/pages\/825\/revisions\/1287"}],"wp:attachment":[{"href":"https:\/\/sites.uel.br\/pdi\/wp-json\/wp\/v2\/media?parent=825"}],"curies":[{"name":"wp","href":"https:\/\/api.w.org\/{rel}","templated":true}]}}