{"id":819,"date":"2022-09-30T16:29:25","date_gmt":"2022-09-30T19:29:25","guid":{"rendered":"https:\/\/sites.uel.br\/pdi\/?page_id=819"},"modified":"2022-10-17T13:33:49","modified_gmt":"2022-10-17T16:33:49","slug":"ibipora","status":"publish","type":"page","link":"https:\/\/sites.uel.br\/pdi\/ibipora\/","title":{"rendered":"Ibipor\u00e3"},"content":{"rendered":"\n<div class=\"wp-block-columns is-layout-flex wp-container-core-columns-is-layout-9d6595d7 wp-block-columns-is-layout-flex\">\n<div class=\"wp-block-column is-layout-flow wp-block-column-is-layout-flow\" style=\"flex-basis:25%\"><\/div>\n\n\n\n<div class=\"wp-block-column is-layout-flow wp-block-column-is-layout-flow\" style=\"flex-basis:50%\">\n<figure class=\"wp-block-gallery has-nested-images columns-default is-cropped wp-block-gallery-1 is-layout-flex wp-block-gallery-is-layout-flex\">\n<figure class=\"wp-block-image size-large\"><img loading=\"lazy\" decoding=\"async\" width=\"802\" height=\"288\" data-id=\"820\" src=\"https:\/\/sites.uel.br\/pdi\/wp-content\/uploads\/2022\/09\/Ibipora.jpg\" alt=\"\" class=\"wp-image-820\" srcset=\"https:\/\/sites.uel.br\/pdi\/wp-content\/uploads\/2022\/09\/Ibipora.jpg 802w, https:\/\/sites.uel.br\/pdi\/wp-content\/uploads\/2022\/09\/Ibipora-300x108.jpg 300w, https:\/\/sites.uel.br\/pdi\/wp-content\/uploads\/2022\/09\/Ibipora-768x276.jpg 768w\" sizes=\"auto, (max-width: 802px) 100vw, 802px\" \/><\/figure>\n<\/figure>\n<\/div>\n\n\n\n<div class=\"wp-block-column is-layout-flow wp-block-column-is-layout-flow\" style=\"flex-basis:25%\"><\/div>\n<\/div>\n\n\n\n<p>Os primeiros habitantes do atual Munic\u00edpio de Ibipor\u00e3 aportaram ali em 1934. A denomina\u00e7\u00e3o do munic\u00edpio de \u201cIBI\u201d (terra) e \u201cPor\u00e3\u201d (bonita), nome de origem Tupi, que em Guarani significa \u201cHabitante da Terra\u201d, foi tirada do ribeir\u00e3o do mesmo nome. Sua economia \u00e9 diversificada, passando pela agricultura, plantio de caf\u00e9, milho, trigo e algod\u00e3o, dentre outras culturas e na pecu\u00e1ria, tanto a de corte como a leiteira, suinocultura e piscicultura. O setor industrial est\u00e1 em desenvolvimento no munic\u00edpio, contando com alguns parques industriais ao longo da Rodovia BR 369. Criado atrav\u00e9s da Lei Estadual 2, de 11 de outubro de 1947, foi instalado em 8 de novembro do mesmo ano, sendo desmembrado de Sertan\u00f3polis.<\/p>\n\n\n\n<p class=\"has-text-align-center\">O texto est\u00e1 citado na lista de refer\u00eancias como PERFIL RML (2014).<\/p>\n","protected":false},"excerpt":{"rendered":"<p>Os primeiros habitantes do atual Munic\u00edpio de Ibipor\u00e3 aportaram ali em 1934. A denomina\u00e7\u00e3o do munic\u00edpio de \u201cIBI\u201d (terra) e \u201cPor\u00e3\u201d (bonita), nome de origem Tupi, que em Guarani significa \u201cHabitante da Terra\u201d, foi tirada do ribeir\u00e3o do mesmo nome. Sua economia \u00e9 diversificada, passando pela agricultura, plantio de caf\u00e9, milho, trigo e algod\u00e3o, dentre [&hellip;]<\/p>\n","protected":false},"author":8,"featured_media":0,"parent":0,"menu_order":0,"comment_status":"closed","ping_status":"closed","template":"","meta":{"footnotes":""},"class_list":["post-819","page","type-page","status-publish","hentry"],"acf":[],"_links":{"self":[{"href":"https:\/\/sites.uel.br\/pdi\/wp-json\/wp\/v2\/pages\/819","targetHints":{"allow":["GET"]}}],"collection":[{"href":"https:\/\/sites.uel.br\/pdi\/wp-json\/wp\/v2\/pages"}],"about":[{"href":"https:\/\/sites.uel.br\/pdi\/wp-json\/wp\/v2\/types\/page"}],"author":[{"embeddable":true,"href":"https:\/\/sites.uel.br\/pdi\/wp-json\/wp\/v2\/users\/8"}],"replies":[{"embeddable":true,"href":"https:\/\/sites.uel.br\/pdi\/wp-json\/wp\/v2\/comments?post=819"}],"version-history":[{"count":2,"href":"https:\/\/sites.uel.br\/pdi\/wp-json\/wp\/v2\/pages\/819\/revisions"}],"predecessor-version":[{"id":1285,"href":"https:\/\/sites.uel.br\/pdi\/wp-json\/wp\/v2\/pages\/819\/revisions\/1285"}],"wp:attachment":[{"href":"https:\/\/sites.uel.br\/pdi\/wp-json\/wp\/v2\/media?parent=819"}],"curies":[{"name":"wp","href":"https:\/\/api.w.org\/{rel}","templated":true}]}}