{"id":808,"date":"2022-09-29T17:27:02","date_gmt":"2022-09-29T20:27:02","guid":{"rendered":"https:\/\/sites.uel.br\/pdi\/?page_id=808"},"modified":"2022-10-17T13:32:37","modified_gmt":"2022-10-17T16:32:37","slug":"centenario-do-sul","status":"publish","type":"page","link":"https:\/\/sites.uel.br\/pdi\/centenario-do-sul\/","title":{"rendered":"Centen\u00e1rio do Sul"},"content":{"rendered":"\n<div class=\"wp-block-columns is-layout-flex wp-container-core-columns-is-layout-9d6595d7 wp-block-columns-is-layout-flex\">\n<div class=\"wp-block-column is-layout-flow wp-block-column-is-layout-flow\" style=\"flex-basis:25%\"><\/div>\n\n\n\n<div class=\"wp-block-column is-layout-flow wp-block-column-is-layout-flow\" style=\"flex-basis:50%\">\n<figure class=\"wp-block-gallery has-nested-images columns-default is-cropped wp-block-gallery-1 is-layout-flex wp-block-gallery-is-layout-flex\">\n<figure class=\"wp-block-image size-large\"><img loading=\"lazy\" decoding=\"async\" width=\"810\" height=\"288\" data-id=\"809\" src=\"https:\/\/sites.uel.br\/pdi\/wp-content\/uploads\/2022\/09\/Centenario-do-Sul.jpg\" alt=\"\" class=\"wp-image-809\" srcset=\"https:\/\/sites.uel.br\/pdi\/wp-content\/uploads\/2022\/09\/Centenario-do-Sul.jpg 810w, https:\/\/sites.uel.br\/pdi\/wp-content\/uploads\/2022\/09\/Centenario-do-Sul-300x107.jpg 300w, https:\/\/sites.uel.br\/pdi\/wp-content\/uploads\/2022\/09\/Centenario-do-Sul-768x273.jpg 768w\" sizes=\"auto, (max-width: 810px) 100vw, 810px\" \/><\/figure>\n<\/figure>\n<\/div>\n\n\n\n<div class=\"wp-block-column is-layout-flow wp-block-column-is-layout-flow\" style=\"flex-basis:25%\"><\/div>\n<\/div>\n\n\n\n<p>Os primeiros colonizadores que se estabeleceram vinham em busca da riqueza, em especial, de transa\u00e7\u00f5es imobili\u00e1rias, agr\u00edcolas e comerciais. Entre os primeiros povoadores podem ser citados Pio Esteves Martins, que chegou em 1945 e construiu o primeiro rancho. No dia 20 de agosto de 1945, foi efetuada a demarca\u00e7\u00e3o de lotes urbanos e rurais pelo engenheiro Casimiro Le\u00e3o, com a ajuda do agrimensor Margarido. A terra f\u00e9rtil atraiu grande n\u00famero de homens de neg\u00f3cios, fazendeiros e agricultores que iniciaram o progresso e o desenvolvimento. Destacam-se, entre outros, Jo\u00e3o de Carlos, Jo\u00e3o Ferreira dos Anjos, Jos\u00e9\u00a0Clim\u00e1cio\u00a0da\u00a0Siva, Benedito Anacleto Resende, Pedro Gon\u00e7alves da Silva, e Hor\u00e1cio P. da Silva. No ano de 1947, entrou em funcionamento a primeira serraria administrada por Caetano\u00a0Belenda, a qual impulsionou grande desenvolvimento a esta localidade. A r\u00e1pida transforma\u00e7\u00e3o de simples povoado a distrito dos mais populosos e promissores, fez com que fosse elevado a munic\u00edpio no dia 14 de novembro de 1951. A instala\u00e7\u00e3o do munic\u00edpio coincidiu com a abertura de grandes fazendas.<\/p>\n\n\n\n<p class=\"has-text-align-center\">O texto est\u00e1 citado na lista de refer\u00eancias como PERFIL RML (2014).<\/p>\n","protected":false},"excerpt":{"rendered":"<p>Os primeiros colonizadores que se estabeleceram vinham em busca da riqueza, em especial, de transa\u00e7\u00f5es imobili\u00e1rias, agr\u00edcolas e comerciais. Entre os primeiros povoadores podem ser citados Pio Esteves Martins, que chegou em 1945 e construiu o primeiro rancho. No dia 20 de agosto de 1945, foi efetuada a demarca\u00e7\u00e3o de lotes urbanos e rurais pelo [&hellip;]<\/p>\n","protected":false},"author":8,"featured_media":0,"parent":0,"menu_order":0,"comment_status":"closed","ping_status":"closed","template":"","meta":{"footnotes":""},"class_list":["post-808","page","type-page","status-publish","hentry"],"acf":[],"_links":{"self":[{"href":"https:\/\/sites.uel.br\/pdi\/wp-json\/wp\/v2\/pages\/808","targetHints":{"allow":["GET"]}}],"collection":[{"href":"https:\/\/sites.uel.br\/pdi\/wp-json\/wp\/v2\/pages"}],"about":[{"href":"https:\/\/sites.uel.br\/pdi\/wp-json\/wp\/v2\/types\/page"}],"author":[{"embeddable":true,"href":"https:\/\/sites.uel.br\/pdi\/wp-json\/wp\/v2\/users\/8"}],"replies":[{"embeddable":true,"href":"https:\/\/sites.uel.br\/pdi\/wp-json\/wp\/v2\/comments?post=808"}],"version-history":[{"count":2,"href":"https:\/\/sites.uel.br\/pdi\/wp-json\/wp\/v2\/pages\/808\/revisions"}],"predecessor-version":[{"id":1283,"href":"https:\/\/sites.uel.br\/pdi\/wp-json\/wp\/v2\/pages\/808\/revisions\/1283"}],"wp:attachment":[{"href":"https:\/\/sites.uel.br\/pdi\/wp-json\/wp\/v2\/media?parent=808"}],"curies":[{"name":"wp","href":"https:\/\/api.w.org\/{rel}","templated":true}]}}