{"id":802,"date":"2022-09-29T17:22:16","date_gmt":"2022-09-29T20:22:16","guid":{"rendered":"https:\/\/sites.uel.br\/pdi\/?page_id=802"},"modified":"2022-10-17T13:31:50","modified_gmt":"2022-10-17T16:31:50","slug":"bela-vista-do-paraiso","status":"publish","type":"page","link":"https:\/\/sites.uel.br\/pdi\/bela-vista-do-paraiso\/","title":{"rendered":"Bela Vista do Para\u00edso"},"content":{"rendered":"\n<div class=\"wp-block-columns is-layout-flex wp-container-core-columns-is-layout-9d6595d7 wp-block-columns-is-layout-flex\">\n<div class=\"wp-block-column is-layout-flow wp-block-column-is-layout-flow\" style=\"flex-basis:25%\"><\/div>\n\n\n\n<div class=\"wp-block-column is-layout-flow wp-block-column-is-layout-flow\" style=\"flex-basis:50%\">\n<figure class=\"wp-block-gallery has-nested-images columns-default is-cropped wp-block-gallery-1 is-layout-flex wp-block-gallery-is-layout-flex\">\n<figure class=\"wp-block-image size-large\"><img loading=\"lazy\" decoding=\"async\" width=\"806\" height=\"292\" data-id=\"803\" src=\"https:\/\/sites.uel.br\/pdi\/wp-content\/uploads\/2022\/09\/Bela-Vista-do-Paraiso.jpg\" alt=\"\" class=\"wp-image-803\" srcset=\"https:\/\/sites.uel.br\/pdi\/wp-content\/uploads\/2022\/09\/Bela-Vista-do-Paraiso.jpg 806w, https:\/\/sites.uel.br\/pdi\/wp-content\/uploads\/2022\/09\/Bela-Vista-do-Paraiso-300x109.jpg 300w, https:\/\/sites.uel.br\/pdi\/wp-content\/uploads\/2022\/09\/Bela-Vista-do-Paraiso-768x278.jpg 768w\" sizes=\"auto, (max-width: 806px) 100vw, 806px\" \/><\/figure>\n<\/figure>\n<\/div>\n\n\n\n<div class=\"wp-block-column is-layout-flow wp-block-column-is-layout-flow\" style=\"flex-basis:25%\"><\/div>\n<\/div>\n\n\n\n<p>No final dos anos 20, as terras do atual munic\u00edpio faziam parte da grande\u00a0Fazenda Floresta Ribeir\u00e3o Vermelho, de propriedade de uma Empresa Colonizadora. Em 1928, a Empresa efetuou a subdivis\u00e3o de suas terras em glebas menores, na expectativa de atrair compradores para o plantio do caf\u00e9. O empreendimento obteve sucesso e atraiu a popula\u00e7\u00e3o, reunindo condi\u00e7\u00f5es para cria\u00e7\u00e3o de um povoado. Foi elevado \u00e0 categoria de Munic\u00edpio por meio da Lei 02, de 11 de outubro de 1947, sendo desmembrado de Sertan\u00f3polis somente em 14 de dezembro de 1953, atrav\u00e9s da Lei 1.542.<\/p>\n\n\n\n<p class=\"has-text-align-center\">O texto est\u00e1 citado na lista de refer\u00eancias como PERFIL RML (2014).<\/p>\n","protected":false},"excerpt":{"rendered":"<p>No final dos anos 20, as terras do atual munic\u00edpio faziam parte da grande\u00a0Fazenda Floresta Ribeir\u00e3o Vermelho, de propriedade de uma Empresa Colonizadora. Em 1928, a Empresa efetuou a subdivis\u00e3o de suas terras em glebas menores, na expectativa de atrair compradores para o plantio do caf\u00e9. O empreendimento obteve sucesso e atraiu a popula\u00e7\u00e3o, reunindo [&hellip;]<\/p>\n","protected":false},"author":8,"featured_media":0,"parent":0,"menu_order":0,"comment_status":"closed","ping_status":"closed","template":"","meta":{"footnotes":""},"class_list":["post-802","page","type-page","status-publish","hentry"],"acf":[],"_links":{"self":[{"href":"https:\/\/sites.uel.br\/pdi\/wp-json\/wp\/v2\/pages\/802","targetHints":{"allow":["GET"]}}],"collection":[{"href":"https:\/\/sites.uel.br\/pdi\/wp-json\/wp\/v2\/pages"}],"about":[{"href":"https:\/\/sites.uel.br\/pdi\/wp-json\/wp\/v2\/types\/page"}],"author":[{"embeddable":true,"href":"https:\/\/sites.uel.br\/pdi\/wp-json\/wp\/v2\/users\/8"}],"replies":[{"embeddable":true,"href":"https:\/\/sites.uel.br\/pdi\/wp-json\/wp\/v2\/comments?post=802"}],"version-history":[{"count":2,"href":"https:\/\/sites.uel.br\/pdi\/wp-json\/wp\/v2\/pages\/802\/revisions"}],"predecessor-version":[{"id":1281,"href":"https:\/\/sites.uel.br\/pdi\/wp-json\/wp\/v2\/pages\/802\/revisions\/1281"}],"wp:attachment":[{"href":"https:\/\/sites.uel.br\/pdi\/wp-json\/wp\/v2\/media?parent=802"}],"curies":[{"name":"wp","href":"https:\/\/api.w.org\/{rel}","templated":true}]}}