{"id":48,"date":"2022-09-07T09:54:24","date_gmt":"2022-09-07T12:54:24","guid":{"rendered":"https:\/\/sites.uel.br\/pdi\/?page_id=48"},"modified":"2023-10-10T16:58:23","modified_gmt":"2023-10-10T19:58:23","slug":"vigencia-do-pdi-uel-2023-2027","status":"publish","type":"page","link":"https:\/\/sites.uel.br\/pdi\/vigencia-do-pdi-uel-2023-2027\/","title":{"rendered":"Vig\u00eancia do PDI UEL 2024-2028"},"content":{"rendered":"\n<p class=\"has-white-color has-text-color\">&#8211;<\/p>\n\n\n\n<p>Este Plano de Desenvolvimento Institucional identifica a Universidade Estadual de Londrina, no que diz respeito \u00e0 sua filosofia de trabalho, \u00e0 miss\u00e3o a que se prop\u00f5e, \u00e0s diretrizes pedag\u00f3gicas que orientam suas a\u00e7\u00f5es, \u00e0 sua estrutura organizacional e \u00e0s atividades acad\u00eamicas que desenvolve e\/ou que pretende desenvolver entre os anos de 2024 (inclusive) e 2028 (inclusive).<\/p>\n","protected":false},"excerpt":{"rendered":"<p>&#8211; Este Plano de Desenvolvimento Institucional identifica a Universidade Estadual de Londrina, no que diz respeito \u00e0 sua filosofia de trabalho, \u00e0 miss\u00e3o a que se prop\u00f5e, \u00e0s diretrizes pedag\u00f3gicas que orientam suas a\u00e7\u00f5es, \u00e0 sua estrutura organizacional e \u00e0s atividades acad\u00eamicas que desenvolve e\/ou que pretende desenvolver entre os anos de 2024 (inclusive) e [&hellip;]<\/p>\n","protected":false},"author":8,"featured_media":0,"parent":0,"menu_order":0,"comment_status":"closed","ping_status":"closed","template":"","meta":{"footnotes":""},"class_list":["post-48","page","type-page","status-publish","hentry"],"acf":[],"_links":{"self":[{"href":"https:\/\/sites.uel.br\/pdi\/wp-json\/wp\/v2\/pages\/48","targetHints":{"allow":["GET"]}}],"collection":[{"href":"https:\/\/sites.uel.br\/pdi\/wp-json\/wp\/v2\/pages"}],"about":[{"href":"https:\/\/sites.uel.br\/pdi\/wp-json\/wp\/v2\/types\/page"}],"author":[{"embeddable":true,"href":"https:\/\/sites.uel.br\/pdi\/wp-json\/wp\/v2\/users\/8"}],"replies":[{"embeddable":true,"href":"https:\/\/sites.uel.br\/pdi\/wp-json\/wp\/v2\/comments?post=48"}],"version-history":[{"count":2,"href":"https:\/\/sites.uel.br\/pdi\/wp-json\/wp\/v2\/pages\/48\/revisions"}],"predecessor-version":[{"id":4182,"href":"https:\/\/sites.uel.br\/pdi\/wp-json\/wp\/v2\/pages\/48\/revisions\/4182"}],"wp:attachment":[{"href":"https:\/\/sites.uel.br\/pdi\/wp-json\/wp\/v2\/media?parent=48"}],"curies":[{"name":"wp","href":"https:\/\/api.w.org\/{rel}","templated":true}]}}

Vigência do PDI UEL 2024-2028

<p class="has-white-color has-text-color">&#8211;</p>



<p>Este Plano de Desenvolvimento Institucional identifica a Universidade Estadual de Londrina, no que diz respeito à sua filosofia de trabalho, à missão a que se propõe, às diretrizes pedagógicas que orientam suas ações, à sua estrutura organizacional e às atividades acadêmicas que desenvolve e/ou que pretende desenvolver entre os anos de 2024 (inclusive) e 2028 (inclusive).</p>

<p>&#8211; Este Plano de Desenvolvimento Institucional identifica a Universidade Estadual de Londrina, no que diz respeito à sua filosofia de trabalho, à missão a que se propõe, às diretrizes pedagógicas que orientam suas ações, à sua estrutura organizacional e às atividades acadêmicas que desenvolve e/ou que pretende desenvolver entre os anos de 2024 (inclusive) e [&hellip;]</p>
