{"id":4085,"date":"2023-01-09T16:41:23","date_gmt":"2023-01-09T19:41:23","guid":{"rendered":"https:\/\/sites.uel.br\/pdi\/?page_id=4085"},"modified":"2023-01-09T16:41:23","modified_gmt":"2023-01-09T19:41:23","slug":"contextualizacao-comissao-propria-de-avaliacao","status":"publish","type":"page","link":"https:\/\/sites.uel.br\/pdi\/contextualizacao-comissao-propria-de-avaliacao\/","title":{"rendered":"Contextualiza\u00e7\u00e3o (Comiss\u00e3o Pr\u00f3pria de Avalia\u00e7\u00e3o)"},"content":{"rendered":"\n<p class=\"has-white-color has-text-color\">.<\/p>\n\n\n\n<p>Atrav\u00e9s da Lei 10.861, de 10 de abril de 2004, que institui o Sistema Nacional de Avalia\u00e7\u00e3o da Educa\u00e7\u00e3o do Ensino Superior (SINAES), e da Portaria Ministerial 2.051, de 9 de julho de 2004, que regulamenta os procedimentos de avalia\u00e7\u00e3o do SINAES, cada institui\u00e7\u00e3o de ensino superior, p\u00fablica ou privada, deve constituir uma Comiss\u00e3o Pr\u00f3pria de Avalia\u00e7\u00e3o (CPA), com as atribui\u00e7\u00f5es de condu\u00e7\u00e3o dos processos de avalia\u00e7\u00e3o internos da institui\u00e7\u00e3o, de sistematiza\u00e7\u00e3o e de presta\u00e7\u00e3o das informa\u00e7\u00f5es pelo Instituto Nacional de Estudos e Pesquisas Educacionais do Minist\u00e9rio da Educa\u00e7\u00e3o (INEP\/MEC), obedecidas as seguintes diretrizes:<\/p>\n\n\n\n<p>Constitui\u00e7\u00e3o por ato do dirigente m\u00e1ximo da institui\u00e7\u00e3o de ensino superior, ou por previs\u00e3o no seu pr\u00f3prio estatuto ou regimento, assegurada a participa\u00e7\u00e3o de todos os segmentos da Comunidade Universit\u00e1ria e da sociedade civil organizada, e vedada a composi\u00e7\u00e3o que privilegia a maioria absoluta de um dos segmentos.<\/p>\n\n\n\n<p>Atua\u00e7\u00e3o aut\u00f4noma em rela\u00e7\u00e3o a conselhos e demais \u00f3rg\u00e3os colegiados existentes na institui\u00e7\u00e3o de educa\u00e7\u00e3o superior.<\/p>\n\n\n\n<p>Atendendo \u00e0 legisla\u00e7\u00e3o vigente, foi constitu\u00edda, em 2004, no \u00e2mbito da UEL a Comiss\u00e3o Permanente de Avalia\u00e7\u00e3o, hoje denominada de Comiss\u00e3o Pr\u00f3pria de Avalia\u00e7\u00e3o da UEL (CPA\/UEL), respons\u00e1vel pela condu\u00e7\u00e3o dos processos de avalia\u00e7\u00e3o internos da institui\u00e7\u00e3o, de sistematiza\u00e7\u00e3o e de presta\u00e7\u00e3o das informa\u00e7\u00f5es solicitadas por \u00f3rg\u00e3os governamentais (INEP\/MEC, CEE\/PR e SETI-PR).Em 2005, com as Delibera\u00e7\u00f5es 001\/2005, de 14 de fevereiro de 2005, 003\/2005, de 5 de outubro de 2005, e 004\/2005, de 7 de outubro de 2005, do Conselho Estadual de Educa\u00e7\u00e3o do Paran\u00e1 (CEE\/PR), o processo de avalia\u00e7\u00e3o institucional nas institui\u00e7\u00f5es de ensino superior do Sistema de Ensino toma outra propor\u00e7\u00e3o \u00e0 medida que determina as diferentes etapas do processo avaliativo (autoavalia\u00e7\u00e3o ou avalia\u00e7\u00e3o interna e externa), observada a legisla\u00e7\u00e3o vigente, inclusive constituindo-se como referencial b\u00e1sico dos processos de regula\u00e7\u00e3o e supervis\u00e3o da educa\u00e7\u00e3o superior, neles compreendidos o credenciamento e recredenciamento das IES, autoriza\u00e7\u00e3o, reconhecimento e renova\u00e7\u00e3o de reconhecimento de cursos de gradua\u00e7\u00e3o, tendo como coordenadora do Processo de Avalia\u00e7\u00e3o Institucional a Secretaria de Estado da Ci\u00eancia, Tecnologia e Ensino Superior (SETI), atrav\u00e9s da Comiss\u00e3o Estadual de Avalia\u00e7\u00e3o (CEA), criada pelo&nbsp;<\/p>\n","protected":false},"excerpt":{"rendered":"<p>. Atrav\u00e9s da Lei 10.861, de 10 de abril de 2004, que institui o Sistema Nacional de Avalia\u00e7\u00e3o da Educa\u00e7\u00e3o do Ensino Superior (SINAES), e da Portaria Ministerial 2.051, de 9 de julho de 2004, que regulamenta os procedimentos de avalia\u00e7\u00e3o do SINAES, cada institui\u00e7\u00e3o de ensino superior, p\u00fablica ou privada, deve constituir uma Comiss\u00e3o [&hellip;]<\/p>\n","protected":false},"author":8,"featured_media":0,"parent":0,"menu_order":0,"comment_status":"closed","ping_status":"closed","template":"","meta":{"footnotes":""},"class_list":["post-4085","page","type-page","status-publish","hentry"],"acf":[],"_links":{"self":[{"href":"https:\/\/sites.uel.br\/pdi\/wp-json\/wp\/v2\/pages\/4085","targetHints":{"allow":["GET"]}}],"collection":[{"href":"https:\/\/sites.uel.br\/pdi\/wp-json\/wp\/v2\/pages"}],"about":[{"href":"https:\/\/sites.uel.br\/pdi\/wp-json\/wp\/v2\/types\/page"}],"author":[{"embeddable":true,"href":"https:\/\/sites.uel.br\/pdi\/wp-json\/wp\/v2\/users\/8"}],"replies":[{"embeddable":true,"href":"https:\/\/sites.uel.br\/pdi\/wp-json\/wp\/v2\/comments?post=4085"}],"version-history":[{"count":1,"href":"https:\/\/sites.uel.br\/pdi\/wp-json\/wp\/v2\/pages\/4085\/revisions"}],"predecessor-version":[{"id":4086,"href":"https:\/\/sites.uel.br\/pdi\/wp-json\/wp\/v2\/pages\/4085\/revisions\/4086"}],"wp:attachment":[{"href":"https:\/\/sites.uel.br\/pdi\/wp-json\/wp\/v2\/media?parent=4085"}],"curies":[{"name":"wp","href":"https:\/\/api.w.org\/{rel}","templated":true}]}}