{"id":4082,"date":"2023-01-09T16:38:59","date_gmt":"2023-01-09T19:38:59","guid":{"rendered":"https:\/\/sites.uel.br\/pdi\/?page_id=4082"},"modified":"2023-01-09T16:38:59","modified_gmt":"2023-01-09T19:38:59","slug":"capitulo-ii-avaliacao-interna-ou-autoavaliacao","status":"publish","type":"page","link":"https:\/\/sites.uel.br\/pdi\/capitulo-ii-avaliacao-interna-ou-autoavaliacao\/","title":{"rendered":"Cap\u00edtulo II \u2013 Avalia\u00e7\u00e3o Interna ou Autoavalia\u00e7\u00e3o"},"content":{"rendered":"\n<p class=\"has-white-color has-text-color\">.<\/p>\n\n\n\n<p>Nos procedimentos de avalia\u00e7\u00e3o interna, a CPA-UEL far\u00e1 uso de instrumentos pr\u00f3prios elaborados em conjunto com os segmentos envolvidos em cada atividade, que permitam a an\u00e1lise situacional, dentre outras, das seguintes dimens\u00f5es:<\/p>\n\n\n\n<p>A miss\u00e3o e o Plano de Desenvolvimento Institucional (PDI).<\/p>\n\n\n\n<p>A pol\u00edtica para o ensino, a pesquisa, a p\u00f3s-gradua\u00e7\u00e3o e a extens\u00e3o e as respectivas formas de operacionaliza\u00e7\u00e3o, inclu\u00eddos os procedimentos para est\u00edmulo \u00e0 produ\u00e7\u00e3o acad\u00eamica.<\/p>\n\n\n\n<p>A responsabilidade social da institui\u00e7\u00e3o, no contexto regional, considerada especialmente no que se refere ao desenvolvimento institucional, econ\u00f4mico e social, \u00e0 defesa ao meio ambiente, da mem\u00f3ria cultural, do patrim\u00f4nio cultural, da produ\u00e7\u00e3o art\u00edstica e da inclus\u00e3o social.<\/p>\n\n\n\n<p>A comunica\u00e7\u00e3o com a sociedade.<\/p>\n\n\n\n<p>As pol\u00edticas de pessoal, as carreiras do corpo docente e do corpo t\u00e9cnico-administrativo, seu aperfei\u00e7oamento, desenvolvimento profissional e suas condi\u00e7\u00f5es de trabalho.<\/p>\n\n\n\n<p>A organiza\u00e7\u00e3o e gest\u00e3o da institui\u00e7\u00e3o, especialmente o funcionamento e representatividade dos colegiados e a participa\u00e7\u00e3o dos segmentos da Comunidade Universit\u00e1ria nos processos decis\u00f3rios de sua compet\u00eancia.Infraestrutura f\u00edsica, especialmente a de ensino, pesquisa e extens\u00e3o,\u00a0biblioteca, recursos de informa\u00e7\u00e3o e comunica\u00e7\u00e3o.<\/p>\n\n\n\n<p>Planejamento e avalia\u00e7\u00e3o especialmente os processos, resultados e efic\u00e1cia da autoavalia\u00e7\u00e3o institucional.<\/p>\n\n\n\n<p>Pol\u00edticas de assist\u00eancia estudantil e de acompanhamento de egressos.<\/p>\n\n\n\n<p>Sustentabilidade financeira, tendo em vista o significado social da continuidade dos compromissos na oferta da educa\u00e7\u00e3o superior.<\/p>\n","protected":false},"excerpt":{"rendered":"<p>. Nos procedimentos de avalia\u00e7\u00e3o interna, a CPA-UEL far\u00e1 uso de instrumentos pr\u00f3prios elaborados em conjunto com os segmentos envolvidos em cada atividade, que permitam a an\u00e1lise situacional, dentre outras, das seguintes dimens\u00f5es: A miss\u00e3o e o Plano de Desenvolvimento Institucional (PDI). A pol\u00edtica para o ensino, a pesquisa, a p\u00f3s-gradua\u00e7\u00e3o e a extens\u00e3o e [&hellip;]<\/p>\n","protected":false},"author":8,"featured_media":0,"parent":0,"menu_order":0,"comment_status":"closed","ping_status":"closed","template":"","meta":{"footnotes":""},"class_list":["post-4082","page","type-page","status-publish","hentry"],"acf":[],"_links":{"self":[{"href":"https:\/\/sites.uel.br\/pdi\/wp-json\/wp\/v2\/pages\/4082","targetHints":{"allow":["GET"]}}],"collection":[{"href":"https:\/\/sites.uel.br\/pdi\/wp-json\/wp\/v2\/pages"}],"about":[{"href":"https:\/\/sites.uel.br\/pdi\/wp-json\/wp\/v2\/types\/page"}],"author":[{"embeddable":true,"href":"https:\/\/sites.uel.br\/pdi\/wp-json\/wp\/v2\/users\/8"}],"replies":[{"embeddable":true,"href":"https:\/\/sites.uel.br\/pdi\/wp-json\/wp\/v2\/comments?post=4082"}],"version-history":[{"count":1,"href":"https:\/\/sites.uel.br\/pdi\/wp-json\/wp\/v2\/pages\/4082\/revisions"}],"predecessor-version":[{"id":4083,"href":"https:\/\/sites.uel.br\/pdi\/wp-json\/wp\/v2\/pages\/4082\/revisions\/4083"}],"wp:attachment":[{"href":"https:\/\/sites.uel.br\/pdi\/wp-json\/wp\/v2\/media?parent=4082"}],"curies":[{"name":"wp","href":"https:\/\/api.w.org\/{rel}","templated":true}]}}

Capítulo II – Avaliação Interna ou Autoavaliação

<p class="has-white-color has-text-color">.</p>



<p>Nos procedimentos de avaliação interna, a CPA-UEL fará uso de instrumentos próprios elaborados em conjunto com os segmentos envolvidos em cada atividade, que permitam a análise situacional, dentre outras, das seguintes dimensões:</p>



<p>A missão e o Plano de Desenvolvimento Institucional (PDI).</p>



<p>A política para o ensino, a pesquisa, a pós-graduação e a extensão e as respectivas formas de operacionalização, incluídos os procedimentos para estímulo à produção acadêmica.</p>



<p>A responsabilidade social da instituição, no contexto regional, considerada especialmente no que se refere ao desenvolvimento institucional, econômico e social, à defesa ao meio ambiente, da memória cultural, do patrimônio cultural, da produção artística e da inclusão social.</p>



<p>A comunicação com a sociedade.</p>



<p>As políticas de pessoal, as carreiras do corpo docente e do corpo técnico-administrativo, seu aperfeiçoamento, desenvolvimento profissional e suas condições de trabalho.</p>



<p>A organização e gestão da instituição, especialmente o funcionamento e representatividade dos colegiados e a participação dos segmentos da Comunidade Universitária nos processos decisórios de sua competência.Infraestrutura física, especialmente a de ensino, pesquisa e extensão, biblioteca, recursos de informação e comunicação.</p>



<p>Planejamento e avaliação especialmente os processos, resultados e eficácia da autoavaliação institucional.</p>



<p>Políticas de assistência estudantil e de acompanhamento de egressos.</p>



<p>Sustentabilidade financeira, tendo em vista o significado social da continuidade dos compromissos na oferta da educação superior.</p>

<p>. Nos procedimentos de avaliação interna, a CPA-UEL fará uso de instrumentos próprios elaborados em conjunto com os segmentos envolvidos em cada atividade, que permitam a análise situacional, dentre outras, das seguintes dimensões: A missão e o Plano de Desenvolvimento Institucional (PDI). A política para o ensino, a pesquisa, a pós-graduação e a extensão e [&hellip;]</p>
