{"id":4067,"date":"2023-01-09T16:31:04","date_gmt":"2023-01-09T19:31:04","guid":{"rendered":"https:\/\/sites.uel.br\/pdi\/?page_id=4067"},"modified":"2023-01-09T16:31:04","modified_gmt":"2023-01-09T19:31:04","slug":"capitulo-iv-presidencia","status":"publish","type":"page","link":"https:\/\/sites.uel.br\/pdi\/capitulo-iv-presidencia\/","title":{"rendered":"Cap\u00edtulo IV \u2013 Presid\u00eancia"},"content":{"rendered":"\n<p class=\"has-text-color\" style=\"color:#fefefe\">.<\/p>\n\n\n\n<p>Em reuni\u00e3o espec\u00edfica da CPA-UEL, os membros dever\u00e3o eleger por maioria simples o presidente e o vice-presidente dentre os membros titulares docentes sagrando-se os eleitos mais votados.<\/p>\n\n\n\n<p>Nas faltas e impedimentos do Presidente, a CPA-UEL ser\u00e1 presidida pelo vice-presidente.<\/p>\n\n\n\n<p>A carga hor\u00e1ria para o exerc\u00edcio da fun\u00e7\u00e3o de presidente da CPA-UEL ser\u00e1 de vinte horas semanais.<\/p>\n\n\n\n<p>Compete \u00e0 presid\u00eancia da CPA-UEL:<\/p>\n\n\n\n<p>Coordenar os trabalhos da Comiss\u00e3o.<\/p>\n\n\n\n<p>Convocar e presidir as reuni\u00f5es da Comiss\u00e3o.<\/p>\n\n\n\n<p>Solicitar \u00e0s Unidades da Universidade, diretamente ou por meio dos demais membros da CPA-UEL a quem atribuir a incumb\u00eancia, as informa\u00e7\u00f5es necess\u00e1rias ao desenvolvimento das atividades da CPA-UEL.<\/p>\n\n\n\n<p>Determinar todas as provid\u00eancias necess\u00e1rias para a manuten\u00e7\u00e3o da composi\u00e7\u00e3o da CPA-UEL de acordo com o n\u00famero regulamentar de membros representantes, devendo proceder a convoca\u00e7\u00e3o de membros suplentes, na hip\u00f3tese de vac\u00e2ncia.<\/p>\n\n\n\n<p>Adotar as provid\u00eancias para a utilidade das reuni\u00f5es da CPA-UEL, comunicando os membros representantes quanto \u00e0 import\u00e2ncia da participa\u00e7\u00e3o efetiva nas reuni\u00f5es, mediante o controle efetivo da presen\u00e7a e participa\u00e7\u00e3o nas reuni\u00f5es e ado\u00e7\u00e3o das medidas cab\u00edveis nas hip\u00f3teses de aus\u00eancias injustificadas.<\/p>\n\n\n\n<p>Requerer \u00e0 Reitoria a ado\u00e7\u00e3o das provid\u00eancias administrativas necess\u00e1rias para as elei\u00e7\u00f5es dos membros representantes da CPA-UEL.<\/p>\n\n\n\n<p>As atividades t\u00e9cnico-administrativas da CPA-UEL ser\u00e3o realizadas pela pr\u00f3pria Comiss\u00e3o, podendo contar com o apoio do Gabinete da Reitoria, circunscrevendo:<\/p>\n\n\n\n<p>A elabora\u00e7\u00e3o e a organiza\u00e7\u00e3o da pauta das reuni\u00f5es da CPA-UEL, submetendo-a previamente \u00e0 an\u00e1lise do Presidente da Comiss\u00e3o.<\/p>\n\n\n\n<p>A convoca\u00e7\u00e3o dos membros da CPA-UEL para as reuni\u00f5es peri\u00f3dicas ou extraordin\u00e1rias, mediante pr\u00e9via ci\u00eancia do Presidente da Comiss\u00e3o.<\/p>\n\n\n\n<p>Os servi\u00e7os de lavra de atas e respectiva leitura, para assinatura dos membros da CPA-UEL.<\/p>\n\n\n\n<p>A prepara\u00e7\u00e3o da documenta\u00e7\u00e3o interna da CPA-UEL, colhendo a assinatura do Presidente da Comiss\u00e3o e demais membros, se necess\u00e1rio, com posterior ado\u00e7\u00e3o de provid\u00eancias de encaminhamento ao destino.<\/p>\n\n\n\n<p>A atualiza\u00e7\u00e3o cont\u00ednua da correspond\u00eancia e documenta\u00e7\u00e3o da CPA-UEL, inclu\u00edda a documenta\u00e7\u00e3o dos processos de autoavalia\u00e7\u00e3o e avalia\u00e7\u00e3o externa.<\/p>\n\n\n\n<p>A elabora\u00e7\u00e3o de pedidos de informa\u00e7\u00f5es e a execu\u00e7\u00e3o de dilig\u00eancias, quando requeridas e autorizadas pelo Presidente da CPA-UEL.<\/p>\n","protected":false},"excerpt":{"rendered":"<p>. Em reuni\u00e3o espec\u00edfica da CPA-UEL, os membros dever\u00e3o eleger por maioria simples o presidente e o vice-presidente dentre os membros titulares docentes sagrando-se os eleitos mais votados. Nas faltas e impedimentos do Presidente, a CPA-UEL ser\u00e1 presidida pelo vice-presidente. A carga hor\u00e1ria para o exerc\u00edcio da fun\u00e7\u00e3o de presidente da CPA-UEL ser\u00e1 de vinte [&hellip;]<\/p>\n","protected":false},"author":8,"featured_media":0,"parent":0,"menu_order":0,"comment_status":"closed","ping_status":"closed","template":"","meta":{"footnotes":""},"class_list":["post-4067","page","type-page","status-publish","hentry"],"acf":[],"_links":{"self":[{"href":"https:\/\/sites.uel.br\/pdi\/wp-json\/wp\/v2\/pages\/4067","targetHints":{"allow":["GET"]}}],"collection":[{"href":"https:\/\/sites.uel.br\/pdi\/wp-json\/wp\/v2\/pages"}],"about":[{"href":"https:\/\/sites.uel.br\/pdi\/wp-json\/wp\/v2\/types\/page"}],"author":[{"embeddable":true,"href":"https:\/\/sites.uel.br\/pdi\/wp-json\/wp\/v2\/users\/8"}],"replies":[{"embeddable":true,"href":"https:\/\/sites.uel.br\/pdi\/wp-json\/wp\/v2\/comments?post=4067"}],"version-history":[{"count":1,"href":"https:\/\/sites.uel.br\/pdi\/wp-json\/wp\/v2\/pages\/4067\/revisions"}],"predecessor-version":[{"id":4068,"href":"https:\/\/sites.uel.br\/pdi\/wp-json\/wp\/v2\/pages\/4067\/revisions\/4068"}],"wp:attachment":[{"href":"https:\/\/sites.uel.br\/pdi\/wp-json\/wp\/v2\/media?parent=4067"}],"curies":[{"name":"wp","href":"https:\/\/api.w.org\/{rel}","templated":true}]}}

Capítulo IV – Presidência

<p class="has-text-color" style="color:#fefefe">.</p>



<p>Em reunião específica da CPA-UEL, os membros deverão eleger por maioria simples o presidente e o vice-presidente dentre os membros titulares docentes sagrando-se os eleitos mais votados.</p>



<p>Nas faltas e impedimentos do Presidente, a CPA-UEL será presidida pelo vice-presidente.</p>



<p>A carga horária para o exercício da função de presidente da CPA-UEL será de vinte horas semanais.</p>



<p>Compete à presidência da CPA-UEL:</p>



<p>Coordenar os trabalhos da Comissão.</p>



<p>Convocar e presidir as reuniões da Comissão.</p>



<p>Solicitar às Unidades da Universidade, diretamente ou por meio dos demais membros da CPA-UEL a quem atribuir a incumbência, as informações necessárias ao desenvolvimento das atividades da CPA-UEL.</p>



<p>Determinar todas as providências necessárias para a manutenção da composição da CPA-UEL de acordo com o número regulamentar de membros representantes, devendo proceder a convocação de membros suplentes, na hipótese de vacância.</p>



<p>Adotar as providências para a utilidade das reuniões da CPA-UEL, comunicando os membros representantes quanto à importância da participação efetiva nas reuniões, mediante o controle efetivo da presença e participação nas reuniões e adoção das medidas cabíveis nas hipóteses de ausências injustificadas.</p>



<p>Requerer à Reitoria a adoção das providências administrativas necessárias para as eleições dos membros representantes da CPA-UEL.</p>



<p>As atividades técnico-administrativas da CPA-UEL serão realizadas pela própria Comissão, podendo contar com o apoio do Gabinete da Reitoria, circunscrevendo:</p>



<p>A elaboração e a organização da pauta das reuniões da CPA-UEL, submetendo-a previamente à análise do Presidente da Comissão.</p>



<p>A convocação dos membros da CPA-UEL para as reuniões periódicas ou extraordinárias, mediante prévia ciência do Presidente da Comissão.</p>



<p>Os serviços de lavra de atas e respectiva leitura, para assinatura dos membros da CPA-UEL.</p>



<p>A preparação da documentação interna da CPA-UEL, colhendo a assinatura do Presidente da Comissão e demais membros, se necessário, com posterior adoção de providências de encaminhamento ao destino.</p>



<p>A atualização contínua da correspondência e documentação da CPA-UEL, incluída a documentação dos processos de autoavaliação e avaliação externa.</p>



<p>A elaboração de pedidos de informações e a execução de diligências, quando requeridas e autorizadas pelo Presidente da CPA-UEL.</p>

<p>. Em reunião específica da CPA-UEL, os membros deverão eleger por maioria simples o presidente e o vice-presidente dentre os membros titulares docentes sagrando-se os eleitos mais votados. Nas faltas e impedimentos do Presidente, a CPA-UEL será presidida pelo vice-presidente. A carga horária para o exercício da função de presidente da CPA-UEL será de vinte [&hellip;]</p>
