{"id":4051,"date":"2023-01-09T16:20:03","date_gmt":"2023-01-09T19:20:03","guid":{"rendered":"https:\/\/sites.uel.br\/pdi\/?page_id=4051"},"modified":"2023-01-09T16:20:03","modified_gmt":"2023-01-09T19:20:03","slug":"objetivos-programa-de-autoavaliacao-institucional","status":"publish","type":"page","link":"https:\/\/sites.uel.br\/pdi\/objetivos-programa-de-autoavaliacao-institucional\/","title":{"rendered":"Objetivos (Programa de Autoavalia\u00e7\u00e3o Institucional)"},"content":{"rendered":"\n<p class=\"has-white-color has-text-color\">.<\/p>\n\n\n\n<p>O objetivo do Programa de Autoavalia\u00e7\u00e3o Institucional da UEL \u00e9 saber se a universidade cumpre&nbsp;sua&nbsp;fun\u00e7\u00e3o social&nbsp;e&nbsp;em&nbsp;quecondi\u00e7\u00f5es de&nbsp;quantidade&nbsp;e&nbsp;de&nbsp;qualidade.&nbsp;Neste sentido,&nbsp;interessa-nos saber e avaliar o que a institui\u00e7\u00e3o se prop\u00f4s realizar quanto \u00e0s suas atividades de ensino, pesquisa, extens\u00e3o e presta\u00e7\u00e3o de servi\u00e7o. Interessa-nos, tamb\u00e9m, e como atividades meio, saber da qualidade de suas pr\u00e1ticas de gest\u00e3o, das condi\u00e7\u00f5es de recursos materiais, humanos e financeiros, quanto da forma dos seus processos de tomada de decis\u00f5es. A avalia\u00e7\u00e3o dever\u00e1 contemplar a institui\u00e7\u00e3o no seu todo, identificando \u201co seu perfil e o significado de sua atua\u00e7\u00e3o\u201d, atrav\u00e9s de um conjunto de pr\u00e1ticas de avalia\u00e7\u00e3o de modo a contemplar as dimens\u00f5es destacadas pelo SINAES e subsidiar suas pol\u00edticas de desenvolvimento.<\/p>\n\n\n\n<p>Como objetivos espec\u00edficos, nos termos da concep\u00e7\u00e3o de avalia\u00e7\u00e3o proposta, destacamos os seguintes:<\/p>\n\n\n\n<p>Considerar o\u00a0compromisso\u00a0social\u00a0da\u00a0institui\u00e7\u00e3o em\u00a0face\u00a0de\u00a0uma realidade socioecon\u00f4mica de desigualdades e de injusti\u00e7as sociais.<\/p>\n\n\n\n<p>Considerar as pol\u00edticas e pr\u00e1ticas acad\u00eamicas quanto a favorecer os processos de integra\u00e7\u00e3o social.<\/p>\n\n\n\n<p>Considerar as\u00a0atividades\u00a0de\u00a0ensino, pesquisa e extens\u00e3o na perspectiva de se constitu\u00edrem em pr\u00e1ticas indissoci\u00e1veis.<\/p>\n\n\n\n<p>Considerar a\u00a0forma\u00e7\u00e3o docente\u00a0compromissada\u00a0com\u00a0o\u00a0ensino\u00a0fundamental\u00a0e\u00a0m\u00e9dio.<\/p>\n\n\n\n<p>Considerar o\u00a0car\u00e1ter democr\u00e1tico e participativo das pr\u00e1ticas acad\u00eamicas.<\/p>\n\n\n\n<p>Considerar o\u00a0car\u00e1ter democr\u00e1tico de suas estruturas de tomada de decis\u00f5es e de\u00a0gest\u00e3o.<\/p>\n\n\n\n<p>Considerar a efici\u00eancia e a\u00a0efic\u00e1cia das suas atividades de presta\u00e7\u00e3o de servi\u00e7os.<\/p>\n\n\n\n<p>Considerar o\u00a0car\u00e1ter org\u00e2nico de suas atividades de ensino de gradua\u00e7\u00e3o e de p\u00f3s-gradua\u00e7\u00e3o.<\/p>\n\n\n\n<p>Considerar o\u00a0car\u00e1ter org\u00e2nico de suas pr\u00e1ticas de pesquisa e extens\u00e3o com as atividades de ensino.<\/p>\n\n\n\n<p>Considerar suas\u00a0pol\u00edticas de pessoal em fun\u00e7\u00e3o dos objetivos institucionais.<\/p>\n\n\n\n<p>Considerar sua\u00a0pol\u00edtica de aten\u00e7\u00e3o ao estudante em fun\u00e7\u00e3o do seu ingresso e condi\u00e7\u00f5es de perman\u00eancia na\u00a0institui\u00e7\u00e3o.<\/p>\n\n\n\n<p>Considerar suas condi\u00e7\u00f5es de estrutura f\u00edsica em fun\u00e7\u00e3o \u00e0 adequa\u00e7\u00e3o do desempenho satisfat\u00f3rios das atividades acad\u00eamicas.<\/p>\n\n\n\n<p>Considerar a\u00a0rela\u00e7\u00e3o da\u00a0universidade\u00a0com\u00a0a\u00a0sociedade\u00a0em\u00a0fun\u00e7\u00e3o da\u00a0produ\u00e7\u00e3o e dissemina\u00e7\u00e3o de conhecimentos.<\/p>\n\n\n\n<p>Considerar sua\u00a0gest\u00e3o financeira\u00a0em\u00a0fun\u00e7\u00e3o da\u00a0sustentabilidade\u00a0do\u00a0seu\u00a0compromisso\u00a0institucional.<\/p>\n","protected":false},"excerpt":{"rendered":"<p>. O objetivo do Programa de Autoavalia\u00e7\u00e3o Institucional da UEL \u00e9 saber se a universidade cumpre&nbsp;sua&nbsp;fun\u00e7\u00e3o social&nbsp;e&nbsp;em&nbsp;quecondi\u00e7\u00f5es de&nbsp;quantidade&nbsp;e&nbsp;de&nbsp;qualidade.&nbsp;Neste sentido,&nbsp;interessa-nos saber e avaliar o que a institui\u00e7\u00e3o se prop\u00f4s realizar quanto \u00e0s suas atividades de ensino, pesquisa, extens\u00e3o e presta\u00e7\u00e3o de servi\u00e7o. Interessa-nos, tamb\u00e9m, e como atividades meio, saber da qualidade de suas pr\u00e1ticas de gest\u00e3o, [&hellip;]<\/p>\n","protected":false},"author":8,"featured_media":0,"parent":0,"menu_order":0,"comment_status":"closed","ping_status":"closed","template":"","meta":{"footnotes":""},"class_list":["post-4051","page","type-page","status-publish","hentry"],"acf":[],"_links":{"self":[{"href":"https:\/\/sites.uel.br\/pdi\/wp-json\/wp\/v2\/pages\/4051","targetHints":{"allow":["GET"]}}],"collection":[{"href":"https:\/\/sites.uel.br\/pdi\/wp-json\/wp\/v2\/pages"}],"about":[{"href":"https:\/\/sites.uel.br\/pdi\/wp-json\/wp\/v2\/types\/page"}],"author":[{"embeddable":true,"href":"https:\/\/sites.uel.br\/pdi\/wp-json\/wp\/v2\/users\/8"}],"replies":[{"embeddable":true,"href":"https:\/\/sites.uel.br\/pdi\/wp-json\/wp\/v2\/comments?post=4051"}],"version-history":[{"count":1,"href":"https:\/\/sites.uel.br\/pdi\/wp-json\/wp\/v2\/pages\/4051\/revisions"}],"predecessor-version":[{"id":4052,"href":"https:\/\/sites.uel.br\/pdi\/wp-json\/wp\/v2\/pages\/4051\/revisions\/4052"}],"wp:attachment":[{"href":"https:\/\/sites.uel.br\/pdi\/wp-json\/wp\/v2\/media?parent=4051"}],"curies":[{"name":"wp","href":"https:\/\/api.w.org\/{rel}","templated":true}]}}

Objetivos (Programa de Autoavaliação Institucional)

<p class="has-white-color has-text-color">.</p>



<p>O objetivo do Programa de Autoavaliação Institucional da UEL é saber se a universidade cumpre&nbsp;sua&nbsp;função social&nbsp;e&nbsp;em&nbsp;quecondições de&nbsp;quantidade&nbsp;e&nbsp;de&nbsp;qualidade.&nbsp;Neste sentido,&nbsp;interessa-nos saber e avaliar o que a instituição se propôs realizar quanto às suas atividades de ensino, pesquisa, extensão e prestação de serviço. Interessa-nos, também, e como atividades meio, saber da qualidade de suas práticas de gestão, das condições de recursos materiais, humanos e financeiros, quanto da forma dos seus processos de tomada de decisões. A avaliação deverá contemplar a instituição no seu todo, identificando “o seu perfil e o significado de sua atuação”, através de um conjunto de práticas de avaliação de modo a contemplar as dimensões destacadas pelo SINAES e subsidiar suas políticas de desenvolvimento.</p>



<p>Como objetivos específicos, nos termos da concepção de avaliação proposta, destacamos os seguintes:</p>



<p>Considerar o compromisso social da instituição em face de uma realidade socioeconômica de desigualdades e de injustiças sociais.</p>



<p>Considerar as políticas e práticas acadêmicas quanto a favorecer os processos de integração social.</p>



<p>Considerar as atividades de ensino, pesquisa e extensão na perspectiva de se constituírem em práticas indissociáveis.</p>



<p>Considerar a formação docente compromissada com o ensino fundamental e médio.</p>



<p>Considerar o caráter democrático e participativo das práticas acadêmicas.</p>



<p>Considerar o caráter democrático de suas estruturas de tomada de decisões e de gestão.</p>



<p>Considerar a eficiência e a eficácia das suas atividades de prestação de serviços.</p>



<p>Considerar o caráter orgânico de suas atividades de ensino de graduação e de pós-graduação.</p>



<p>Considerar o caráter orgânico de suas práticas de pesquisa e extensão com as atividades de ensino.</p>



<p>Considerar suas políticas de pessoal em função dos objetivos institucionais.</p>



<p>Considerar sua política de atenção ao estudante em função do seu ingresso e condições de permanência na instituição.</p>



<p>Considerar suas condições de estrutura física em função à adequação do desempenho satisfatórios das atividades acadêmicas.</p>



<p>Considerar a relação da universidade com a sociedade em função da produção e disseminação de conhecimentos.</p>



<p>Considerar sua gestão financeira em função da sustentabilidade do seu compromisso institucional.</p>

<p>. O objetivo do Programa de Autoavaliação Institucional da UEL é saber se a universidade cumpre&nbsp;sua&nbsp;função social&nbsp;e&nbsp;em&nbsp;quecondições de&nbsp;quantidade&nbsp;e&nbsp;de&nbsp;qualidade.&nbsp;Neste sentido,&nbsp;interessa-nos saber e avaliar o que a instituição se propôs realizar quanto às suas atividades de ensino, pesquisa, extensão e prestação de serviço. Interessa-nos, também, e como atividades meio, saber da qualidade de suas práticas de gestão, [&hellip;]</p>
