{"id":4045,"date":"2023-01-09T16:15:05","date_gmt":"2023-01-09T19:15:05","guid":{"rendered":"https:\/\/sites.uel.br\/pdi\/?page_id=4045"},"modified":"2023-01-09T16:15:05","modified_gmt":"2023-01-09T19:15:05","slug":"avaliacao-do-plano-de-desenvolvimento-institucional","status":"publish","type":"page","link":"https:\/\/sites.uel.br\/pdi\/avaliacao-do-plano-de-desenvolvimento-institucional\/","title":{"rendered":"Avalia\u00e7\u00e3o do Plano de Desenvolvimento Institucional"},"content":{"rendered":"\n<p class=\"has-white-color has-text-color\">.<\/p>\n\n\n\n<p>O Plano de Desenvolvimento Institucional, tendo como refer\u00eancia a realidade presente da universidade e as expectativas de evolu\u00e7\u00e3o projeta, para um per\u00edodo de cinco anos, o desenvolvimento desejado da institui\u00e7\u00e3o \u2013 seus objetivos e metas. No PDI est\u00e3o inscritos o compromisso social, com projetos voltados \u00e0 realidade social, econ\u00f4mica e cultural do pa\u00eds, do estado e da regi\u00e3o de sua inser\u00e7\u00e3o; o projeto pol\u00edtico pedag\u00f3gico, com a forma\u00e7\u00e3o profissional esperada; a pol\u00edtica de pessoal e de capacita\u00e7\u00e3o; a pol\u00edtica de atividades complementares; e, a previs\u00e3o or\u00e7ament\u00e1ria e origem dos recursos para o desenvolvimento desejado.<\/p>\n","protected":false},"excerpt":{"rendered":"<p>. O Plano de Desenvolvimento Institucional, tendo como refer\u00eancia a realidade presente da universidade e as expectativas de evolu\u00e7\u00e3o projeta, para um per\u00edodo de cinco anos, o desenvolvimento desejado da institui\u00e7\u00e3o \u2013 seus objetivos e metas. No PDI est\u00e3o inscritos o compromisso social, com projetos voltados \u00e0 realidade social, econ\u00f4mica e cultural do pa\u00eds, do [&hellip;]<\/p>\n","protected":false},"author":8,"featured_media":0,"parent":0,"menu_order":0,"comment_status":"closed","ping_status":"closed","template":"","meta":{"footnotes":""},"class_list":["post-4045","page","type-page","status-publish","hentry"],"acf":[],"_links":{"self":[{"href":"https:\/\/sites.uel.br\/pdi\/wp-json\/wp\/v2\/pages\/4045","targetHints":{"allow":["GET"]}}],"collection":[{"href":"https:\/\/sites.uel.br\/pdi\/wp-json\/wp\/v2\/pages"}],"about":[{"href":"https:\/\/sites.uel.br\/pdi\/wp-json\/wp\/v2\/types\/page"}],"author":[{"embeddable":true,"href":"https:\/\/sites.uel.br\/pdi\/wp-json\/wp\/v2\/users\/8"}],"replies":[{"embeddable":true,"href":"https:\/\/sites.uel.br\/pdi\/wp-json\/wp\/v2\/comments?post=4045"}],"version-history":[{"count":1,"href":"https:\/\/sites.uel.br\/pdi\/wp-json\/wp\/v2\/pages\/4045\/revisions"}],"predecessor-version":[{"id":4046,"href":"https:\/\/sites.uel.br\/pdi\/wp-json\/wp\/v2\/pages\/4045\/revisions\/4046"}],"wp:attachment":[{"href":"https:\/\/sites.uel.br\/pdi\/wp-json\/wp\/v2\/media?parent=4045"}],"curies":[{"name":"wp","href":"https:\/\/api.w.org\/{rel}","templated":true}]}}

Avaliação do Plano de Desenvolvimento Institucional

<p class="has-white-color has-text-color">.</p>



<p>O Plano de Desenvolvimento Institucional, tendo como referência a realidade presente da universidade e as expectativas de evolução projeta, para um período de cinco anos, o desenvolvimento desejado da instituição – seus objetivos e metas. No PDI estão inscritos o compromisso social, com projetos voltados à realidade social, econômica e cultural do país, do estado e da região de sua inserção; o projeto político pedagógico, com a formação profissional esperada; a política de pessoal e de capacitação; a política de atividades complementares; e, a previsão orçamentária e origem dos recursos para o desenvolvimento desejado.</p>

<p>. O Plano de Desenvolvimento Institucional, tendo como referência a realidade presente da universidade e as expectativas de evolução projeta, para um período de cinco anos, o desenvolvimento desejado da instituição – seus objetivos e metas. No PDI estão inscritos o compromisso social, com projetos voltados à realidade social, econômica e cultural do país, do [&hellip;]</p>
