{"id":4042,"date":"2023-01-09T16:14:07","date_gmt":"2023-01-09T19:14:07","guid":{"rendered":"https:\/\/sites.uel.br\/pdi\/?page_id=4042"},"modified":"2023-01-09T16:14:07","modified_gmt":"2023-01-09T19:14:07","slug":"avaliacao-do-ensino-de-graduacao","status":"publish","type":"page","link":"https:\/\/sites.uel.br\/pdi\/avaliacao-do-ensino-de-graduacao\/","title":{"rendered":"Avalia\u00e7\u00e3o do Ensino de Gradua\u00e7\u00e3o"},"content":{"rendered":"\n<p class=\"has-white-color has-text-color\">.<\/p>\n\n\n\n<p>A avalia\u00e7\u00e3o dos cursos de gradua\u00e7\u00e3o, observada a especificidade de cada curso, envolve a an\u00e1lise dos projetos pedag\u00f3gicos, dos curr\u00edculos, dos processos did\u00e1tico-pedag\u00f3gicos e dos recursos f\u00edsicos, administrativos e humanos. A avalia\u00e7\u00e3o dos cursos tem periodicidade de dois anos.<\/p>\n","protected":false},"excerpt":{"rendered":"<p>. A avalia\u00e7\u00e3o dos cursos de gradua\u00e7\u00e3o, observada a especificidade de cada curso, envolve a an\u00e1lise dos projetos pedag\u00f3gicos, dos curr\u00edculos, dos processos did\u00e1tico-pedag\u00f3gicos e dos recursos f\u00edsicos, administrativos e humanos. A avalia\u00e7\u00e3o dos cursos tem periodicidade de dois anos.<\/p>\n","protected":false},"author":8,"featured_media":0,"parent":0,"menu_order":0,"comment_status":"closed","ping_status":"closed","template":"","meta":{"footnotes":""},"class_list":["post-4042","page","type-page","status-publish","hentry"],"acf":[],"_links":{"self":[{"href":"https:\/\/sites.uel.br\/pdi\/wp-json\/wp\/v2\/pages\/4042","targetHints":{"allow":["GET"]}}],"collection":[{"href":"https:\/\/sites.uel.br\/pdi\/wp-json\/wp\/v2\/pages"}],"about":[{"href":"https:\/\/sites.uel.br\/pdi\/wp-json\/wp\/v2\/types\/page"}],"author":[{"embeddable":true,"href":"https:\/\/sites.uel.br\/pdi\/wp-json\/wp\/v2\/users\/8"}],"replies":[{"embeddable":true,"href":"https:\/\/sites.uel.br\/pdi\/wp-json\/wp\/v2\/comments?post=4042"}],"version-history":[{"count":1,"href":"https:\/\/sites.uel.br\/pdi\/wp-json\/wp\/v2\/pages\/4042\/revisions"}],"predecessor-version":[{"id":4043,"href":"https:\/\/sites.uel.br\/pdi\/wp-json\/wp\/v2\/pages\/4042\/revisions\/4043"}],"wp:attachment":[{"href":"https:\/\/sites.uel.br\/pdi\/wp-json\/wp\/v2\/media?parent=4042"}],"curies":[{"name":"wp","href":"https:\/\/api.w.org\/{rel}","templated":true}]}}

Avaliação do Ensino de Graduação

<p class="has-white-color has-text-color">.</p>



<p>A avaliação dos cursos de graduação, observada a especificidade de cada curso, envolve a análise dos projetos pedagógicos, dos currículos, dos processos didático-pedagógicos e dos recursos físicos, administrativos e humanos. A avaliação dos cursos tem periodicidade de dois anos.</p>

<p>. A avaliação dos cursos de graduação, observada a especificidade de cada curso, envolve a análise dos projetos pedagógicos, dos currículos, dos processos didático-pedagógicos e dos recursos físicos, administrativos e humanos. A avaliação dos cursos tem periodicidade de dois anos.</p>
