{"id":4033,"date":"2023-01-09T16:11:45","date_gmt":"2023-01-09T19:11:45","guid":{"rendered":"https:\/\/sites.uel.br\/pdi\/?page_id=4033"},"modified":"2023-01-09T16:11:45","modified_gmt":"2023-01-09T19:11:45","slug":"avaliacao-do-projeto-de-pesquisa","status":"publish","type":"page","link":"https:\/\/sites.uel.br\/pdi\/avaliacao-do-projeto-de-pesquisa\/","title":{"rendered":"Avalia\u00e7\u00e3o do Projeto de Pesquisa"},"content":{"rendered":"\n<p class=\"has-white-color has-text-color\">.<\/p>\n\n\n\n<p>A avalia\u00e7\u00e3o dos projetos de pesquisa\u00a0pretende destacar a import\u00e2ncia da atividade na institui\u00e7\u00e3o como contribui\u00e7\u00e3o ao desenvolvimento cient\u00edfico e social, bem como a pertin\u00eancia da atividade em rela\u00e7\u00e3o \u00e0 realidade socioecon\u00f4mica e cultural do pa\u00eds, do\u00a0estado\u00a0e\u00a0da\u00a0regi\u00e3o.\u00a0Pretende,\u00a0tamb\u00e9m, destacar o perfil da universidade em rela\u00e7\u00e3o \u00e0 atividade, quanto \u00e0s linhas e grupos de pesquisa existentes, bem como sua concentra\u00e7\u00e3o em rela\u00e7\u00e3o aos campos do saber. Da mesma forma, \u00e9 objetivo da pesquisa destacar o envolvimento de docentes, discentes e t\u00e9cnicos com a pesquisa e os seus desdobramentos quanto \u00e0 dissemina\u00e7\u00e3o do conhecimento produzido e seu impacto acad\u00eamico e social.<\/p>\n","protected":false},"excerpt":{"rendered":"<p>. A avalia\u00e7\u00e3o dos projetos de pesquisa\u00a0pretende destacar a import\u00e2ncia da atividade na institui\u00e7\u00e3o como contribui\u00e7\u00e3o ao desenvolvimento cient\u00edfico e social, bem como a pertin\u00eancia da atividade em rela\u00e7\u00e3o \u00e0 realidade socioecon\u00f4mica e cultural do pa\u00eds, do\u00a0estado\u00a0e\u00a0da\u00a0regi\u00e3o.\u00a0Pretende,\u00a0tamb\u00e9m, destacar o perfil da universidade em rela\u00e7\u00e3o \u00e0 atividade, quanto \u00e0s linhas e grupos de pesquisa existentes, bem [&hellip;]<\/p>\n","protected":false},"author":8,"featured_media":0,"parent":0,"menu_order":0,"comment_status":"closed","ping_status":"closed","template":"","meta":{"footnotes":""},"class_list":["post-4033","page","type-page","status-publish","hentry"],"acf":[],"_links":{"self":[{"href":"https:\/\/sites.uel.br\/pdi\/wp-json\/wp\/v2\/pages\/4033","targetHints":{"allow":["GET"]}}],"collection":[{"href":"https:\/\/sites.uel.br\/pdi\/wp-json\/wp\/v2\/pages"}],"about":[{"href":"https:\/\/sites.uel.br\/pdi\/wp-json\/wp\/v2\/types\/page"}],"author":[{"embeddable":true,"href":"https:\/\/sites.uel.br\/pdi\/wp-json\/wp\/v2\/users\/8"}],"replies":[{"embeddable":true,"href":"https:\/\/sites.uel.br\/pdi\/wp-json\/wp\/v2\/comments?post=4033"}],"version-history":[{"count":1,"href":"https:\/\/sites.uel.br\/pdi\/wp-json\/wp\/v2\/pages\/4033\/revisions"}],"predecessor-version":[{"id":4034,"href":"https:\/\/sites.uel.br\/pdi\/wp-json\/wp\/v2\/pages\/4033\/revisions\/4034"}],"wp:attachment":[{"href":"https:\/\/sites.uel.br\/pdi\/wp-json\/wp\/v2\/media?parent=4033"}],"curies":[{"name":"wp","href":"https:\/\/api.w.org\/{rel}","templated":true}]}}

Avaliação do Projeto de Pesquisa

<p class="has-white-color has-text-color">.</p>



<p>A avaliação dos projetos de pesquisa pretende destacar a importância da atividade na instituição como contribuição ao desenvolvimento científico e social, bem como a pertinência da atividade em relação à realidade socioeconômica e cultural do país, do estado e da região. Pretende, também, destacar o perfil da universidade em relação à atividade, quanto às linhas e grupos de pesquisa existentes, bem como sua concentração em relação aos campos do saber. Da mesma forma, é objetivo da pesquisa destacar o envolvimento de docentes, discentes e técnicos com a pesquisa e os seus desdobramentos quanto à disseminação do conhecimento produzido e seu impacto acadêmico e social.</p>

<p>. A avaliação dos projetos de pesquisa pretende destacar a importância da atividade na instituição como contribuição ao desenvolvimento científico e social, bem como a pertinência da atividade em relação à realidade socioeconômica e cultural do país, do estado e da região. Pretende, também, destacar o perfil da universidade em relação à atividade, quanto às linhas e grupos de pesquisa existentes, bem [&hellip;]</p>
