{"id":4030,"date":"2023-01-09T16:11:05","date_gmt":"2023-01-09T19:11:05","guid":{"rendered":"https:\/\/sites.uel.br\/pdi\/?page_id=4030"},"modified":"2023-01-09T16:11:05","modified_gmt":"2023-01-09T19:11:05","slug":"avaliacao-do-projeto-de-extensao","status":"publish","type":"page","link":"https:\/\/sites.uel.br\/pdi\/avaliacao-do-projeto-de-extensao\/","title":{"rendered":"Avalia\u00e7\u00e3o do Projeto de Extens\u00e3o"},"content":{"rendered":"\n<p class=\"has-white-color has-text-color\">.<\/p>\n\n\n\n<p>A avalia\u00e7\u00e3o dos projetos de extens\u00e3o, igualmente aos projetos de pesquisa, visa destacar a import\u00e2ncia destes na institui\u00e7\u00e3o para o cumprimento de sua fun\u00e7\u00e3o social. Cabe destacar os tipos de projetos de extens\u00e3o e suas vincula\u00e7\u00f5es com os campos de saber. Interessa igualmente aferir a concep\u00e7\u00e3o dos projetos de extens\u00e3o na sua rela\u00e7\u00e3o com as atividades de ensino e pesquisa. Da mesma forma, a avalia\u00e7\u00e3o objetiva destacar o envolvimento dos docentes, dos discentes e dos t\u00e9cnicos-administrativos nas\u00a0pr\u00e1ticas de extens\u00e3o e os desdobramentos destas atividades quanto \u00e0 dissemina\u00e7\u00e3o e ao impacto socioecon\u00f4mico e cultura.<\/p>\n","protected":false},"excerpt":{"rendered":"<p>. A avalia\u00e7\u00e3o dos projetos de extens\u00e3o, igualmente aos projetos de pesquisa, visa destacar a import\u00e2ncia destes na institui\u00e7\u00e3o para o cumprimento de sua fun\u00e7\u00e3o social. Cabe destacar os tipos de projetos de extens\u00e3o e suas vincula\u00e7\u00f5es com os campos de saber. Interessa igualmente aferir a concep\u00e7\u00e3o dos projetos de extens\u00e3o na sua rela\u00e7\u00e3o com [&hellip;]<\/p>\n","protected":false},"author":8,"featured_media":0,"parent":0,"menu_order":0,"comment_status":"closed","ping_status":"closed","template":"","meta":{"footnotes":""},"class_list":["post-4030","page","type-page","status-publish","hentry"],"acf":[],"_links":{"self":[{"href":"https:\/\/sites.uel.br\/pdi\/wp-json\/wp\/v2\/pages\/4030","targetHints":{"allow":["GET"]}}],"collection":[{"href":"https:\/\/sites.uel.br\/pdi\/wp-json\/wp\/v2\/pages"}],"about":[{"href":"https:\/\/sites.uel.br\/pdi\/wp-json\/wp\/v2\/types\/page"}],"author":[{"embeddable":true,"href":"https:\/\/sites.uel.br\/pdi\/wp-json\/wp\/v2\/users\/8"}],"replies":[{"embeddable":true,"href":"https:\/\/sites.uel.br\/pdi\/wp-json\/wp\/v2\/comments?post=4030"}],"version-history":[{"count":1,"href":"https:\/\/sites.uel.br\/pdi\/wp-json\/wp\/v2\/pages\/4030\/revisions"}],"predecessor-version":[{"id":4031,"href":"https:\/\/sites.uel.br\/pdi\/wp-json\/wp\/v2\/pages\/4030\/revisions\/4031"}],"wp:attachment":[{"href":"https:\/\/sites.uel.br\/pdi\/wp-json\/wp\/v2\/media?parent=4030"}],"curies":[{"name":"wp","href":"https:\/\/api.w.org\/{rel}","templated":true}]}}

Avaliação do Projeto de Extensão

<p class="has-white-color has-text-color">.</p>



<p>A avaliação dos projetos de extensão, igualmente aos projetos de pesquisa, visa destacar a importância destes na instituição para o cumprimento de sua função social. Cabe destacar os tipos de projetos de extensão e suas vinculações com os campos de saber. Interessa igualmente aferir a concepção dos projetos de extensão na sua relação com as atividades de ensino e pesquisa. Da mesma forma, a avaliação objetiva destacar o envolvimento dos docentes, dos discentes e dos técnicos-administrativos nas práticas de extensão e os desdobramentos destas atividades quanto à disseminação e ao impacto socioeconômico e cultura.</p>

<p>. A avaliação dos projetos de extensão, igualmente aos projetos de pesquisa, visa destacar a importância destes na instituição para o cumprimento de sua função social. Cabe destacar os tipos de projetos de extensão e suas vinculações com os campos de saber. Interessa igualmente aferir a concepção dos projetos de extensão na sua relação com [&hellip;]</p>
