{"id":4027,"date":"2023-01-09T16:10:13","date_gmt":"2023-01-09T19:10:13","guid":{"rendered":"https:\/\/sites.uel.br\/pdi\/?page_id=4027"},"modified":"2023-01-09T16:10:13","modified_gmt":"2023-01-09T19:10:13","slug":"avaliacao-do-projeto-de-ensino","status":"publish","type":"page","link":"https:\/\/sites.uel.br\/pdi\/avaliacao-do-projeto-de-ensino\/","title":{"rendered":"Avalia\u00e7\u00e3o do Projeto de Ensino"},"content":{"rendered":"\n<p class=\"has-white-color has-text-color\">.<\/p>\n\n\n\n<p>Os projetos de ensino est\u00e3o diretamente vinculados ao desenvolvimento das\u00a0pr\u00e1ticas did\u00e1tico-pedag\u00f3gicas do ensino de gradua\u00e7\u00e3o e, em especial, \u00e0s habilita\u00e7\u00f5es em licenciatura que t\u00eam import\u00e2ncia fundamental no compromisso da educa\u00e7\u00e3o superior com o ensino fundamental e m\u00e9dio. Sua import\u00e2ncia cresce, cada vez mais, na medida em que novas tecnologias s\u00e3o associadas aos processos de ensino-aprendizagem, de modo que, igualmente aos projetos de pesquisa e de extens\u00e3o, os projetos de ensino est\u00e3o voltados para a produ\u00e7\u00e3o de novos conhecimentos. Interessa-nos saber sobre sua import\u00e2ncia na institui\u00e7\u00e3o e, especialmente, sobre o impacto dessa atividade nas pr\u00e1ticas educacionais da gradua\u00e7\u00e3o e do ensino fundamental e m\u00e9dio. E, da mesma forma, interessa saber o envolvimento dos docentes, discentes e t\u00e9cnicos com os projetos de pesquisa.<\/p>\n","protected":false},"excerpt":{"rendered":"<p>. Os projetos de ensino est\u00e3o diretamente vinculados ao desenvolvimento das\u00a0pr\u00e1ticas did\u00e1tico-pedag\u00f3gicas do ensino de gradua\u00e7\u00e3o e, em especial, \u00e0s habilita\u00e7\u00f5es em licenciatura que t\u00eam import\u00e2ncia fundamental no compromisso da educa\u00e7\u00e3o superior com o ensino fundamental e m\u00e9dio. Sua import\u00e2ncia cresce, cada vez mais, na medida em que novas tecnologias s\u00e3o associadas aos processos de [&hellip;]<\/p>\n","protected":false},"author":8,"featured_media":0,"parent":0,"menu_order":0,"comment_status":"closed","ping_status":"closed","template":"","meta":{"footnotes":""},"class_list":["post-4027","page","type-page","status-publish","hentry"],"acf":[],"_links":{"self":[{"href":"https:\/\/sites.uel.br\/pdi\/wp-json\/wp\/v2\/pages\/4027","targetHints":{"allow":["GET"]}}],"collection":[{"href":"https:\/\/sites.uel.br\/pdi\/wp-json\/wp\/v2\/pages"}],"about":[{"href":"https:\/\/sites.uel.br\/pdi\/wp-json\/wp\/v2\/types\/page"}],"author":[{"embeddable":true,"href":"https:\/\/sites.uel.br\/pdi\/wp-json\/wp\/v2\/users\/8"}],"replies":[{"embeddable":true,"href":"https:\/\/sites.uel.br\/pdi\/wp-json\/wp\/v2\/comments?post=4027"}],"version-history":[{"count":1,"href":"https:\/\/sites.uel.br\/pdi\/wp-json\/wp\/v2\/pages\/4027\/revisions"}],"predecessor-version":[{"id":4028,"href":"https:\/\/sites.uel.br\/pdi\/wp-json\/wp\/v2\/pages\/4027\/revisions\/4028"}],"wp:attachment":[{"href":"https:\/\/sites.uel.br\/pdi\/wp-json\/wp\/v2\/media?parent=4027"}],"curies":[{"name":"wp","href":"https:\/\/api.w.org\/{rel}","templated":true}]}}

Avaliação do Projeto de Ensino

<p class="has-white-color has-text-color">.</p>



<p>Os projetos de ensino estão diretamente vinculados ao desenvolvimento das práticas didático-pedagógicas do ensino de graduação e, em especial, às habilitações em licenciatura que têm importância fundamental no compromisso da educação superior com o ensino fundamental e médio. Sua importância cresce, cada vez mais, na medida em que novas tecnologias são associadas aos processos de ensino-aprendizagem, de modo que, igualmente aos projetos de pesquisa e de extensão, os projetos de ensino estão voltados para a produção de novos conhecimentos. Interessa-nos saber sobre sua importância na instituição e, especialmente, sobre o impacto dessa atividade nas práticas educacionais da graduação e do ensino fundamental e médio. E, da mesma forma, interessa saber o envolvimento dos docentes, discentes e técnicos com os projetos de pesquisa.</p>

<p>. Os projetos de ensino estão diretamente vinculados ao desenvolvimento das práticas didático-pedagógicas do ensino de graduação e, em especial, às habilitações em licenciatura que têm importância fundamental no compromisso da educação superior com o ensino fundamental e médio. Sua importância cresce, cada vez mais, na medida em que novas tecnologias são associadas aos processos de [&hellip;]</p>
