{"id":4024,"date":"2023-01-09T16:09:31","date_gmt":"2023-01-09T19:09:31","guid":{"rendered":"https:\/\/sites.uel.br\/pdi\/?page_id=4024"},"modified":"2023-01-09T16:09:31","modified_gmt":"2023-01-09T19:09:31","slug":"avaliacao-da-politica-de-recursos-humanos","status":"publish","type":"page","link":"https:\/\/sites.uel.br\/pdi\/avaliacao-da-politica-de-recursos-humanos\/","title":{"rendered":"Avalia\u00e7\u00e3o da Pol\u00edtica de Recursos Humanos"},"content":{"rendered":"\n<p class=\"has-white-color has-text-color\">.<\/p>\n\n\n\n<p>A avalia\u00e7\u00e3o da pol\u00edtica de pessoal envolve a capacita\u00e7\u00e3o docente e do pessoal t\u00e9cnico-administrativo, bem como condi\u00e7\u00f5es de vida saud\u00e1vel no ambiente de trabalho, pressupondo uma pol\u00edtica de qualifica\u00e7\u00e3o sustent\u00e1vel e condizente com o Projeto Pol\u00edtico Pedag\u00f3gico Institucional.&nbsp;Sua&nbsp;plena realiza\u00e7\u00e3o est\u00e1 diretamente relacionada \u00e0 autonomia do planejamento de recursos humanos e \u00e0 capacidade financeira da institui\u00e7\u00e3o.<\/p>\n\n\n\n<p>O projeto de avalia\u00e7\u00e3o da pol\u00edtica de capacita\u00e7\u00e3o docente tem por finalidade avaliar a efetividade da pol\u00edtica de capacita\u00e7\u00e3o e sua adequa\u00e7\u00e3o ao projeto pol\u00edtico pedag\u00f3gico dos cursos, bem como o seu impacto nas atividades acad\u00eamicas. Para essa avalia\u00e7\u00e3o, obviamente, n\u00e3o se pode desconsiderar&nbsp;as&nbsp;condi\u00e7\u00f5es de&nbsp;trabalho&nbsp;e&nbsp;viv\u00eancia no campus. A pesquisa ter\u00e1 periodicidade de 4 anos. A avalia\u00e7\u00e3o ser\u00e1 desenvolvida a partir da an\u00e1lise das seguintes categorias: condi\u00e7\u00f5es de perman\u00eancia no campus, est\u00edmulo \u00e0 capacita\u00e7\u00e3o e suas condi\u00e7\u00f5es de realiza\u00e7\u00e3o; est\u00edmulo \u00e0 participa\u00e7\u00e3o em eventos cient\u00edficos; plano de carreira; programas de atendimento \u00e0s sa\u00fade; e, programa de apoio econ\u00f4mico-financeiro.<\/p>\n\n\n\n<p>O projeto de avalia\u00e7\u00e3o da pol\u00edtica de capacita\u00e7\u00e3o de t\u00e9cnicos-administrativos tem por finalidade avaliar a efetividade da pol\u00edtica de capacita\u00e7\u00e3o do pessoal t\u00e9cnico-administrativo para o desempenho de suas fun\u00e7\u00f5es. Dever\u00e3o ser considerados n\u00e3o apenas os planos de incentivo \u00e0 qualifica\u00e7\u00e3o, mas tamb\u00e9m as condi\u00e7\u00f5es de trabalho e vida no campus.<\/p>\n","protected":false},"excerpt":{"rendered":"<p>. A avalia\u00e7\u00e3o da pol\u00edtica de pessoal envolve a capacita\u00e7\u00e3o docente e do pessoal t\u00e9cnico-administrativo, bem como condi\u00e7\u00f5es de vida saud\u00e1vel no ambiente de trabalho, pressupondo uma pol\u00edtica de qualifica\u00e7\u00e3o sustent\u00e1vel e condizente com o Projeto Pol\u00edtico Pedag\u00f3gico Institucional.&nbsp;Sua&nbsp;plena realiza\u00e7\u00e3o est\u00e1 diretamente relacionada \u00e0 autonomia do planejamento de recursos humanos e \u00e0 capacidade financeira da [&hellip;]<\/p>\n","protected":false},"author":8,"featured_media":0,"parent":0,"menu_order":0,"comment_status":"closed","ping_status":"closed","template":"","meta":{"footnotes":""},"class_list":["post-4024","page","type-page","status-publish","hentry"],"acf":[],"_links":{"self":[{"href":"https:\/\/sites.uel.br\/pdi\/wp-json\/wp\/v2\/pages\/4024","targetHints":{"allow":["GET"]}}],"collection":[{"href":"https:\/\/sites.uel.br\/pdi\/wp-json\/wp\/v2\/pages"}],"about":[{"href":"https:\/\/sites.uel.br\/pdi\/wp-json\/wp\/v2\/types\/page"}],"author":[{"embeddable":true,"href":"https:\/\/sites.uel.br\/pdi\/wp-json\/wp\/v2\/users\/8"}],"replies":[{"embeddable":true,"href":"https:\/\/sites.uel.br\/pdi\/wp-json\/wp\/v2\/comments?post=4024"}],"version-history":[{"count":1,"href":"https:\/\/sites.uel.br\/pdi\/wp-json\/wp\/v2\/pages\/4024\/revisions"}],"predecessor-version":[{"id":4025,"href":"https:\/\/sites.uel.br\/pdi\/wp-json\/wp\/v2\/pages\/4024\/revisions\/4025"}],"wp:attachment":[{"href":"https:\/\/sites.uel.br\/pdi\/wp-json\/wp\/v2\/media?parent=4024"}],"curies":[{"name":"wp","href":"https:\/\/api.w.org\/{rel}","templated":true}]}}

Avaliação da Política de Recursos Humanos

<p class="has-white-color has-text-color">.</p>



<p>A avaliação da política de pessoal envolve a capacitação docente e do pessoal técnico-administrativo, bem como condições de vida saudável no ambiente de trabalho, pressupondo uma política de qualificação sustentável e condizente com o Projeto Político Pedagógico Institucional.&nbsp;Sua&nbsp;plena realização está diretamente relacionada à autonomia do planejamento de recursos humanos e à capacidade financeira da instituição.</p>



<p>O projeto de avaliação da política de capacitação docente tem por finalidade avaliar a efetividade da política de capacitação e sua adequação ao projeto político pedagógico dos cursos, bem como o seu impacto nas atividades acadêmicas. Para essa avaliação, obviamente, não se pode desconsiderar&nbsp;as&nbsp;condições de&nbsp;trabalho&nbsp;e&nbsp;vivência no campus. A pesquisa terá periodicidade de 4 anos. A avaliação será desenvolvida a partir da análise das seguintes categorias: condições de permanência no campus, estímulo à capacitação e suas condições de realização; estímulo à participação em eventos científicos; plano de carreira; programas de atendimento às saúde; e, programa de apoio econômico-financeiro.</p>



<p>O projeto de avaliação da política de capacitação de técnicos-administrativos tem por finalidade avaliar a efetividade da política de capacitação do pessoal técnico-administrativo para o desempenho de suas funções. Deverão ser considerados não apenas os planos de incentivo à qualificação, mas também as condições de trabalho e vida no campus.</p>

<p>. A avaliação da política de pessoal envolve a capacitação docente e do pessoal técnico-administrativo, bem como condições de vida saudável no ambiente de trabalho, pressupondo uma política de qualificação sustentável e condizente com o Projeto Político Pedagógico Institucional.&nbsp;Sua&nbsp;plena realização está diretamente relacionada à autonomia do planejamento de recursos humanos e à capacidade financeira da [&hellip;]</p>
