{"id":4020,"date":"2023-01-09T15:58:03","date_gmt":"2023-01-09T18:58:03","guid":{"rendered":"https:\/\/sites.uel.br\/pdi\/?page_id=4020"},"modified":"2023-01-09T15:58:03","modified_gmt":"2023-01-09T18:58:03","slug":"avaliacao-da-estrutura-administrativa-e-da-politica-de-gestao","status":"publish","type":"page","link":"https:\/\/sites.uel.br\/pdi\/avaliacao-da-estrutura-administrativa-e-da-politica-de-gestao\/","title":{"rendered":"Avalia\u00e7\u00e3o da Estrutura Administrativa e da Pol\u00edtica de Gest\u00e3o"},"content":{"rendered":"\n<p class=\"has-white-color has-text-color\">.<\/p>\n\n\n\n<p>A avalia\u00e7\u00e3o da estrutura administrativa objetiva focar o seu car\u00e1ter de compet\u00eancia e funcionalidade no desenvolvimento de suas atividades, em especial quanto aos recursos f\u00edsicos e humanos adequados. Objetiva, tamb\u00e9m, a partir da estrutura, definida em seu estatuto, saber da forma de organiza\u00e7\u00e3o e participa\u00e7\u00e3o nas tomadas de decis\u00e3o, tanto em rela\u00e7\u00e3o \u00e0s atividades acad\u00eamicas como administrativas.<\/p>\n","protected":false},"excerpt":{"rendered":"<p>. A avalia\u00e7\u00e3o da estrutura administrativa objetiva focar o seu car\u00e1ter de compet\u00eancia e funcionalidade no desenvolvimento de suas atividades, em especial quanto aos recursos f\u00edsicos e humanos adequados. Objetiva, tamb\u00e9m, a partir da estrutura, definida em seu estatuto, saber da forma de organiza\u00e7\u00e3o e participa\u00e7\u00e3o nas tomadas de decis\u00e3o, tanto em rela\u00e7\u00e3o \u00e0s atividades [&hellip;]<\/p>\n","protected":false},"author":8,"featured_media":0,"parent":0,"menu_order":0,"comment_status":"closed","ping_status":"closed","template":"","meta":{"footnotes":""},"class_list":["post-4020","page","type-page","status-publish","hentry"],"acf":[],"_links":{"self":[{"href":"https:\/\/sites.uel.br\/pdi\/wp-json\/wp\/v2\/pages\/4020","targetHints":{"allow":["GET"]}}],"collection":[{"href":"https:\/\/sites.uel.br\/pdi\/wp-json\/wp\/v2\/pages"}],"about":[{"href":"https:\/\/sites.uel.br\/pdi\/wp-json\/wp\/v2\/types\/page"}],"author":[{"embeddable":true,"href":"https:\/\/sites.uel.br\/pdi\/wp-json\/wp\/v2\/users\/8"}],"replies":[{"embeddable":true,"href":"https:\/\/sites.uel.br\/pdi\/wp-json\/wp\/v2\/comments?post=4020"}],"version-history":[{"count":1,"href":"https:\/\/sites.uel.br\/pdi\/wp-json\/wp\/v2\/pages\/4020\/revisions"}],"predecessor-version":[{"id":4021,"href":"https:\/\/sites.uel.br\/pdi\/wp-json\/wp\/v2\/pages\/4020\/revisions\/4021"}],"wp:attachment":[{"href":"https:\/\/sites.uel.br\/pdi\/wp-json\/wp\/v2\/media?parent=4020"}],"curies":[{"name":"wp","href":"https:\/\/api.w.org\/{rel}","templated":true}]}}

Avaliação da Estrutura Administrativa e da Política de Gestão

<p class="has-white-color has-text-color">.</p>



<p>A avaliação da estrutura administrativa objetiva focar o seu caráter de competência e funcionalidade no desenvolvimento de suas atividades, em especial quanto aos recursos físicos e humanos adequados. Objetiva, também, a partir da estrutura, definida em seu estatuto, saber da forma de organização e participação nas tomadas de decisão, tanto em relação às atividades acadêmicas como administrativas.</p>

<p>. A avaliação da estrutura administrativa objetiva focar o seu caráter de competência e funcionalidade no desenvolvimento de suas atividades, em especial quanto aos recursos físicos e humanos adequados. Objetiva, também, a partir da estrutura, definida em seu estatuto, saber da forma de organização e participação nas tomadas de decisão, tanto em relação às atividades [&hellip;]</p>
