{"id":4005,"date":"2023-01-09T15:40:40","date_gmt":"2023-01-09T18:40:40","guid":{"rendered":"https:\/\/sites.uel.br\/pdi\/?page_id=4005"},"modified":"2023-01-09T16:15:38","modified_gmt":"2023-01-09T19:15:38","slug":"projetos-de-avaliacao","status":"publish","type":"page","link":"https:\/\/sites.uel.br\/pdi\/projetos-de-avaliacao\/","title":{"rendered":"Projetos de Avalia\u00e7\u00e3o"},"content":{"rendered":"\n<p class=\"has-white-color has-text-color\">.<\/p>\n\n\n\n<p>Os projetos propostos, como se ver\u00e1 a seguir, na sucinta descri\u00e7\u00e3o, contemplam as dimens\u00f5es propostas pelo SINAES, ao mesmo tempo que buscam responder ao que considera o programa proposto nos seus objetivos,\u00a0geral\u00a0e\u00a0espec\u00edficos. Observamos ainda que os projetos s\u00e3o apresentados em suas linhas gerais com a defini\u00e7\u00e3o das categorias de an\u00e1lise e indicadores, numa primeira aproxima\u00e7\u00e3o, estando, pois, sujeitos a reformula\u00e7\u00f5es que, a partir das discuss\u00f5es julgarmos pertinentes.<\/p>\n\n\n\n<p class=\"has-text-color\" style=\"color:#fefefe\">.<\/p>\n\n\n\n<div class=\"wp-block-columns is-not-stacked-on-mobile is-layout-flex wp-container-core-columns-is-layout-9d6595d7 wp-block-columns-is-layout-flex\">\n<div class=\"wp-block-column is-layout-flow wp-block-column-is-layout-flow\">\n<figure class=\"wp-block-gallery has-nested-images columns-default is-cropped wp-block-gallery-1 is-layout-flex wp-block-gallery-is-layout-flex\">\n<figure class=\"wp-block-image size-large\"><a href=\"https:\/\/sites.uel.br\/pdi\/avaliacao-do-plano-de-desenvolvimento-institucional\/\"><img loading=\"lazy\" decoding=\"async\" width=\"1024\" height=\"572\" data-id=\"4002\" src=\"https:\/\/sites.uel.br\/pdi\/wp-content\/uploads\/2023\/01\/ETIXY-1024x572.png\" alt=\"\" class=\"wp-image-4002\" srcset=\"https:\/\/sites.uel.br\/pdi\/wp-content\/uploads\/2023\/01\/ETIXY-1024x572.png 1024w, https:\/\/sites.uel.br\/pdi\/wp-content\/uploads\/2023\/01\/ETIXY-300x168.png 300w, https:\/\/sites.uel.br\/pdi\/wp-content\/uploads\/2023\/01\/ETIXY-768x429.png 768w, https:\/\/sites.uel.br\/pdi\/wp-content\/uploads\/2023\/01\/ETIXY-1536x858.png 1536w, https:\/\/sites.uel.br\/pdi\/wp-content\/uploads\/2023\/01\/ETIXY.png 1987w\" sizes=\"auto, (max-width: 1024px) 100vw, 1024px\" \/><\/a><\/figure>\n<\/figure>\n<\/div>\n\n\n\n<div class=\"wp-block-column is-layout-flow wp-block-column-is-layout-flow\">\n<figure class=\"wp-block-gallery has-nested-images columns-default is-cropped wp-block-gallery-2 is-layout-flex wp-block-gallery-is-layout-flex\">\n<figure class=\"wp-block-image size-large\"><a href=\"https:\/\/sites.uel.br\/pdi\/avaliacao-do-ensino-de-graduacao\/\"><img loading=\"lazy\" decoding=\"async\" width=\"1024\" height=\"572\" data-id=\"4003\" src=\"https:\/\/sites.uel.br\/pdi\/wp-content\/uploads\/2023\/01\/ETIXZ-1024x572.png\" alt=\"\" class=\"wp-image-4003\" srcset=\"https:\/\/sites.uel.br\/pdi\/wp-content\/uploads\/2023\/01\/ETIXZ-1024x572.png 1024w, https:\/\/sites.uel.br\/pdi\/wp-content\/uploads\/2023\/01\/ETIXZ-300x168.png 300w, https:\/\/sites.uel.br\/pdi\/wp-content\/uploads\/2023\/01\/ETIXZ-768x429.png 768w, https:\/\/sites.uel.br\/pdi\/wp-content\/uploads\/2023\/01\/ETIXZ-1536x858.png 1536w, https:\/\/sites.uel.br\/pdi\/wp-content\/uploads\/2023\/01\/ETIXZ.png 1987w\" sizes=\"auto, (max-width: 1024px) 100vw, 1024px\" \/><\/a><\/figure>\n<\/figure>\n<\/div>\n\n\n\n<div class=\"wp-block-column is-layout-flow wp-block-column-is-layout-flow\">\n<figure class=\"wp-block-gallery has-nested-images columns-default is-cropped wp-block-gallery-3 is-layout-flex wp-block-gallery-is-layout-flex\">\n<figure class=\"wp-block-image size-large\"><a href=\"https:\/\/sites.uel.br\/pdi\/avaliacao-do-ensino-de-pos-graduacao\/\"><img loading=\"lazy\" decoding=\"async\" width=\"1024\" height=\"572\" data-id=\"3975\" src=\"https:\/\/sites.uel.br\/pdi\/wp-content\/uploads\/2023\/01\/ETIX01-1024x572.png\" alt=\"\" class=\"wp-image-3975\" srcset=\"https:\/\/sites.uel.br\/pdi\/wp-content\/uploads\/2023\/01\/ETIX01-1024x572.png 1024w, https:\/\/sites.uel.br\/pdi\/wp-content\/uploads\/2023\/01\/ETIX01-300x168.png 300w, https:\/\/sites.uel.br\/pdi\/wp-content\/uploads\/2023\/01\/ETIX01-768x429.png 768w, https:\/\/sites.uel.br\/pdi\/wp-content\/uploads\/2023\/01\/ETIX01-1536x858.png 1536w, https:\/\/sites.uel.br\/pdi\/wp-content\/uploads\/2023\/01\/ETIX01.png 1987w\" sizes=\"auto, (max-width: 1024px) 100vw, 1024px\" \/><\/a><\/figure>\n<\/figure>\n<\/div>\n<\/div>\n\n\n\n<div class=\"wp-block-columns is-not-stacked-on-mobile is-layout-flex wp-container-core-columns-is-layout-9d6595d7 wp-block-columns-is-layout-flex\">\n<div class=\"wp-block-column is-layout-flow wp-block-column-is-layout-flow\">\n<figure class=\"wp-block-gallery has-nested-images columns-default is-cropped wp-block-gallery-4 is-layout-flex wp-block-gallery-is-layout-flex\">\n<figure class=\"wp-block-image size-large\"><a href=\"https:\/\/sites.uel.br\/pdi\/avaliacao-da-politica-de-atendimento-aos-estudantes\/\"><img loading=\"lazy\" decoding=\"async\" width=\"1024\" height=\"572\" data-id=\"3976\" src=\"https:\/\/sites.uel.br\/pdi\/wp-content\/uploads\/2023\/01\/ETIX02-1024x572.png\" alt=\"\" class=\"wp-image-3976\" srcset=\"https:\/\/sites.uel.br\/pdi\/wp-content\/uploads\/2023\/01\/ETIX02-1024x572.png 1024w, https:\/\/sites.uel.br\/pdi\/wp-content\/uploads\/2023\/01\/ETIX02-300x168.png 300w, https:\/\/sites.uel.br\/pdi\/wp-content\/uploads\/2023\/01\/ETIX02-768x429.png 768w, https:\/\/sites.uel.br\/pdi\/wp-content\/uploads\/2023\/01\/ETIX02-1536x858.png 1536w, https:\/\/sites.uel.br\/pdi\/wp-content\/uploads\/2023\/01\/ETIX02.png 1987w\" sizes=\"auto, (max-width: 1024px) 100vw, 1024px\" \/><\/a><\/figure>\n<\/figure>\n<\/div>\n\n\n\n<div class=\"wp-block-column is-layout-flow wp-block-column-is-layout-flow\">\n<figure class=\"wp-block-gallery has-nested-images columns-default is-cropped wp-block-gallery-5 is-layout-flex wp-block-gallery-is-layout-flex\">\n<figure class=\"wp-block-image size-large\"><a href=\"https:\/\/sites.uel.br\/pdi\/avaliacao-do-projeto-de-pesquisa\/\"><img loading=\"lazy\" decoding=\"async\" width=\"1024\" height=\"572\" data-id=\"4004\" src=\"https:\/\/sites.uel.br\/pdi\/wp-content\/uploads\/2023\/01\/ETIX03-1024x572.png\" alt=\"\" class=\"wp-image-4004\" srcset=\"https:\/\/sites.uel.br\/pdi\/wp-content\/uploads\/2023\/01\/ETIX03-1024x572.png 1024w, https:\/\/sites.uel.br\/pdi\/wp-content\/uploads\/2023\/01\/ETIX03-300x168.png 300w, https:\/\/sites.uel.br\/pdi\/wp-content\/uploads\/2023\/01\/ETIX03-768x429.png 768w, https:\/\/sites.uel.br\/pdi\/wp-content\/uploads\/2023\/01\/ETIX03-1536x858.png 1536w, https:\/\/sites.uel.br\/pdi\/wp-content\/uploads\/2023\/01\/ETIX03.png 1987w\" sizes=\"auto, (max-width: 1024px) 100vw, 1024px\" \/><\/a><\/figure>\n<\/figure>\n<\/div>\n\n\n\n<div class=\"wp-block-column is-layout-flow wp-block-column-is-layout-flow\">\n<figure class=\"wp-block-gallery has-nested-images columns-default is-cropped wp-block-gallery-6 is-layout-flex wp-block-gallery-is-layout-flex\">\n<figure class=\"wp-block-image size-large\"><a href=\"https:\/\/sites.uel.br\/pdi\/avaliacao-do-projeto-de-extensao\/\"><img loading=\"lazy\" decoding=\"async\" width=\"1024\" height=\"571\" data-id=\"3978\" src=\"https:\/\/sites.uel.br\/pdi\/wp-content\/uploads\/2023\/01\/ETIX04-1024x571.png\" alt=\"\" class=\"wp-image-3978\" srcset=\"https:\/\/sites.uel.br\/pdi\/wp-content\/uploads\/2023\/01\/ETIX04-1024x571.png 1024w, https:\/\/sites.uel.br\/pdi\/wp-content\/uploads\/2023\/01\/ETIX04-300x167.png 300w, https:\/\/sites.uel.br\/pdi\/wp-content\/uploads\/2023\/01\/ETIX04-768x429.png 768w, https:\/\/sites.uel.br\/pdi\/wp-content\/uploads\/2023\/01\/ETIX04-1536x857.png 1536w, https:\/\/sites.uel.br\/pdi\/wp-content\/uploads\/2023\/01\/ETIX04.png 1989w\" sizes=\"auto, (max-width: 1024px) 100vw, 1024px\" \/><\/a><\/figure>\n<\/figure>\n<\/div>\n<\/div>\n\n\n\n<div class=\"wp-block-columns is-not-stacked-on-mobile is-layout-flex wp-container-core-columns-is-layout-9d6595d7 wp-block-columns-is-layout-flex\">\n<div class=\"wp-block-column is-layout-flow wp-block-column-is-layout-flow\">\n<figure class=\"wp-block-gallery has-nested-images columns-default is-cropped wp-block-gallery-7 is-layout-flex wp-block-gallery-is-layout-flex\">\n<figure class=\"wp-block-image size-large\"><a href=\"https:\/\/sites.uel.br\/pdi\/avaliacao-do-projeto-de-ensino\/\"><img loading=\"lazy\" decoding=\"async\" width=\"1024\" height=\"572\" data-id=\"3979\" src=\"https:\/\/sites.uel.br\/pdi\/wp-content\/uploads\/2023\/01\/ETIX05-1024x572.png\" alt=\"\" class=\"wp-image-3979\" srcset=\"https:\/\/sites.uel.br\/pdi\/wp-content\/uploads\/2023\/01\/ETIX05-1024x572.png 1024w, https:\/\/sites.uel.br\/pdi\/wp-content\/uploads\/2023\/01\/ETIX05-300x168.png 300w, https:\/\/sites.uel.br\/pdi\/wp-content\/uploads\/2023\/01\/ETIX05-768x429.png 768w, https:\/\/sites.uel.br\/pdi\/wp-content\/uploads\/2023\/01\/ETIX05-1536x858.png 1536w, https:\/\/sites.uel.br\/pdi\/wp-content\/uploads\/2023\/01\/ETIX05.png 1987w\" sizes=\"auto, (max-width: 1024px) 100vw, 1024px\" \/><\/a><\/figure>\n<\/figure>\n<\/div>\n\n\n\n<div class=\"wp-block-column is-layout-flow wp-block-column-is-layout-flow\">\n<figure class=\"wp-block-gallery has-nested-images columns-default is-cropped wp-block-gallery-8 is-layout-flex wp-block-gallery-is-layout-flex\">\n<figure class=\"wp-block-image size-large\"><a href=\"https:\/\/sites.uel.br\/pdi\/avaliacao-da-politica-de-recursos-humanos\/\"><img loading=\"lazy\" decoding=\"async\" width=\"1024\" height=\"568\" data-id=\"3980\" src=\"https:\/\/sites.uel.br\/pdi\/wp-content\/uploads\/2023\/01\/ETIX06-1024x568.png\" alt=\"\" class=\"wp-image-3980\" srcset=\"https:\/\/sites.uel.br\/pdi\/wp-content\/uploads\/2023\/01\/ETIX06-1024x568.png 1024w, https:\/\/sites.uel.br\/pdi\/wp-content\/uploads\/2023\/01\/ETIX06-300x166.png 300w, https:\/\/sites.uel.br\/pdi\/wp-content\/uploads\/2023\/01\/ETIX06-768x426.png 768w, https:\/\/sites.uel.br\/pdi\/wp-content\/uploads\/2023\/01\/ETIX06-1536x852.png 1536w, https:\/\/sites.uel.br\/pdi\/wp-content\/uploads\/2023\/01\/ETIX06.png 2002w\" sizes=\"auto, (max-width: 1024px) 100vw, 1024px\" \/><\/a><\/figure>\n<\/figure>\n<\/div>\n\n\n\n<div class=\"wp-block-column is-layout-flow wp-block-column-is-layout-flow\">\n<figure class=\"wp-block-gallery has-nested-images columns-default is-cropped wp-block-gallery-9 is-layout-flex wp-block-gallery-is-layout-flex\">\n<figure class=\"wp-block-image size-large\"><a href=\"https:\/\/sites.uel.br\/pdi\/avaliacao-da-estrutura-administrativa-e-da-politica-de-gestao\/\"><img loading=\"lazy\" decoding=\"async\" width=\"1024\" height=\"569\" data-id=\"3981\" src=\"https:\/\/sites.uel.br\/pdi\/wp-content\/uploads\/2023\/01\/ETIX08-1024x569.png\" alt=\"\" class=\"wp-image-3981\" srcset=\"https:\/\/sites.uel.br\/pdi\/wp-content\/uploads\/2023\/01\/ETIX08-1024x569.png 1024w, https:\/\/sites.uel.br\/pdi\/wp-content\/uploads\/2023\/01\/ETIX08-300x167.png 300w, https:\/\/sites.uel.br\/pdi\/wp-content\/uploads\/2023\/01\/ETIX08-768x426.png 768w, https:\/\/sites.uel.br\/pdi\/wp-content\/uploads\/2023\/01\/ETIX08-1536x853.png 1536w, https:\/\/sites.uel.br\/pdi\/wp-content\/uploads\/2023\/01\/ETIX08.png 1999w\" sizes=\"auto, (max-width: 1024px) 100vw, 1024px\" \/><\/a><\/figure>\n<\/figure>\n<\/div>\n<\/div>\n","protected":false},"excerpt":{"rendered":"<p>. Os projetos propostos, como se ver\u00e1 a seguir, na sucinta descri\u00e7\u00e3o, contemplam as dimens\u00f5es propostas pelo SINAES, ao mesmo tempo que buscam responder ao que considera o programa proposto nos seus objetivos,\u00a0geral\u00a0e\u00a0espec\u00edficos. Observamos ainda que os projetos s\u00e3o apresentados em suas linhas gerais com a defini\u00e7\u00e3o das categorias de an\u00e1lise e indicadores, numa primeira [&hellip;]<\/p>\n","protected":false},"author":8,"featured_media":0,"parent":0,"menu_order":0,"comment_status":"closed","ping_status":"closed","template":"","meta":{"footnotes":""},"class_list":["post-4005","page","type-page","status-publish","hentry"],"acf":[],"_links":{"self":[{"href":"https:\/\/sites.uel.br\/pdi\/wp-json\/wp\/v2\/pages\/4005","targetHints":{"allow":["GET"]}}],"collection":[{"href":"https:\/\/sites.uel.br\/pdi\/wp-json\/wp\/v2\/pages"}],"about":[{"href":"https:\/\/sites.uel.br\/pdi\/wp-json\/wp\/v2\/types\/page"}],"author":[{"embeddable":true,"href":"https:\/\/sites.uel.br\/pdi\/wp-json\/wp\/v2\/users\/8"}],"replies":[{"embeddable":true,"href":"https:\/\/sites.uel.br\/pdi\/wp-json\/wp\/v2\/comments?post=4005"}],"version-history":[{"count":11,"href":"https:\/\/sites.uel.br\/pdi\/wp-json\/wp\/v2\/pages\/4005\/revisions"}],"predecessor-version":[{"id":4047,"href":"https:\/\/sites.uel.br\/pdi\/wp-json\/wp\/v2\/pages\/4005\/revisions\/4047"}],"wp:attachment":[{"href":"https:\/\/sites.uel.br\/pdi\/wp-json\/wp\/v2\/media?parent=4005"}],"curies":[{"name":"wp","href":"https:\/\/api.w.org\/{rel}","templated":true}]}}