{"id":3951,"date":"2022-12-19T18:56:45","date_gmt":"2022-12-19T21:56:45","guid":{"rendered":"https:\/\/sites.uel.br\/pdi\/?page_id=3951"},"modified":"2022-12-19T18:56:45","modified_gmt":"2022-12-19T21:56:45","slug":"sistema-de-bibliotecas-acervos-digitais","status":"publish","type":"page","link":"https:\/\/sites.uel.br\/pdi\/sistema-de-bibliotecas-acervos-digitais\/","title":{"rendered":"Sistema de Bibliotecas &#8211; Acervos Digitais"},"content":{"rendered":"\n<p class=\"has-white-color has-text-color\">.<\/p>\n\n\n\n<p><strong>Biblioteca Digital de Teses e Disserta\u00e7\u00f5es da UEL<\/strong><\/p>\n\n\n\n<p><strong>E-Books\u00a0<\/strong><strong>Karger<\/strong>: as publica\u00e7\u00f5es do selo editorial\u00a0Karger\u00a0abrange disciplinas da medicina humana e ci\u00eancias afins, com t\u00edtulos de relev\u00e2ncia cl\u00ednica e pr\u00e1tica. As publica\u00e7\u00f5es refletem os mais recentes desenvolvimentos e descobertas da pesquisa b\u00e1sica e cl\u00ednica. Os e-books e artigos est\u00e3o dispon\u00edveis gratuitamente para consultas e download.<\/p>\n\n\n\n<p><strong>Plataforma\u00a0<\/strong><strong>InforMed<\/strong>: a\u00a0InforMed\u00a0\u00e9 um sistema de apoio \u00e0 decis\u00e3o cl\u00ednica que leva ao profissional informa\u00e7\u00f5es de qualidade para a tomada de decis\u00e3o durante a pr\u00e1tica cl\u00ednica di\u00e1ria, ou durante os estudos alinhados com metodologias ativas PBL\/TBL.<\/p>\n\n\n\n<p><strong>Plataforma Minha Biblioteca<\/strong><\/p>\n\n\n\n<p><strong>Portal de Anais de Eventos da UEL<\/strong>: o Portal de Anais de Eventos da UEL \u00e9 uma iniciativa que visa reunir, organizar e democratizar o acesso \u00e0s produ\u00e7\u00f5es de eventos organizados no \u00e2mbito da Universidade Estadual de Londrina. O Portal utiliza o Sistema Eletr\u00f4nico de Editora\u00e7\u00e3o de Revistas \u2013 Sistema OJS (Open\u00a0Journal\u00a0System), que foi adaptado para este fim.<\/p>\n\n\n\n<p><strong>Portal de Peri\u00f3dicos CAPES<\/strong>: o Portal de Peri\u00f3dicos da Coordena\u00e7\u00e3o de Aperfei\u00e7oamento de Pessoal de N\u00edvel Superior (CAPES) \u00e9 um dos maiores acervos cient\u00edficos virtuais do Pais, que re\u00fane e disponibiliza conte\u00fados produzidos nacionalmente e outros assinados com editoras internacionais a institui\u00e7\u00f5es de ensino e pesquisa no Brasil. S\u00e3o mais de 49 mil peri\u00f3dicos com texto completo e 455 bases de dados de conte\u00fados diversos, como refer\u00eancias, patentes, estat\u00edsticas, material audiovisual, normas t\u00e9cnicas, teses, disserta\u00e7\u00f5es, livros e obras de refer\u00eancia.<\/p>\n\n\n\n<p><strong>Portal de Peri\u00f3dicos Cient\u00edficos da UEL<\/strong>: o Portal de Peri\u00f3dicos Cient\u00edficos da UEL \u00e9 coordenado pelo Sistema de Bibliotecas. Tem como finalidade o acesso livre \u00e0 pesquisa, assim como a divulga\u00e7\u00e3o e qualifica\u00e7\u00e3o dos peri\u00f3dicos cient\u00edficos publicados na Universidade. A atualiza\u00e7\u00e3o dos dados \u00e9 de responsabilidade dos editores de cada peri\u00f3dico.<\/p>\n\n\n\n<p><strong>Revistas Digitais Lex Magister<\/strong>: neste portal s\u00e3o disponibilizadas as edi\u00e7\u00f5es da Revista Magister Direito Civil e Processual Civil, Revista Magister Direito do Trabalho, Revista Magister Direito Penal e Processual Penal, Revista Brasileira Direito Previdenci\u00e1rio, Revista Nacional Direito de Fam\u00edlia e Sucess\u00f5es, Revista Brasileira de Direito Comercial \u2013 Empresarial, Concorrencial e do Consumidor, Revista Brasileira Direito\u00a0Tribut\u00e1rio e Finan\u00e7as P\u00fablicas e Revista Magister Direito Ambiental e Urban\u00edstico.<\/p>\n\n\n\n<p class=\"has-text-color\" style=\"color:#fefefe\">.<\/p>\n\n\n\n<p><strong>Outros Acervos<\/strong>:<\/p>\n\n\n\n<p>&#8211;<strong>E-Books<\/strong>: DOAB \u2013 Diret\u00f3rio de Livro de Acesso Aberto, Editora da UFSC, FGV Editora,&nbsp;Free-Ebooks, Google Books, Livros Gr\u00e1tis,&nbsp;Many&nbsp;Books, Open&nbsp;Research&nbsp;Library, Open&nbsp;Textbook&nbsp;Library, Portal de Livros Abertos USP,&nbsp;Scielo&nbsp;Livros, The Internet&nbsp;Archive&nbsp;and&nbsp;Open Library, Editora da Universidade Federal Rural da Amaz\u00f4nia, Editora da Universidade do Estado de Mato Grosso, NCBI Bookshelf, Editora da Universidade Federal do Esp\u00edrito Santo, Editora da Pontif\u00edcia Universidade Cat\u00f3lica do Rio de Janeiro, Editora da Universidade do Estado de Minas Gerais, Portal de Peri\u00f3dicos CAPES \u2013 Livros, PORTCOM \u2013 Portal de Livre Acesso \u00e0 Produ\u00e7\u00e3o em Ci\u00eancias da Comunica\u00e7\u00e3o, Portal de Livros da Universidade Federal de Grandes Dourados, Editora da Universidade Federal do Piau\u00ed.<\/p>\n\n\n\n<p>&#8211;<strong>Documentos Diversos<\/strong>: BASE \u2013 Bielefeld&nbsp;Academic&nbsp;Search&nbsp;Enginge, BDPA \u2013 Bases de Dados da Pesquisa Agropecu\u00e1ria \u2013 EMBRAPA, BDTD \u2013 Biblioteca Digital Brasileira de Teses e Disserta\u00e7\u00f5es, Conselho Federal de Contabilidade, DIALNET, Google Acad\u00eamico, INPI \u2013 Instituto Nacional da Propriedade Industrial, LEXML \u2013 Rede de Informa\u00e7\u00e3o Legislativa e Jur\u00eddica, OASISBR \u2013 Portal Brasileiro de Publica\u00e7\u00f5es Cient\u00edficas em Acesso Aberto, Open Library, Portal Dom\u00ednio P\u00fablico,&nbsp;Spacenet.<\/p>\n\n\n\n<p>&#8211;<strong>Peri\u00f3dicos<\/strong>: Portal Sa\u00fade Baseada em Evid\u00eancias, SPELL \u2013&nbsp;Scientific&nbsp;Periodical&nbsp;Electronic&nbsp;Library, LIVIVO, BRAPCI \u2013 Base de Dados em Ci\u00eancia da Informa\u00e7\u00e3o, BHL&nbsp;Scielo&nbsp;Network, DOAJ \u2013 Diret\u00f3rio de Revistas de Acesso Aberto, EDUBASE, FIOCRUZ \u2013 Portal de Peri\u00f3dicos.<\/p>\n","protected":false},"excerpt":{"rendered":"<p>. Biblioteca Digital de Teses e Disserta\u00e7\u00f5es da UEL E-Books\u00a0Karger: as publica\u00e7\u00f5es do selo editorial\u00a0Karger\u00a0abrange disciplinas da medicina humana e ci\u00eancias afins, com t\u00edtulos de relev\u00e2ncia cl\u00ednica e pr\u00e1tica. As publica\u00e7\u00f5es refletem os mais recentes desenvolvimentos e descobertas da pesquisa b\u00e1sica e cl\u00ednica. Os e-books e artigos est\u00e3o dispon\u00edveis gratuitamente para consultas e download. Plataforma\u00a0InforMed: [&hellip;]<\/p>\n","protected":false},"author":8,"featured_media":0,"parent":0,"menu_order":0,"comment_status":"closed","ping_status":"closed","template":"","meta":{"footnotes":""},"class_list":["post-3951","page","type-page","status-publish","hentry"],"acf":[],"_links":{"self":[{"href":"https:\/\/sites.uel.br\/pdi\/wp-json\/wp\/v2\/pages\/3951","targetHints":{"allow":["GET"]}}],"collection":[{"href":"https:\/\/sites.uel.br\/pdi\/wp-json\/wp\/v2\/pages"}],"about":[{"href":"https:\/\/sites.uel.br\/pdi\/wp-json\/wp\/v2\/types\/page"}],"author":[{"embeddable":true,"href":"https:\/\/sites.uel.br\/pdi\/wp-json\/wp\/v2\/users\/8"}],"replies":[{"embeddable":true,"href":"https:\/\/sites.uel.br\/pdi\/wp-json\/wp\/v2\/comments?post=3951"}],"version-history":[{"count":1,"href":"https:\/\/sites.uel.br\/pdi\/wp-json\/wp\/v2\/pages\/3951\/revisions"}],"predecessor-version":[{"id":3952,"href":"https:\/\/sites.uel.br\/pdi\/wp-json\/wp\/v2\/pages\/3951\/revisions\/3952"}],"wp:attachment":[{"href":"https:\/\/sites.uel.br\/pdi\/wp-json\/wp\/v2\/media?parent=3951"}],"curies":[{"name":"wp","href":"https:\/\/api.w.org\/{rel}","templated":true}]}}