{"id":3740,"date":"2022-12-06T18:26:47","date_gmt":"2022-12-06T21:26:47","guid":{"rendered":"https:\/\/sites.uel.br\/pdi\/?page_id=3740"},"modified":"2022-12-06T18:26:47","modified_gmt":"2022-12-06T21:26:47","slug":"perfil-do-egresso-servico-social-bacharelado","status":"publish","type":"page","link":"https:\/\/sites.uel.br\/pdi\/perfil-do-egresso-servico-social-bacharelado\/","title":{"rendered":"Perfil do Egresso &#8211; SERVI\u00c7O SOCIAL (Bacharelado)"},"content":{"rendered":"\n<p class=\"has-white-color has-text-color\">.<\/p>\n\n\n\n<p>CEPE, Resolu\u00e7\u00e3o n\u00ba 49\/2005. Ratifica o Projeto Pol\u00edtico-Pedag\u00f3gico do Curso de Servi\u00e7o Social, em implanta\u00e7\u00e3o a partir do ano letivo de 2002.&nbsp;<\/p>\n\n\n\n<p>Dispon\u00edvel em:&nbsp;<a href=\"http:\/\/www.uel.br\/prograd\/pp\/documentos\/servico_social.pdf\">http:\/\/www.uel.br\/prograd\/pp\/documentos\/servico_social.pdf<\/a>.<\/p>\n\n\n\n<p>Acesso em: 18 outubro 2022;<\/p>\n\n\n\n<p>PERFIL DO CONCLUINTE<\/p>\n\n\n\n<p>Profissional que atua na malha dos servi\u00e7os sociais, formulando e implementando propostas para sua expans\u00e3o e desenvolvimento, por meio de pol\u00edticas sociais p\u00fablicas, empresariais, de organiza\u00e7\u00f5es da sociedade civil e movimentos sociais.<\/p>\n\n\n\n<p>Profissional dotado de forma\u00e7\u00e3o intelectual e cultural generalista cr\u00edtica, competente em sua \u00e1rea de desempenho, com capacidade de inser\u00e7\u00e3o criativa e propositiva, no conjunto das rela\u00e7\u00f5es sociais e no mercado de trabalho.<\/p>\n\n\n\n<p>Profissional comprometido com os valores e princ\u00edpios norteadores do C\u00f3digo de \u00c9tica do Assistente Social.<\/p>\n\n\n\n<p>Profissional capacitado para ser gestor, de forma a saber planejar, gerir e administrar servi\u00e7os sociais.<\/p>\n\n\n\n<p>Profissional habilitado para intervir atrav\u00e9s do uso adequado de estrat\u00e9gias, instrumentos e t\u00e9cnicas na rela\u00e7\u00e3o direta com a popula\u00e7\u00e3o usu\u00e1ria de servi\u00e7os sociais.<\/p>\n","protected":false},"excerpt":{"rendered":"<p>. CEPE, Resolu\u00e7\u00e3o n\u00ba 49\/2005. Ratifica o Projeto Pol\u00edtico-Pedag\u00f3gico do Curso de Servi\u00e7o Social, em implanta\u00e7\u00e3o a partir do ano letivo de 2002.&nbsp; Dispon\u00edvel em:&nbsp;http:\/\/www.uel.br\/prograd\/pp\/documentos\/servico_social.pdf. Acesso em: 18 outubro 2022; PERFIL DO CONCLUINTE Profissional que atua na malha dos servi\u00e7os sociais, formulando e implementando propostas para sua expans\u00e3o e desenvolvimento, por meio de pol\u00edticas sociais [&hellip;]<\/p>\n","protected":false},"author":8,"featured_media":0,"parent":0,"menu_order":0,"comment_status":"closed","ping_status":"closed","template":"","meta":{"footnotes":""},"class_list":["post-3740","page","type-page","status-publish","hentry"],"acf":[],"_links":{"self":[{"href":"https:\/\/sites.uel.br\/pdi\/wp-json\/wp\/v2\/pages\/3740","targetHints":{"allow":["GET"]}}],"collection":[{"href":"https:\/\/sites.uel.br\/pdi\/wp-json\/wp\/v2\/pages"}],"about":[{"href":"https:\/\/sites.uel.br\/pdi\/wp-json\/wp\/v2\/types\/page"}],"author":[{"embeddable":true,"href":"https:\/\/sites.uel.br\/pdi\/wp-json\/wp\/v2\/users\/8"}],"replies":[{"embeddable":true,"href":"https:\/\/sites.uel.br\/pdi\/wp-json\/wp\/v2\/comments?post=3740"}],"version-history":[{"count":1,"href":"https:\/\/sites.uel.br\/pdi\/wp-json\/wp\/v2\/pages\/3740\/revisions"}],"predecessor-version":[{"id":3741,"href":"https:\/\/sites.uel.br\/pdi\/wp-json\/wp\/v2\/pages\/3740\/revisions\/3741"}],"wp:attachment":[{"href":"https:\/\/sites.uel.br\/pdi\/wp-json\/wp\/v2\/media?parent=3740"}],"curies":[{"name":"wp","href":"https:\/\/api.w.org\/{rel}","templated":true}]}}

Perfil do Egresso &#8211; SERVIÇO SOCIAL (Bacharelado)

<p class="has-white-color has-text-color">.</p>



<p>CEPE, Resolução nº 49/2005. Ratifica o Projeto Político-Pedagógico do Curso de Serviço Social, em implantação a partir do ano letivo de 2002.&nbsp;</p>



<p>Disponível em:&nbsp;<a href="http://www.uel.br/prograd/pp/documentos/servico_social.pdf">http://www.uel.br/prograd/pp/documentos/servico_social.pdf</a>.</p>



<p>Acesso em: 18 outubro 2022;</p>



<p>PERFIL DO CONCLUINTE</p>



<p>Profissional que atua na malha dos serviços sociais, formulando e implementando propostas para sua expansão e desenvolvimento, por meio de políticas sociais públicas, empresariais, de organizações da sociedade civil e movimentos sociais.</p>



<p>Profissional dotado de formação intelectual e cultural generalista crítica, competente em sua área de desempenho, com capacidade de inserção criativa e propositiva, no conjunto das relações sociais e no mercado de trabalho.</p>



<p>Profissional comprometido com os valores e princípios norteadores do Código de Ética do Assistente Social.</p>



<p>Profissional capacitado para ser gestor, de forma a saber planejar, gerir e administrar serviços sociais.</p>



<p>Profissional habilitado para intervir através do uso adequado de estratégias, instrumentos e técnicas na relação direta com a população usuária de serviços sociais.</p>

<p>. CEPE, Resolução nº 49/2005. Ratifica o Projeto Político-Pedagógico do Curso de Serviço Social, em implantação a partir do ano letivo de 2002.&nbsp; Disponível em:&nbsp;http://www.uel.br/prograd/pp/documentos/servico_social.pdf. Acesso em: 18 outubro 2022; PERFIL DO CONCLUINTE Profissional que atua na malha dos serviços sociais, formulando e implementando propostas para sua expansão e desenvolvimento, por meio de políticas sociais [&hellip;]</p>
