{"id":3738,"date":"2022-12-06T18:25:31","date_gmt":"2022-12-06T21:25:31","guid":{"rendered":"https:\/\/sites.uel.br\/pdi\/?page_id=3738"},"modified":"2022-12-06T18:25:31","modified_gmt":"2022-12-06T21:25:31","slug":"perfil-do-egresso-secretariado-executivo-bacharelado","status":"publish","type":"page","link":"https:\/\/sites.uel.br\/pdi\/perfil-do-egresso-secretariado-executivo-bacharelado\/","title":{"rendered":"Perfil do Egresso &#8211; SECRETARIADO EXECUTIVO (Bacharelado)"},"content":{"rendered":"\n<p class=\"has-text-color\" style=\"color:#fefefe\">.<\/p>\n\n\n\n<p>CEPE\/CA, Resolu\u00e7\u00e3o n\u00ba 0225\/2009. Reformula o Projeto Pedag\u00f3gico do Curso de Secretariado Executivo, a ser implantado a partir do ano letivo de 2010.&nbsp;<\/p>\n\n\n\n<p>Dispon\u00edvel em:&nbsp;<a href=\"http:\/\/www.uel.br\/prograd\/docs_prograd\/resolucoes\/2009\/resolucao_225_09.pdf\">http:\/\/www.uel.br\/prograd\/docs_prograd\/resolucoes\/2009\/resolucao_225_09.pdf<\/a>.<\/p>\n\n\n\n<p>Acesso em: 18 outubro 2022;<\/p>\n\n\n\n<p>PERFIL DO CONCLUINTE<\/p>\n\n\n\n<p>O Curso de Secretariado Executivo pretende possibilitar a forma\u00e7\u00e3o profissional que revele as seguintes compet\u00eancias:<\/p>\n\n\n\n<ul class=\"wp-block-list\">\n<li>abertura \u00e0s mudan\u00e7as e capacidade de articula\u00e7\u00e3o, de acordo com as especificidades e exig\u00eancias estabelecidas pelas organiza\u00e7\u00f5es;<\/li>\n\n\n\n<li>vis\u00e3o generalista das organiza\u00e7\u00f5es e compreens\u00e3o espec\u00edfica das rela\u00e7\u00f5es humanas, conex\u00f5es hier\u00e1rquicas e intersetoriais;<\/li>\n\n\n\n<li>exerc\u00edcio de fun\u00e7\u00f5es gerenciais, com s\u00f3lido dom\u00ednio de planejamento, organiza\u00e7\u00e3o e controle;<\/li>\n\n\n\n<li>utiliza\u00e7\u00e3o de racioc\u00ednio l\u00f3gico, cr\u00edtico e anal\u00edtico, operando com valores e estabelecendo rela\u00e7\u00f5es formais e causais entre fen\u00f3menos e situa\u00e7\u00f5es organizacionais;&nbsp;&nbsp;<\/li>\n\n\n\n<li>habilidade para trabalhar com modelos inovadores de gest\u00e3o;<\/li>\n\n\n\n<li>dom\u00ednio dos recursos de express\u00e3o e de comunica\u00e7\u00e3o compat\u00edveis com o exerc\u00edcio profissional, inclusive nos processos de negocia\u00e7\u00e3o e nas comunica\u00e7\u00f5es interpessoais ou intergrupais;&nbsp;&nbsp;&nbsp;<\/li>\n\n\n\n<li>receptividade e lideran\u00e7a voltadas para o trabalho em equipe, na busca de sinergia;&nbsp;<\/li>\n\n\n\n<li>gerenciamento de informa\u00e7\u00f5es, assegurando uniformidade e referencial para diferentes usu\u00e1rios;&nbsp;&nbsp;&nbsp;<\/li>\n\n\n\n<li>assessoria administrativa, com base em objetivos e estrat\u00e9gias organizacionais;<\/li>\n\n\n\n<li>utiliza\u00e7\u00e3o eficaz das t\u00e9cnicas secretariais, com uso adequado da tecnologia, garantindo agilidade, seguran\u00e7a e credibilidade no fluxo de informa\u00e7\u00f5es;&nbsp;<\/li>\n\n\n\n<li>consci\u00eancia das implica\u00e7\u00f5es e responsabilidades \u00e9ticas do exerc\u00edcio profissional.<\/li>\n\n\n\n<li>Resumindo as compet\u00eancias elencadas, deseja-se que os profissionais formados apresentem o seguinte perfil:<\/li>\n\n\n\n<li>assessor executivo atuando como agente executor e multiplicador de delibera\u00e7\u00f5es e processos decis\u00f3rios;&nbsp;&nbsp;<\/li>\n\n\n\n<li>gestor das fun\u00e7\u00f5es gerenciais;&nbsp;&nbsp;&nbsp;<\/li>\n\n\n\n<li>intraempreendedor, buscando ideias inovadoras para as organiza\u00e7\u00f5es;&nbsp;&nbsp;&nbsp;<\/li>\n\n\n\n<li>consultor atendendo e resolvendo as demandas dos clientes internos e externos;&nbsp;&nbsp;&nbsp;<\/li>\n\n\n\n<li>agente de mudan\u00e7as, promovendo as altera\u00e7\u00f5es culturais, pol\u00edticas e sociais necess\u00e1rias nas organiza\u00e7\u00f5es e na reformula\u00e7\u00e3o e moderniza\u00e7\u00e3o do papel profissional do pr\u00f3prio Secret\u00e1rio Executivo.<\/li>\n<\/ul>\n\n\n\n<p>Os alunos dever\u00e3o ser orientados e preparados para que sejam profissionais capazes, competentes e polivalentes, que \u00e9 o perfil que se busca desenvolver em qualquer profissional moderno e, especialmente, no Secretariado Executivo, do qual se espera a capacidade de suprir as necessidades das organiza\u00e7\u00f5es e da sociedade \u00e0s quais estar\u00e1 vinculado.<\/p>\n","protected":false},"excerpt":{"rendered":"<p>. CEPE\/CA, Resolu\u00e7\u00e3o n\u00ba 0225\/2009. Reformula o Projeto Pedag\u00f3gico do Curso de Secretariado Executivo, a ser implantado a partir do ano letivo de 2010.&nbsp; Dispon\u00edvel em:&nbsp;http:\/\/www.uel.br\/prograd\/docs_prograd\/resolucoes\/2009\/resolucao_225_09.pdf. Acesso em: 18 outubro 2022; PERFIL DO CONCLUINTE O Curso de Secretariado Executivo pretende possibilitar a forma\u00e7\u00e3o profissional que revele as seguintes compet\u00eancias: Os alunos dever\u00e3o ser orientados e [&hellip;]<\/p>\n","protected":false},"author":8,"featured_media":0,"parent":0,"menu_order":0,"comment_status":"closed","ping_status":"closed","template":"","meta":{"footnotes":""},"class_list":["post-3738","page","type-page","status-publish","hentry"],"acf":[],"_links":{"self":[{"href":"https:\/\/sites.uel.br\/pdi\/wp-json\/wp\/v2\/pages\/3738","targetHints":{"allow":["GET"]}}],"collection":[{"href":"https:\/\/sites.uel.br\/pdi\/wp-json\/wp\/v2\/pages"}],"about":[{"href":"https:\/\/sites.uel.br\/pdi\/wp-json\/wp\/v2\/types\/page"}],"author":[{"embeddable":true,"href":"https:\/\/sites.uel.br\/pdi\/wp-json\/wp\/v2\/users\/8"}],"replies":[{"embeddable":true,"href":"https:\/\/sites.uel.br\/pdi\/wp-json\/wp\/v2\/comments?post=3738"}],"version-history":[{"count":1,"href":"https:\/\/sites.uel.br\/pdi\/wp-json\/wp\/v2\/pages\/3738\/revisions"}],"predecessor-version":[{"id":3739,"href":"https:\/\/sites.uel.br\/pdi\/wp-json\/wp\/v2\/pages\/3738\/revisions\/3739"}],"wp:attachment":[{"href":"https:\/\/sites.uel.br\/pdi\/wp-json\/wp\/v2\/media?parent=3738"}],"curies":[{"name":"wp","href":"https:\/\/api.w.org\/{rel}","templated":true}]}}

<p class="has-text-color" style="color:#fefefe">.</p>



<p>CEPE/CA, Resolução nº 0225/2009. Reformula o Projeto Pedagógico do Curso de Secretariado Executivo, a ser implantado a partir do ano letivo de 2010.&nbsp;</p>



<p>Disponível em:&nbsp;<a href="http://www.uel.br/prograd/docs_prograd/resolucoes/2009/resolucao_225_09.pdf">http://www.uel.br/prograd/docs_prograd/resolucoes/2009/resolucao_225_09.pdf</a>.</p>



<p>Acesso em: 18 outubro 2022;</p>



<p>PERFIL DO CONCLUINTE</p>



<p>O Curso de Secretariado Executivo pretende possibilitar a formação profissional que revele as seguintes competências:</p>



<ul class="wp-block-list">
<li>abertura às mudanças e capacidade de articulação, de acordo com as especificidades e exigências estabelecidas pelas organizações;</li>



<li>visão generalista das organizações e compreensão específica das relações humanas, conexões hierárquicas e intersetoriais;</li>



<li>exercício de funções gerenciais, com sólido domínio de planejamento, organização e controle;</li>



<li>utilização de raciocínio lógico, crítico e analítico, operando com valores e estabelecendo relações formais e causais entre fenómenos e situações organizacionais;&nbsp;&nbsp;</li>



<li>habilidade para trabalhar com modelos inovadores de gestão;</li>



<li>domínio dos recursos de expressão e de comunicação compatíveis com o exercício profissional, inclusive nos processos de negociação e nas comunicações interpessoais ou intergrupais;&nbsp;&nbsp;&nbsp;</li>



<li>receptividade e liderança voltadas para o trabalho em equipe, na busca de sinergia;&nbsp;</li>



<li>gerenciamento de informações, assegurando uniformidade e referencial para diferentes usuários;&nbsp;&nbsp;&nbsp;</li>



<li>assessoria administrativa, com base em objetivos e estratégias organizacionais;</li>



<li>utilização eficaz das técnicas secretariais, com uso adequado da tecnologia, garantindo agilidade, segurança e credibilidade no fluxo de informações;&nbsp;</li>



<li>consciência das implicações e responsabilidades éticas do exercício profissional.</li>



<li>Resumindo as competências elencadas, deseja-se que os profissionais formados apresentem o seguinte perfil:</li>



<li>assessor executivo atuando como agente executor e multiplicador de deliberações e processos decisórios;&nbsp;&nbsp;</li>



<li>gestor das funções gerenciais;&nbsp;&nbsp;&nbsp;</li>



<li>intraempreendedor, buscando ideias inovadoras para as organizações;&nbsp;&nbsp;&nbsp;</li>



<li>consultor atendendo e resolvendo as demandas dos clientes internos e externos;&nbsp;&nbsp;&nbsp;</li>



<li>agente de mudanças, promovendo as alterações culturais, políticas e sociais necessárias nas organizações e na reformulação e modernização do papel profissional do próprio Secretário Executivo.</li>
</ul>



<p>Os alunos deverão ser orientados e preparados para que sejam profissionais capazes, competentes e polivalentes, que é o perfil que se busca desenvolver em qualquer profissional moderno e, especialmente, no Secretariado Executivo, do qual se espera a capacidade de suprir as necessidades das organizações e da sociedade às quais estará vinculado.</p>

<p>. CEPE/CA, Resolução nº 0225/2009. Reformula o Projeto Pedagógico do Curso de Secretariado Executivo, a ser implantado a partir do ano letivo de 2010.&nbsp; Disponível em:&nbsp;http://www.uel.br/prograd/docs_prograd/resolucoes/2009/resolucao_225_09.pdf. Acesso em: 18 outubro 2022; PERFIL DO CONCLUINTE O Curso de Secretariado Executivo pretende possibilitar a formação profissional que revele as seguintes competências: Os alunos deverão ser orientados e [&hellip;]</p>
