{"id":3730,"date":"2022-12-06T18:15:00","date_gmt":"2022-12-06T21:15:00","guid":{"rendered":"https:\/\/sites.uel.br\/pdi\/?page_id=3730"},"modified":"2022-12-06T18:15:00","modified_gmt":"2022-12-06T21:15:00","slug":"perfil-do-egresso-psicologia-bacharelado","status":"publish","type":"page","link":"https:\/\/sites.uel.br\/pdi\/perfil-do-egresso-psicologia-bacharelado\/","title":{"rendered":"Perfil do Egresso &#8211; PSICOLOGIA (Bacharelado)"},"content":{"rendered":"\n<p class=\"has-white-color has-text-color\">.<\/p>\n\n\n\n<p>CEPE\/CA, Resolu\u00e7\u00e3o n\u00ba 126\/2018. Reformula o Projeto Pedag\u00f3gico do Curso de Psicologia, a ser implantado a partir do ano letivo de 2019.&nbsp;<\/p>\n\n\n\n<p>Dispon\u00edvel em:&nbsp;<a href=\"http:\/\/www.uel.br\/prograd\/documentos\/resolucoes\/2018\/resolucao_126_18.pdf\">http:\/\/www.uel.br\/prograd\/documentos\/resolucoes\/2018\/resolucao_126_18.pdf<\/a>.<\/p>\n\n\n\n<p>Acesso em: 18 outubro 2022;<\/p>\n\n\n\n<p>PERFIL DO CONCLUINTE<\/p>\n\n\n\n<p>Formar profissionais com compet\u00eancias te\u00f3rico e t\u00e9cnica para o desenvolvimento de a\u00e7\u00f5es de pesquisa, diagn\u00f3stico e interven\u00e7\u00e3o psicol\u00f3gicas sustentadas numa posi\u00e7\u00e3o \u00e9tica e cr\u00edtica, comprometidos com o seu objeto de trabalho e com os diferentes cen\u00e1rios de atua\u00e7\u00e3o; formar profissionais qualificados, aut\u00f3nomos e respons\u00e1veis com a forma\u00e7\u00e3o e com a produ\u00e7\u00e3o do conhecimento cient\u00edfico, capacitados ao trabalho em equipe interdisciplinar como tamb\u00e9m na gest\u00e3o de projetos que envolvam o escopo do trabalho do psic\u00f3logo; formar profissionais que possam atuar e pesquisar nas \u00e1reas da cl\u00ednica, da sa\u00fade, da educa\u00e7\u00e3o, do trabalho, das organiza\u00e7\u00f5es e das institui\u00e7\u00f5es que abarcam o objeto de estudo da psicologia. Com isso, espera-se uma forma\u00e7\u00e3o comprometida com as transforma\u00e7\u00f5es pol\u00edtico-sociais, sustentada numa pr\u00e1tica responsiva \u00e0s exig\u00eancias de uma educa\u00e7\u00e3o inclusiva, com valores de diversidade e de cidadania.<\/p>\n\n\n\n<p>COMPET\u00caNCIAS E HABILIDADES ESPERADAS<\/p>\n\n\n\n<p>O Curso de gradua\u00e7\u00e3o em forma\u00e7\u00e3o de Psic\u00f3logo da UEL objetiva formar profissionais capacitados para atuarem na constru\u00e7\u00e3o e desenvolvimento do conhecimento cient\u00edfico em Psicologia a partir da interpreta\u00e7\u00e3o dos m\u00faltiplos referenciais que buscam apreender a abrang\u00eancia do fen\u00f3meno psicol\u00f3gico em suas interfaces com os fen\u00f3menos biol\u00f3gicos, ps\u00edquicos e sociais. Considerando o que prescrevem as Diretrizes Curriculares Nacionais para os Cursos de Gradua\u00e7\u00e3o em Psicologia (DCCP) e a Resolu\u00e7\u00e3o no 5\/2011 do Conselho Nacional de Educa\u00e7\u00e3o e C\u00e2mara de Educa\u00e7\u00e3o Superior:<\/p>\n\n\n\n<ul class=\"wp-block-list\">\n<li>Identificar a diversidade de perspectivas necess\u00e1rias \u00e0 compreens\u00e3o do ser humano;&nbsp;&nbsp;<\/li>\n\n\n\n<li>Reconhecer a import\u00e2ncia da interlocu\u00e7\u00e3o com campos de conhecimento que possibilitam a apreens\u00e3o da complexidade e multidetermina\u00e7\u00e3o do fen\u00f4meno psicol\u00f3gico;<\/li>\n\n\n\n<li>Avaliar e diagnosticar processos psicol\u00f3gicos em indiv\u00edduos, grupos, organiza\u00e7\u00f5es e sociedade, tendo capacidade de elaborar documentos decorrentes dessas avalia\u00e7\u00f5es;<\/li>\n\n\n\n<li>Compreender criticamente os acontecimentos pol\u00edticos, sociais, econ\u00f3micos e culturais do pa\u00eds, fundamentais ao exerc\u00edcio da cidadania e da profiss\u00e3o, intervir nos distintos contextos em que atua o psic\u00f3logo, ponderando as necessidades sociais, as pol\u00edticas p\u00fablicas, os direitos humanos, considerando a promo\u00e7\u00e3o da qualidade de vida dos indiv\u00edduos, grupos, organiza\u00e7\u00f5es e sociedade;<\/li>\n\n\n\n<li>Identificar, definir e formular quest\u00f5es de investiga\u00e7\u00e3o cient\u00edfica no campo da Psicologia, vinculando-as a decis\u00f5es metodol\u00f3gicas quanto \u00e0 escolha, coleta e an\u00e1lise de dados em projetos de pesquisa;<\/li>\n\n\n\n<li>Realizar orienta\u00e7\u00e3o e aconselhamento psicol\u00f3gico e psicoter\u00e1pico,<\/li>\n\n\n\n<li>Atuar profissionalmente em diferentes n\u00edveis de a\u00e7\u00e3o, de car\u00e1ter preventivo, terap\u00eautico e educativo, considerando as caracter\u00edsticas das situa\u00e7\u00f5es e dos problemas espec\u00edficos com os quais se depara,<\/li>\n\n\n\n<li>Atuar e intervir multiprofissional mente sempre que a compreens\u00e3o dos processos e fen\u00f4menos envolvidos assim o recomendar;&nbsp;<\/li>\n\n\n\n<li>Respeitar a \u00e9tica nas rela\u00e7\u00f5es com clientes e usu\u00e1rios, com colegas, com o p\u00fablico e na produ\u00e7\u00e3o e divulga\u00e7\u00e3o de pesquisas, trabalhos e informa\u00e7\u00f5es da \u00e1rea da psicologia.<\/li>\n<\/ul>\n","protected":false},"excerpt":{"rendered":"<p>. CEPE\/CA, Resolu\u00e7\u00e3o n\u00ba 126\/2018. Reformula o Projeto Pedag\u00f3gico do Curso de Psicologia, a ser implantado a partir do ano letivo de 2019.&nbsp; Dispon\u00edvel em:&nbsp;http:\/\/www.uel.br\/prograd\/documentos\/resolucoes\/2018\/resolucao_126_18.pdf. Acesso em: 18 outubro 2022; PERFIL DO CONCLUINTE Formar profissionais com compet\u00eancias te\u00f3rico e t\u00e9cnica para o desenvolvimento de a\u00e7\u00f5es de pesquisa, diagn\u00f3stico e interven\u00e7\u00e3o psicol\u00f3gicas sustentadas numa posi\u00e7\u00e3o \u00e9tica [&hellip;]<\/p>\n","protected":false},"author":8,"featured_media":0,"parent":0,"menu_order":0,"comment_status":"closed","ping_status":"closed","template":"","meta":{"footnotes":""},"class_list":["post-3730","page","type-page","status-publish","hentry"],"acf":[],"_links":{"self":[{"href":"https:\/\/sites.uel.br\/pdi\/wp-json\/wp\/v2\/pages\/3730","targetHints":{"allow":["GET"]}}],"collection":[{"href":"https:\/\/sites.uel.br\/pdi\/wp-json\/wp\/v2\/pages"}],"about":[{"href":"https:\/\/sites.uel.br\/pdi\/wp-json\/wp\/v2\/types\/page"}],"author":[{"embeddable":true,"href":"https:\/\/sites.uel.br\/pdi\/wp-json\/wp\/v2\/users\/8"}],"replies":[{"embeddable":true,"href":"https:\/\/sites.uel.br\/pdi\/wp-json\/wp\/v2\/comments?post=3730"}],"version-history":[{"count":1,"href":"https:\/\/sites.uel.br\/pdi\/wp-json\/wp\/v2\/pages\/3730\/revisions"}],"predecessor-version":[{"id":3731,"href":"https:\/\/sites.uel.br\/pdi\/wp-json\/wp\/v2\/pages\/3730\/revisions\/3731"}],"wp:attachment":[{"href":"https:\/\/sites.uel.br\/pdi\/wp-json\/wp\/v2\/media?parent=3730"}],"curies":[{"name":"wp","href":"https:\/\/api.w.org\/{rel}","templated":true}]}}

<p class="has-white-color has-text-color">.</p>



<p>CEPE/CA, Resolução nº 126/2018. Reformula o Projeto Pedagógico do Curso de Psicologia, a ser implantado a partir do ano letivo de 2019.&nbsp;</p>



<p>Disponível em:&nbsp;<a href="http://www.uel.br/prograd/documentos/resolucoes/2018/resolucao_126_18.pdf">http://www.uel.br/prograd/documentos/resolucoes/2018/resolucao_126_18.pdf</a>.</p>



<p>Acesso em: 18 outubro 2022;</p>



<p>PERFIL DO CONCLUINTE</p>



<p>Formar profissionais com competências teórico e técnica para o desenvolvimento de ações de pesquisa, diagnóstico e intervenção psicológicas sustentadas numa posição ética e crítica, comprometidos com o seu objeto de trabalho e com os diferentes cenários de atuação; formar profissionais qualificados, autónomos e responsáveis com a formação e com a produção do conhecimento científico, capacitados ao trabalho em equipe interdisciplinar como também na gestão de projetos que envolvam o escopo do trabalho do psicólogo; formar profissionais que possam atuar e pesquisar nas áreas da clínica, da saúde, da educação, do trabalho, das organizações e das instituições que abarcam o objeto de estudo da psicologia. Com isso, espera-se uma formação comprometida com as transformações político-sociais, sustentada numa prática responsiva às exigências de uma educação inclusiva, com valores de diversidade e de cidadania.</p>



<p>COMPETÊNCIAS E HABILIDADES ESPERADAS</p>



<p>O Curso de graduação em formação de Psicólogo da UEL objetiva formar profissionais capacitados para atuarem na construção e desenvolvimento do conhecimento científico em Psicologia a partir da interpretação dos múltiplos referenciais que buscam apreender a abrangência do fenómeno psicológico em suas interfaces com os fenómenos biológicos, psíquicos e sociais. Considerando o que prescrevem as Diretrizes Curriculares Nacionais para os Cursos de Graduação em Psicologia (DCCP) e a Resolução no 5/2011 do Conselho Nacional de Educação e Câmara de Educação Superior:</p>



<ul class="wp-block-list">
<li>Identificar a diversidade de perspectivas necessárias à compreensão do ser humano;&nbsp;&nbsp;</li>



<li>Reconhecer a importância da interlocução com campos de conhecimento que possibilitam a apreensão da complexidade e multideterminação do fenômeno psicológico;</li>



<li>Avaliar e diagnosticar processos psicológicos em indivíduos, grupos, organizações e sociedade, tendo capacidade de elaborar documentos decorrentes dessas avaliações;</li>



<li>Compreender criticamente os acontecimentos políticos, sociais, económicos e culturais do país, fundamentais ao exercício da cidadania e da profissão, intervir nos distintos contextos em que atua o psicólogo, ponderando as necessidades sociais, as políticas públicas, os direitos humanos, considerando a promoção da qualidade de vida dos indivíduos, grupos, organizações e sociedade;</li>



<li>Identificar, definir e formular questões de investigação científica no campo da Psicologia, vinculando-as a decisões metodológicas quanto à escolha, coleta e análise de dados em projetos de pesquisa;</li>



<li>Realizar orientação e aconselhamento psicológico e psicoterápico,</li>



<li>Atuar profissionalmente em diferentes níveis de ação, de caráter preventivo, terapêutico e educativo, considerando as características das situações e dos problemas específicos com os quais se depara,</li>



<li>Atuar e intervir multiprofissional mente sempre que a compreensão dos processos e fenômenos envolvidos assim o recomendar;&nbsp;</li>



<li>Respeitar a ética nas relações com clientes e usuários, com colegas, com o público e na produção e divulgação de pesquisas, trabalhos e informações da área da psicologia.</li>
</ul>

<p>. CEPE/CA, Resolução nº 126/2018. Reformula o Projeto Pedagógico do Curso de Psicologia, a ser implantado a partir do ano letivo de 2019.&nbsp; Disponível em:&nbsp;http://www.uel.br/prograd/documentos/resolucoes/2018/resolucao_126_18.pdf. Acesso em: 18 outubro 2022; PERFIL DO CONCLUINTE Formar profissionais com competências teórico e técnica para o desenvolvimento de ações de pesquisa, diagnóstico e intervenção psicológicas sustentadas numa posição ética [&hellip;]</p>
