{"id":3727,"date":"2022-12-06T18:12:47","date_gmt":"2022-12-06T21:12:47","guid":{"rendered":"https:\/\/sites.uel.br\/pdi\/?page_id=3727"},"modified":"2022-12-06T18:12:47","modified_gmt":"2022-12-06T21:12:47","slug":"perfil-do-egresso-pedagogia-bacharelado","status":"publish","type":"page","link":"https:\/\/sites.uel.br\/pdi\/perfil-do-egresso-pedagogia-bacharelado\/","title":{"rendered":"Perfil do Egresso &#8211; PEDAGOGIA (Bacharelado)"},"content":{"rendered":"\n<p class=\"has-white-color has-text-color\">.<\/p>\n\n\n\n<p>CEPE\/CA, Resolu\u00e7\u00e3o n\u00ba 118\/2018. Reformula o Projeto Pedag\u00f3gico do Curso de Pedagogia &#8211; Licenciatura, a ser implantado a partir do ano letivo de 2019.&nbsp;<\/p>\n\n\n\n<p>Dispon\u00edvel em:&nbsp;<a href=\"http:\/\/www.uel.br\/prograd\/documentos\/resolucoes\/2018\/resolucao_118_18.pdf\">http:\/\/www.uel.br\/prograd\/documentos\/resolucoes\/2018\/resolucao_118_18.pdf<\/a>.<\/p>\n\n\n\n<p>Acesso em: 18 outubro 2022;<\/p>\n\n\n\n<p>O perfil acad\u00e9mico e o profissional do egresso s\u00e3o o exerc\u00edcio do Magist\u00e9rio para a Educa\u00e7\u00e3o Infantil; do Magist\u00e9rio para os Anos Iniciais do Ensino Fundamental; da Gest\u00e3o Pedag\u00f3gica da Educa\u00e7\u00e3o Escolar e n\u00e3o Escolar e do Magist\u00e9rio das Mat\u00e9rias Pedag\u00f3gicas.<\/p>\n","protected":false},"excerpt":{"rendered":"<p>. CEPE\/CA, Resolu\u00e7\u00e3o n\u00ba 118\/2018. Reformula o Projeto Pedag\u00f3gico do Curso de Pedagogia &#8211; Licenciatura, a ser implantado a partir do ano letivo de 2019.&nbsp; Dispon\u00edvel em:&nbsp;http:\/\/www.uel.br\/prograd\/documentos\/resolucoes\/2018\/resolucao_118_18.pdf. Acesso em: 18 outubro 2022; O perfil acad\u00e9mico e o profissional do egresso s\u00e3o o exerc\u00edcio do Magist\u00e9rio para a Educa\u00e7\u00e3o Infantil; do Magist\u00e9rio para os Anos Iniciais [&hellip;]<\/p>\n","protected":false},"author":8,"featured_media":0,"parent":0,"menu_order":0,"comment_status":"closed","ping_status":"closed","template":"","meta":{"footnotes":""},"class_list":["post-3727","page","type-page","status-publish","hentry"],"acf":[],"_links":{"self":[{"href":"https:\/\/sites.uel.br\/pdi\/wp-json\/wp\/v2\/pages\/3727","targetHints":{"allow":["GET"]}}],"collection":[{"href":"https:\/\/sites.uel.br\/pdi\/wp-json\/wp\/v2\/pages"}],"about":[{"href":"https:\/\/sites.uel.br\/pdi\/wp-json\/wp\/v2\/types\/page"}],"author":[{"embeddable":true,"href":"https:\/\/sites.uel.br\/pdi\/wp-json\/wp\/v2\/users\/8"}],"replies":[{"embeddable":true,"href":"https:\/\/sites.uel.br\/pdi\/wp-json\/wp\/v2\/comments?post=3727"}],"version-history":[{"count":1,"href":"https:\/\/sites.uel.br\/pdi\/wp-json\/wp\/v2\/pages\/3727\/revisions"}],"predecessor-version":[{"id":3728,"href":"https:\/\/sites.uel.br\/pdi\/wp-json\/wp\/v2\/pages\/3727\/revisions\/3728"}],"wp:attachment":[{"href":"https:\/\/sites.uel.br\/pdi\/wp-json\/wp\/v2\/media?parent=3727"}],"curies":[{"name":"wp","href":"https:\/\/api.w.org\/{rel}","templated":true}]}}

<p class="has-white-color has-text-color">.</p>



<p>CEPE/CA, Resolução nº 118/2018. Reformula o Projeto Pedagógico do Curso de Pedagogia &#8211; Licenciatura, a ser implantado a partir do ano letivo de 2019.&nbsp;</p>



<p>Disponível em:&nbsp;<a href="http://www.uel.br/prograd/documentos/resolucoes/2018/resolucao_118_18.pdf">http://www.uel.br/prograd/documentos/resolucoes/2018/resolucao_118_18.pdf</a>.</p>



<p>Acesso em: 18 outubro 2022;</p>



<p>O perfil académico e o profissional do egresso são o exercício do Magistério para a Educação Infantil; do Magistério para os Anos Iniciais do Ensino Fundamental; da Gestão Pedagógica da Educação Escolar e não Escolar e do Magistério das Matérias Pedagógicas.</p>

<p>. CEPE/CA, Resolução nº 118/2018. Reformula o Projeto Pedagógico do Curso de Pedagogia &#8211; Licenciatura, a ser implantado a partir do ano letivo de 2019.&nbsp; Disponível em:&nbsp;http://www.uel.br/prograd/documentos/resolucoes/2018/resolucao_118_18.pdf. Acesso em: 18 outubro 2022; O perfil académico e o profissional do egresso são o exercício do Magistério para a Educação Infantil; do Magistério para os Anos Iniciais [&hellip;]</p>
