{"id":3725,"date":"2022-12-06T18:11:39","date_gmt":"2022-12-06T21:11:39","guid":{"rendered":"https:\/\/sites.uel.br\/pdi\/?page_id=3725"},"modified":"2022-12-06T18:11:39","modified_gmt":"2022-12-06T21:11:39","slug":"perfil-do-egresso-odontologia-bacharelado","status":"publish","type":"page","link":"https:\/\/sites.uel.br\/pdi\/perfil-do-egresso-odontologia-bacharelado\/","title":{"rendered":"Perfil do Egresso &#8211; ODONTOLOGIA (Bacharelado)"},"content":{"rendered":"\n<p class=\"has-text-color\" style=\"color:#fefefe\">.<\/p>\n\n\n\n<p>CEPE\/CA, Resolu\u00e7\u00e3o n\u00ba 055\/2021. Reformula o Projeto Pedag\u00f3gico do Curso de Odontologia, a ser implantado a partir do ano letivo de 2022.&nbsp;<\/p>\n\n\n\n<p>Dispon\u00edvel em:&nbsp;<a href=\"http:\/\/www.uel.br\/prograd\/documentos\/resolucoes\/2021\/resolucao_55_21.pdf\">http:\/\/www.uel.br\/prograd\/documentos\/resolucoes\/2021\/resolucao_55_21.pdf<\/a>.<\/p>\n\n\n\n<p>Acesso em: 18 outubro 2022;<\/p>\n\n\n\n<p>O Curso de Gradua\u00e7\u00e3o em Odontologia tem como perfil do formando egresso\/profissional o Cirurgi\u00e3o Dentista com forma\u00e7\u00e3o generalista, humanista, cr\u00edtica e reflexiva, para atuar em todos os n\u00edveis de aten\u00e7\u00e3o \u00e0 sa\u00fade, com base no rigor t\u00e9cnico e cient\u00edfico. Deve estar capacitado ao exerc\u00edcio de atividades referentes \u00e0 sa\u00fade bucal da popula\u00e7\u00e3o, pautado em princ\u00edpios \u00e9ticos, legais e na compreens\u00e3o da realidade social, cultural e econ\u00f3mica do seu meio, dirigindo sua atua\u00e7\u00e3o para a transforma\u00e7\u00e3o da realidade em benef\u00edcio da sociedade.<\/p>\n","protected":false},"excerpt":{"rendered":"<p>. CEPE\/CA, Resolu\u00e7\u00e3o n\u00ba 055\/2021. Reformula o Projeto Pedag\u00f3gico do Curso de Odontologia, a ser implantado a partir do ano letivo de 2022.&nbsp; Dispon\u00edvel em:&nbsp;http:\/\/www.uel.br\/prograd\/documentos\/resolucoes\/2021\/resolucao_55_21.pdf. Acesso em: 18 outubro 2022; O Curso de Gradua\u00e7\u00e3o em Odontologia tem como perfil do formando egresso\/profissional o Cirurgi\u00e3o Dentista com forma\u00e7\u00e3o generalista, humanista, cr\u00edtica e reflexiva, para atuar em [&hellip;]<\/p>\n","protected":false},"author":8,"featured_media":0,"parent":0,"menu_order":0,"comment_status":"closed","ping_status":"closed","template":"","meta":{"footnotes":""},"class_list":["post-3725","page","type-page","status-publish","hentry"],"acf":[],"_links":{"self":[{"href":"https:\/\/sites.uel.br\/pdi\/wp-json\/wp\/v2\/pages\/3725","targetHints":{"allow":["GET"]}}],"collection":[{"href":"https:\/\/sites.uel.br\/pdi\/wp-json\/wp\/v2\/pages"}],"about":[{"href":"https:\/\/sites.uel.br\/pdi\/wp-json\/wp\/v2\/types\/page"}],"author":[{"embeddable":true,"href":"https:\/\/sites.uel.br\/pdi\/wp-json\/wp\/v2\/users\/8"}],"replies":[{"embeddable":true,"href":"https:\/\/sites.uel.br\/pdi\/wp-json\/wp\/v2\/comments?post=3725"}],"version-history":[{"count":1,"href":"https:\/\/sites.uel.br\/pdi\/wp-json\/wp\/v2\/pages\/3725\/revisions"}],"predecessor-version":[{"id":3726,"href":"https:\/\/sites.uel.br\/pdi\/wp-json\/wp\/v2\/pages\/3725\/revisions\/3726"}],"wp:attachment":[{"href":"https:\/\/sites.uel.br\/pdi\/wp-json\/wp\/v2\/media?parent=3725"}],"curies":[{"name":"wp","href":"https:\/\/api.w.org\/{rel}","templated":true}]}}

<p class="has-text-color" style="color:#fefefe">.</p>



<p>CEPE/CA, Resolução nº 055/2021. Reformula o Projeto Pedagógico do Curso de Odontologia, a ser implantado a partir do ano letivo de 2022.&nbsp;</p>



<p>Disponível em:&nbsp;<a href="http://www.uel.br/prograd/documentos/resolucoes/2021/resolucao_55_21.pdf">http://www.uel.br/prograd/documentos/resolucoes/2021/resolucao_55_21.pdf</a>.</p>



<p>Acesso em: 18 outubro 2022;</p>



<p>O Curso de Graduação em Odontologia tem como perfil do formando egresso/profissional o Cirurgião Dentista com formação generalista, humanista, crítica e reflexiva, para atuar em todos os níveis de atenção à saúde, com base no rigor técnico e científico. Deve estar capacitado ao exercício de atividades referentes à saúde bucal da população, pautado em princípios éticos, legais e na compreensão da realidade social, cultural e económica do seu meio, dirigindo sua atuação para a transformação da realidade em benefício da sociedade.</p>

<p>. CEPE/CA, Resolução nº 055/2021. Reformula o Projeto Pedagógico do Curso de Odontologia, a ser implantado a partir do ano letivo de 2022.&nbsp; Disponível em:&nbsp;http://www.uel.br/prograd/documentos/resolucoes/2021/resolucao_55_21.pdf. Acesso em: 18 outubro 2022; O Curso de Graduação em Odontologia tem como perfil do formando egresso/profissional o Cirurgião Dentista com formação generalista, humanista, crítica e reflexiva, para atuar em [&hellip;]</p>
