{"id":3720,"date":"2022-12-06T18:07:22","date_gmt":"2022-12-06T21:07:22","guid":{"rendered":"https:\/\/sites.uel.br\/pdi\/?page_id=3720"},"modified":"2022-12-06T18:07:22","modified_gmt":"2022-12-06T21:07:22","slug":"perfil-do-egresso-musica-licenciatura","status":"publish","type":"page","link":"https:\/\/sites.uel.br\/pdi\/perfil-do-egresso-musica-licenciatura\/","title":{"rendered":"Perfil do Egresso &#8211; M\u00daSICA (Licenciatura)"},"content":{"rendered":"\n<p class=\"has-white-color has-text-color\">.<\/p>\n\n\n\n<p>CEPE\/CA, Resolu\u00e7\u00e3o n\u00ba 140\/2018. Reformula o Projeto Pedag\u00f3gico do Curso de M\u00fasica &#8211; Licenciatura, a ser implantado a partir do ano letivo de 2019.&nbsp;<\/p>\n\n\n\n<p>Dispon\u00edvel em:&nbsp;<a href=\"http:\/\/www.uel.br\/prograd\/documentos\/resolucoes\/2018\/resolucao_140_18.pdf\">http:\/\/www.uel.br\/prograd\/documentos\/resolucoes\/2018\/resolucao_140_18.pdf<\/a>.<\/p>\n\n\n\n<p>Acesso em: 18 outubro 2022;<\/p>\n\n\n\n<p>PERFIL ACAD\u00c9MICO E PROFISSIONAL DO EGRESSO<\/p>\n\n\n\n<p>O Curso de M\u00fasica enseja, como perfil desejado do egresso, aquele capaz de apropriar-se do dom\u00ednio de conhecimentos relativos \u00e0 doc\u00eancia em M\u00fasica e ao fazer musical, seja por meios ac\u00fasticos, eletroac\u00fasticos ou outros meios experimentais, bem como da sensibilidade art\u00edstica, de t\u00e9cnicas composicionais e interpretativas, do pensamento reflexivo e da sensibilidade est\u00e9tica, atrav\u00e9s do conhecimento de contextos e processos que envolvem ensino e aprendizagem musical, assim como de estilos, repert\u00f3rios, obras e cria\u00e7\u00f5es musicais, revelando habilidades e aptid\u00f5es indispens\u00e1veis \u00e0 atua\u00e7\u00e3o profissional na sociedade, nas dimens\u00f5es art\u00edstica, cultural, social, cient\u00edfica e tecnol\u00f3gica, inerentes \u00e0 \u00e1rea da M\u00fasica.<\/p>\n","protected":false},"excerpt":{"rendered":"<p>. CEPE\/CA, Resolu\u00e7\u00e3o n\u00ba 140\/2018. Reformula o Projeto Pedag\u00f3gico do Curso de M\u00fasica &#8211; Licenciatura, a ser implantado a partir do ano letivo de 2019.&nbsp; Dispon\u00edvel em:&nbsp;http:\/\/www.uel.br\/prograd\/documentos\/resolucoes\/2018\/resolucao_140_18.pdf. Acesso em: 18 outubro 2022; PERFIL ACAD\u00c9MICO E PROFISSIONAL DO EGRESSO O Curso de M\u00fasica enseja, como perfil desejado do egresso, aquele capaz de apropriar-se do dom\u00ednio de [&hellip;]<\/p>\n","protected":false},"author":8,"featured_media":0,"parent":0,"menu_order":0,"comment_status":"closed","ping_status":"closed","template":"","meta":{"footnotes":""},"class_list":["post-3720","page","type-page","status-publish","hentry"],"acf":[],"_links":{"self":[{"href":"https:\/\/sites.uel.br\/pdi\/wp-json\/wp\/v2\/pages\/3720","targetHints":{"allow":["GET"]}}],"collection":[{"href":"https:\/\/sites.uel.br\/pdi\/wp-json\/wp\/v2\/pages"}],"about":[{"href":"https:\/\/sites.uel.br\/pdi\/wp-json\/wp\/v2\/types\/page"}],"author":[{"embeddable":true,"href":"https:\/\/sites.uel.br\/pdi\/wp-json\/wp\/v2\/users\/8"}],"replies":[{"embeddable":true,"href":"https:\/\/sites.uel.br\/pdi\/wp-json\/wp\/v2\/comments?post=3720"}],"version-history":[{"count":1,"href":"https:\/\/sites.uel.br\/pdi\/wp-json\/wp\/v2\/pages\/3720\/revisions"}],"predecessor-version":[{"id":3721,"href":"https:\/\/sites.uel.br\/pdi\/wp-json\/wp\/v2\/pages\/3720\/revisions\/3721"}],"wp:attachment":[{"href":"https:\/\/sites.uel.br\/pdi\/wp-json\/wp\/v2\/media?parent=3720"}],"curies":[{"name":"wp","href":"https:\/\/api.w.org\/{rel}","templated":true}]}}

Perfil do Egresso &#8211; MÚSICA (Licenciatura)

<p class="has-white-color has-text-color">.</p>



<p>CEPE/CA, Resolução nº 140/2018. Reformula o Projeto Pedagógico do Curso de Música &#8211; Licenciatura, a ser implantado a partir do ano letivo de 2019.&nbsp;</p>



<p>Disponível em:&nbsp;<a href="http://www.uel.br/prograd/documentos/resolucoes/2018/resolucao_140_18.pdf">http://www.uel.br/prograd/documentos/resolucoes/2018/resolucao_140_18.pdf</a>.</p>



<p>Acesso em: 18 outubro 2022;</p>



<p>PERFIL ACADÉMICO E PROFISSIONAL DO EGRESSO</p>



<p>O Curso de Música enseja, como perfil desejado do egresso, aquele capaz de apropriar-se do domínio de conhecimentos relativos à docência em Música e ao fazer musical, seja por meios acústicos, eletroacústicos ou outros meios experimentais, bem como da sensibilidade artística, de técnicas composicionais e interpretativas, do pensamento reflexivo e da sensibilidade estética, através do conhecimento de contextos e processos que envolvem ensino e aprendizagem musical, assim como de estilos, repertórios, obras e criações musicais, revelando habilidades e aptidões indispensáveis à atuação profissional na sociedade, nas dimensões artística, cultural, social, científica e tecnológica, inerentes à área da Música.</p>

<p>. CEPE/CA, Resolução nº 140/2018. Reformula o Projeto Pedagógico do Curso de Música &#8211; Licenciatura, a ser implantado a partir do ano letivo de 2019.&nbsp; Disponível em:&nbsp;http://www.uel.br/prograd/documentos/resolucoes/2018/resolucao_140_18.pdf. Acesso em: 18 outubro 2022; PERFIL ACADÉMICO E PROFISSIONAL DO EGRESSO O Curso de Música enseja, como perfil desejado do egresso, aquele capaz de apropriar-se do domínio de [&hellip;]</p>
