{"id":3704,"date":"2022-12-06T17:52:50","date_gmt":"2022-12-06T20:52:50","guid":{"rendered":"https:\/\/sites.uel.br\/pdi\/?page_id=3704"},"modified":"2022-12-06T17:52:50","modified_gmt":"2022-12-06T20:52:50","slug":"perfil-do-egresso-letras-frances-bacharelado","status":"publish","type":"page","link":"https:\/\/sites.uel.br\/pdi\/perfil-do-egresso-letras-frances-bacharelado\/","title":{"rendered":"Perfil do Egresso &#8211; LETRAS FRANC\u00caS (Bacharelado)"},"content":{"rendered":"\n<p class=\"has-text-color\" style=\"color:#fefefe\">.<\/p>\n\n\n\n<p>CEPE\/CA, Resolu\u00e7\u00e3o n\u00ba 0110\/2009. Aprova a cria\u00e7\u00e3o do Curso de Gradua\u00e7\u00e3o em<\/p>\n\n\n\n<p>Letras&nbsp;&nbsp;Modalidade:&nbsp;&nbsp;&nbsp;Bacharelado&nbsp;&nbsp;&nbsp;Habilita\u00e7\u00e3o: L\u00edngua e Cultura Francesas, a ser implantado a partir do ano letivo de 2010.&nbsp;<\/p>\n\n\n\n<p>Dispon\u00edvel em:&nbsp;<a href=\"http:\/\/www.uel.br\/prograd\/docs_prograd\/resolucoes\/2009\/resolucao_110_09.pdf\">http:\/\/www.uel.br\/prograd\/docs_prograd\/resolucoes\/2009\/resolucao_110_09.pdf<\/a>.<\/p>\n\n\n\n<p>Acesso em: 18 outubro 2022;<\/p>\n\n\n\n<p>PERFIL DO CONCLUINTE<\/p>\n\n\n\n<p>O perfil do concluinte do Bacharelado em L\u00edngua e Cultura Francesas dever\u00e1 ser de um profissional com: desenvolvida compet\u00eancia lingu\u00edstica para a comunica\u00e7\u00e3o oral e escrita e para a atividade tradut\u00f3ria; habilidade investigativa de temas correlacionados \u00e0 l\u00edngua, tradu\u00e7\u00e3o, literaturas, culturas e civiliza\u00e7\u00f5es franc\u00f3fonas; conhecimentos em estudos liter\u00e1rios, manifesta\u00e7\u00f5es art\u00edsticas, filos\u00f3ficas, sociais e pol\u00edtico-hist\u00f3ricas de express\u00e3o francesa. Al\u00e9m disso, o concluinte dever\u00e1 ser preparado para exercer a reflex\u00e3o cr\u00edtico-construtiva sobre culturas e civiliza\u00e7\u00f5es de express\u00e3o francesa para interc\u00e2mbios culturais e cient\u00edficos e a promo\u00e7\u00e3o da expans\u00e3o do franc\u00eas como l\u00edngua estrangeira na sociedade e seu papel nas rela\u00e7\u00f5es interculturais.<\/p>\n","protected":false},"excerpt":{"rendered":"<p>. CEPE\/CA, Resolu\u00e7\u00e3o n\u00ba 0110\/2009. Aprova a cria\u00e7\u00e3o do Curso de Gradua\u00e7\u00e3o em Letras&nbsp;&nbsp;Modalidade:&nbsp;&nbsp;&nbsp;Bacharelado&nbsp;&nbsp;&nbsp;Habilita\u00e7\u00e3o: L\u00edngua e Cultura Francesas, a ser implantado a partir do ano letivo de 2010.&nbsp; Dispon\u00edvel em:&nbsp;http:\/\/www.uel.br\/prograd\/docs_prograd\/resolucoes\/2009\/resolucao_110_09.pdf. Acesso em: 18 outubro 2022; PERFIL DO CONCLUINTE O perfil do concluinte do Bacharelado em L\u00edngua e Cultura Francesas dever\u00e1 ser de um profissional com: [&hellip;]<\/p>\n","protected":false},"author":8,"featured_media":0,"parent":0,"menu_order":0,"comment_status":"closed","ping_status":"closed","template":"","meta":{"footnotes":""},"class_list":["post-3704","page","type-page","status-publish","hentry"],"acf":[],"_links":{"self":[{"href":"https:\/\/sites.uel.br\/pdi\/wp-json\/wp\/v2\/pages\/3704","targetHints":{"allow":["GET"]}}],"collection":[{"href":"https:\/\/sites.uel.br\/pdi\/wp-json\/wp\/v2\/pages"}],"about":[{"href":"https:\/\/sites.uel.br\/pdi\/wp-json\/wp\/v2\/types\/page"}],"author":[{"embeddable":true,"href":"https:\/\/sites.uel.br\/pdi\/wp-json\/wp\/v2\/users\/8"}],"replies":[{"embeddable":true,"href":"https:\/\/sites.uel.br\/pdi\/wp-json\/wp\/v2\/comments?post=3704"}],"version-history":[{"count":1,"href":"https:\/\/sites.uel.br\/pdi\/wp-json\/wp\/v2\/pages\/3704\/revisions"}],"predecessor-version":[{"id":3705,"href":"https:\/\/sites.uel.br\/pdi\/wp-json\/wp\/v2\/pages\/3704\/revisions\/3705"}],"wp:attachment":[{"href":"https:\/\/sites.uel.br\/pdi\/wp-json\/wp\/v2\/media?parent=3704"}],"curies":[{"name":"wp","href":"https:\/\/api.w.org\/{rel}","templated":true}]}}

Perfil do Egresso &#8211; LETRAS FRANCÊS (Bacharelado)

<p class="has-text-color" style="color:#fefefe">.</p>



<p>CEPE/CA, Resolução nº 0110/2009. Aprova a criação do Curso de Graduação em</p>



<p>Letras&nbsp;&nbsp;Modalidade:&nbsp;&nbsp;&nbsp;Bacharelado&nbsp;&nbsp;&nbsp;Habilitação: Língua e Cultura Francesas, a ser implantado a partir do ano letivo de 2010.&nbsp;</p>



<p>Disponível em:&nbsp;<a href="http://www.uel.br/prograd/docs_prograd/resolucoes/2009/resolucao_110_09.pdf">http://www.uel.br/prograd/docs_prograd/resolucoes/2009/resolucao_110_09.pdf</a>.</p>



<p>Acesso em: 18 outubro 2022;</p>



<p>PERFIL DO CONCLUINTE</p>



<p>O perfil do concluinte do Bacharelado em Língua e Cultura Francesas deverá ser de um profissional com: desenvolvida competência linguística para a comunicação oral e escrita e para a atividade tradutória; habilidade investigativa de temas correlacionados à língua, tradução, literaturas, culturas e civilizações francófonas; conhecimentos em estudos literários, manifestações artísticas, filosóficas, sociais e político-históricas de expressão francesa. Além disso, o concluinte deverá ser preparado para exercer a reflexão crítico-construtiva sobre culturas e civilizações de expressão francesa para intercâmbios culturais e científicos e a promoção da expansão do francês como língua estrangeira na sociedade e seu papel nas relações interculturais.</p>

<p>. CEPE/CA, Resolução nº 0110/2009. Aprova a criação do Curso de Graduação em Letras&nbsp;&nbsp;Modalidade:&nbsp;&nbsp;&nbsp;Bacharelado&nbsp;&nbsp;&nbsp;Habilitação: Língua e Cultura Francesas, a ser implantado a partir do ano letivo de 2010.&nbsp; Disponível em:&nbsp;http://www.uel.br/prograd/docs_prograd/resolucoes/2009/resolucao_110_09.pdf. Acesso em: 18 outubro 2022; PERFIL DO CONCLUINTE O perfil do concluinte do Bacharelado em Língua e Cultura Francesas deverá ser de um profissional com: [&hellip;]</p>
