{"id":3702,"date":"2022-12-06T17:51:46","date_gmt":"2022-12-06T20:51:46","guid":{"rendered":"https:\/\/sites.uel.br\/pdi\/?page_id=3702"},"modified":"2022-12-06T17:51:46","modified_gmt":"2022-12-06T20:51:46","slug":"perfil-do-egresso-letras-espanhol-licenciatura","status":"publish","type":"page","link":"https:\/\/sites.uel.br\/pdi\/perfil-do-egresso-letras-espanhol-licenciatura\/","title":{"rendered":"Perfil do Egresso &#8211; LETRAS ESPANHOL (Licenciatura)"},"content":{"rendered":"\n<p class=\"has-text-color\" style=\"color:#fefefe\">.<\/p>\n\n\n\n<p>CEPE\/CA, Resolu\u00e7\u00e3o n\u00ba 121\/2018. Reformula o Projeto Pedag\u00f3gico do Curso de Letras Espanhol &#8211; Licenciatura em L\u00edngua Espanhola e Literatura Hisp\u00e2nica, a ser implantado a partir do ano letivo de 2019.&nbsp;<\/p>\n\n\n\n<p>Dispon\u00edvel em:&nbsp;<a href=\"http:\/\/www.uel.br\/prograd\/documentos\/resolucoes\/2018\/resolucao_121_18.pdf\">http:\/\/www.uel.br\/prograd\/documentos\/resolucoes\/2018\/resolucao_121_18.pdf<\/a>.<\/p>\n\n\n\n<p>Acesso em: 18 outubro 2022;<\/p>\n\n\n\n<p>PERFIL DO CONCLUINTE<\/p>\n\n\n\n<p>O curso de Letras Espanhol da Universidade Estadual de Londrina formar\u00e1 um profissional cr\u00edtico e \u00e9tico, comprometido com as pr\u00e1ticas democr\u00e1ticas da educa\u00e7\u00e3o. O egresso da Licenciatura em Letras Espanhol estar\u00e1 apto a exercer o magist\u00e9rio na Educa\u00e7\u00e3o B\u00e1sica, com habilidades investigativas diante de seu objeto de estudo e o dom\u00ednio de recursos did\u00e1tico-pedag\u00f3gicos e tecnol\u00f3gicos.<\/p>\n\n\n\n<p>Em sua forma\u00e7\u00e3o ser\u00e1 proporcionado ao egresso o acesso a atividades que promovam desenvolvimento de uma consci\u00eancia cr\u00edtica sobre as modalidades de educa\u00e7\u00e3o previstas na Resolu\u00e7\u00e3o CNE 02\/2015, a saber: Educa\u00e7\u00e3o de Jovens e Adultos, Educa\u00e7\u00e3o Especial, Educa\u00e7\u00e3o Profissional e Tecnol\u00f3gica, Educa\u00e7\u00e3o do Campo, Educa\u00e7\u00e3o Escolar Ind\u00edgena, Educa\u00e7\u00e3o a Dist\u00e2ncia e Educa\u00e7\u00e3o Escolar Quilombola.<\/p>\n\n\n\n<p>O profissional formado poder\u00e1 trabalhar como professor no ensino de idiomas, ministrando cursos de l\u00edngua, literatura e cultura hisp\u00e2nica. Al\u00e9m das atividades de magist\u00e9rio, o egresso poder\u00e1 desempenhar fun\u00e7\u00f5es junto a editoras nas \u00e1reas de revis\u00e3o de textos, elabora\u00e7\u00e3o e avalia\u00e7\u00e3o de materiais did\u00e1ticos e tradu\u00e7\u00e3o e vers\u00e3o. O licenciado ainda estar\u00e1 preparado para ingressar na p\u00f3s-gradua\u00e7\u00e3o lato e stricto sensu, nas \u00e1reas de em Letras e Lingu\u00edstica e em \u00e1reas afins, a fim de dar seguimento a sua forma\u00e7\u00e3o, por meio de atividades de pesquisa em estudos lingu\u00edsticos, liter\u00e1rios e tradutol\u00f3gicos, bem como em \u00e1reas relacionadas ao ensino de l\u00edngua e literatura estrangeiras.<\/p>\n\n\n\n<p>A Licenciatura em Letras Espanhol permitir\u00e1 ao egresso:<\/p>\n\n\n\n<ul class=\"wp-block-list\">\n<li>Apresentar qualifica\u00e7\u00e3o voltada para o dom\u00ednio lingu\u00edstico-discursivo, pragm\u00e1tico-cultural e liter\u00e1rio, com capacidade de reflex\u00e3o cr\u00edtica sobre as teorias de ensino e aprendizagem e sobre o papel da l\u00edngua espanhola na sociedade.<\/li>\n\n\n\n<li>Dominar os conhecimentos que fundamentam e orientam sua interven\u00e7\u00e3o acad\u00eamico-profissional e saber mobilizar esses conhecimentos transformando-os em a\u00e7\u00f5es para que possa intervir acad\u00e9mica e profissionalmente na sociedade, visando a forma\u00e7\u00e3o, a amplia\u00e7\u00e3o e o enriquecimento cultural das pessoas.<\/li>\n\n\n\n<li>Desenvolver sua capacidade de autonomia para tomada de decis\u00f5es e avalia\u00e7\u00e3o cr\u00edtica sobre sua pr\u00f3pria atua\u00e7\u00e3o e seu contexto, bem como estar apto a constantemente refletir sobre o espanhol como l\u00edngua de aprendizagem e de ensino.<\/li>\n\n\n\n<li>Dominar os conhecimentos conceituais, procedimentais e atitudinais espec\u00edficos das \u00e1reas de ensino e aprendizagem de culturas expressas em L\u00edngua Espanhola, orientados por valores sociais, morais e \u00e9ticos pr\u00f3prios a uma sociedade plural e democr\u00e1tica.<\/li>\n\n\n\n<li>Diagnosticar os interesses, as expectativas e as necessidades das pessoas (crian\u00e7as, jovens, adultos, idosos, pessoas com defici\u00eancias e grupos e comunidades minorit\u00e1rias) de modo a planejar, assessorar, supervisionar e avaliar projetos e programas de atividades pedag\u00f3gicas \u00e0 luz de teorias de ensino e aprendizagem, tendo em vista o papel da l\u00edngua espanhola e de suas literaturas e culturas, na sociedade.<\/li>\n\n\n\n<li>Acompanhar as transforma\u00e7\u00f5es acad\u00eamico-cient\u00edficas tanto das \u00e1reas privilegiadas no curso, quanto de \u00e1reas afins, por meio de an\u00e1lise cr\u00edtica de literatura especializada e de cont\u00ednua atualiza\u00e7\u00e3o e produ\u00e7\u00e3o profissionais no tocante \u00e0s intera\u00e7\u00f5es multiculturais relacionadas \u00e0 L\u00edngua Espanhola e a suas respectivas literaturas.<\/li>\n<\/ul>\n\n\n\n<p>O licenciado em Letras Espanhol deve estar capacitado para:<\/p>\n\n\n\n<ul class=\"wp-block-list\">\n<li>Refletir sobre a L\u00edngua Espanhola de maneira cr\u00edtica, levando em conta o processo de forma\u00e7\u00e3o dessa l\u00edngua, suas diferentes normas e dialetos;&nbsp;<\/li>\n\n\n\n<li>Apresentar profici\u00eancia em L\u00edngua Espanhola em suas quatro compet\u00eancias: compreens\u00e3o e express\u00e3o oral e escrita,<\/li>\n\n\n\n<li>Conhecer as literaturas espanhola e hispano-americana e relacion\u00e1-las entre si, ao momento presente, a seus contextos de cria\u00e7\u00e3o e a outras formas art\u00edsticas;<\/li>\n\n\n\n<li>Exercer o magist\u00e9rio na qualidade de professor-pesquisador, atento \u00e0s inova\u00e7\u00f5es te\u00f3rico-reflexivas em seu campo de atua\u00e7\u00e3o;<\/li>\n\n\n\n<li>Utilizar-se de recursos tecnol\u00f3gicos em sala de aula, mostrando-se atualizado no que tange \u00e0 evolu\u00e7\u00e3o das mais modernas ferramentas de ensino;<\/li>\n\n\n\n<li>Transitar entre diferentes \u00e1reas do saber, propiciando-lhe a forma\u00e7\u00e3o necess\u00e1ria para que se torne um mediador cultural capaz de detectar, compreender e facilitar processos comunicativos;<\/li>\n\n\n\n<li>Exercer o papel de multiplicador de conhecimentos e pr\u00e1ticas que estimulem comportamentos socialmente respons\u00e1veis.\u2003<\/li>\n<\/ul>\n","protected":false},"excerpt":{"rendered":"<p>. CEPE\/CA, Resolu\u00e7\u00e3o n\u00ba 121\/2018. Reformula o Projeto Pedag\u00f3gico do Curso de Letras Espanhol &#8211; Licenciatura em L\u00edngua Espanhola e Literatura Hisp\u00e2nica, a ser implantado a partir do ano letivo de 2019.&nbsp; Dispon\u00edvel em:&nbsp;http:\/\/www.uel.br\/prograd\/documentos\/resolucoes\/2018\/resolucao_121_18.pdf. Acesso em: 18 outubro 2022; PERFIL DO CONCLUINTE O curso de Letras Espanhol da Universidade Estadual de Londrina formar\u00e1 um profissional [&hellip;]<\/p>\n","protected":false},"author":8,"featured_media":0,"parent":0,"menu_order":0,"comment_status":"closed","ping_status":"closed","template":"","meta":{"footnotes":""},"class_list":["post-3702","page","type-page","status-publish","hentry"],"acf":[],"_links":{"self":[{"href":"https:\/\/sites.uel.br\/pdi\/wp-json\/wp\/v2\/pages\/3702","targetHints":{"allow":["GET"]}}],"collection":[{"href":"https:\/\/sites.uel.br\/pdi\/wp-json\/wp\/v2\/pages"}],"about":[{"href":"https:\/\/sites.uel.br\/pdi\/wp-json\/wp\/v2\/types\/page"}],"author":[{"embeddable":true,"href":"https:\/\/sites.uel.br\/pdi\/wp-json\/wp\/v2\/users\/8"}],"replies":[{"embeddable":true,"href":"https:\/\/sites.uel.br\/pdi\/wp-json\/wp\/v2\/comments?post=3702"}],"version-history":[{"count":1,"href":"https:\/\/sites.uel.br\/pdi\/wp-json\/wp\/v2\/pages\/3702\/revisions"}],"predecessor-version":[{"id":3703,"href":"https:\/\/sites.uel.br\/pdi\/wp-json\/wp\/v2\/pages\/3702\/revisions\/3703"}],"wp:attachment":[{"href":"https:\/\/sites.uel.br\/pdi\/wp-json\/wp\/v2\/media?parent=3702"}],"curies":[{"name":"wp","href":"https:\/\/api.w.org\/{rel}","templated":true}]}}

<p class="has-text-color" style="color:#fefefe">.</p>



<p>CEPE/CA, Resolução nº 121/2018. Reformula o Projeto Pedagógico do Curso de Letras Espanhol &#8211; Licenciatura em Língua Espanhola e Literatura Hispânica, a ser implantado a partir do ano letivo de 2019.&nbsp;</p>



<p>Disponível em:&nbsp;<a href="http://www.uel.br/prograd/documentos/resolucoes/2018/resolucao_121_18.pdf">http://www.uel.br/prograd/documentos/resolucoes/2018/resolucao_121_18.pdf</a>.</p>



<p>Acesso em: 18 outubro 2022;</p>



<p>PERFIL DO CONCLUINTE</p>



<p>O curso de Letras Espanhol da Universidade Estadual de Londrina formará um profissional crítico e ético, comprometido com as práticas democráticas da educação. O egresso da Licenciatura em Letras Espanhol estará apto a exercer o magistério na Educação Básica, com habilidades investigativas diante de seu objeto de estudo e o domínio de recursos didático-pedagógicos e tecnológicos.</p>



<p>Em sua formação será proporcionado ao egresso o acesso a atividades que promovam desenvolvimento de uma consciência crítica sobre as modalidades de educação previstas na Resolução CNE 02/2015, a saber: Educação de Jovens e Adultos, Educação Especial, Educação Profissional e Tecnológica, Educação do Campo, Educação Escolar Indígena, Educação a Distância e Educação Escolar Quilombola.</p>



<p>O profissional formado poderá trabalhar como professor no ensino de idiomas, ministrando cursos de língua, literatura e cultura hispânica. Além das atividades de magistério, o egresso poderá desempenhar funções junto a editoras nas áreas de revisão de textos, elaboração e avaliação de materiais didáticos e tradução e versão. O licenciado ainda estará preparado para ingressar na pós-graduação lato e stricto sensu, nas áreas de em Letras e Linguística e em áreas afins, a fim de dar seguimento a sua formação, por meio de atividades de pesquisa em estudos linguísticos, literários e tradutológicos, bem como em áreas relacionadas ao ensino de língua e literatura estrangeiras.</p>



<p>A Licenciatura em Letras Espanhol permitirá ao egresso:</p>



<ul class="wp-block-list">
<li>Apresentar qualificação voltada para o domínio linguístico-discursivo, pragmático-cultural e literário, com capacidade de reflexão crítica sobre as teorias de ensino e aprendizagem e sobre o papel da língua espanhola na sociedade.</li>



<li>Dominar os conhecimentos que fundamentam e orientam sua intervenção acadêmico-profissional e saber mobilizar esses conhecimentos transformando-os em ações para que possa intervir académica e profissionalmente na sociedade, visando a formação, a ampliação e o enriquecimento cultural das pessoas.</li>



<li>Desenvolver sua capacidade de autonomia para tomada de decisões e avaliação crítica sobre sua própria atuação e seu contexto, bem como estar apto a constantemente refletir sobre o espanhol como língua de aprendizagem e de ensino.</li>



<li>Dominar os conhecimentos conceituais, procedimentais e atitudinais específicos das áreas de ensino e aprendizagem de culturas expressas em Língua Espanhola, orientados por valores sociais, morais e éticos próprios a uma sociedade plural e democrática.</li>



<li>Diagnosticar os interesses, as expectativas e as necessidades das pessoas (crianças, jovens, adultos, idosos, pessoas com deficiências e grupos e comunidades minoritárias) de modo a planejar, assessorar, supervisionar e avaliar projetos e programas de atividades pedagógicas à luz de teorias de ensino e aprendizagem, tendo em vista o papel da língua espanhola e de suas literaturas e culturas, na sociedade.</li>



<li>Acompanhar as transformações acadêmico-científicas tanto das áreas privilegiadas no curso, quanto de áreas afins, por meio de análise crítica de literatura especializada e de contínua atualização e produção profissionais no tocante às interações multiculturais relacionadas à Língua Espanhola e a suas respectivas literaturas.</li>
</ul>



<p>O licenciado em Letras Espanhol deve estar capacitado para:</p>



<ul class="wp-block-list">
<li>Refletir sobre a Língua Espanhola de maneira crítica, levando em conta o processo de formação dessa língua, suas diferentes normas e dialetos;&nbsp;</li>



<li>Apresentar proficiência em Língua Espanhola em suas quatro competências: compreensão e expressão oral e escrita,</li>



<li>Conhecer as literaturas espanhola e hispano-americana e relacioná-las entre si, ao momento presente, a seus contextos de criação e a outras formas artísticas;</li>



<li>Exercer o magistério na qualidade de professor-pesquisador, atento às inovações teórico-reflexivas em seu campo de atuação;</li>



<li>Utilizar-se de recursos tecnológicos em sala de aula, mostrando-se atualizado no que tange à evolução das mais modernas ferramentas de ensino;</li>



<li>Transitar entre diferentes áreas do saber, propiciando-lhe a formação necessária para que se torne um mediador cultural capaz de detectar, compreender e facilitar processos comunicativos;</li>



<li>Exercer o papel de multiplicador de conhecimentos e práticas que estimulem comportamentos socialmente responsáveis. </li>
</ul>

<p>. CEPE/CA, Resolução nº 121/2018. Reformula o Projeto Pedagógico do Curso de Letras Espanhol &#8211; Licenciatura em Língua Espanhola e Literatura Hispânica, a ser implantado a partir do ano letivo de 2019.&nbsp; Disponível em:&nbsp;http://www.uel.br/prograd/documentos/resolucoes/2018/resolucao_121_18.pdf. Acesso em: 18 outubro 2022; PERFIL DO CONCLUINTE O curso de Letras Espanhol da Universidade Estadual de Londrina formará um profissional [&hellip;]</p>
