{"id":3698,"date":"2022-12-06T17:43:52","date_gmt":"2022-12-06T20:43:52","guid":{"rendered":"https:\/\/sites.uel.br\/pdi\/?page_id=3698"},"modified":"2022-12-06T17:44:34","modified_gmt":"2022-12-06T20:44:34","slug":"perfil-do-egresso-jornalismo-bacharelado","status":"publish","type":"page","link":"https:\/\/sites.uel.br\/pdi\/perfil-do-egresso-jornalismo-bacharelado\/","title":{"rendered":"Perfil do Egresso &#8211; JORNALISMO (Bacharelado)"},"content":{"rendered":"\n<p class=\"has-text-color\" style=\"color:#fefefe\">.<\/p>\n\n\n\n<p>CEPE\/CA, Resolu\u00e7\u00e3o n\u00ba 004\/2016. Reformula o Projeto Pedag\u00f3gico do Curso de Jornalismo, a ser implantado a partir do ano letivo de 2016.&nbsp;<\/p>\n\n\n\n<p>Dispon\u00edvel em:&nbsp;<a href=\"http:\/\/www.uel.br\/prograd\/documentos\/resolucoes\/2016\/resolucao_04_16.pdf\">http:\/\/www.uel.br\/prograd\/documentos\/resolucoes\/2016\/resolucao_04_16.pdf<\/a>.<\/p>\n\n\n\n<p>Acesso em: 18 outubro 2022;<\/p>\n\n\n\n<p>PERFIL DO CONCLUINTE<\/p>\n\n\n\n<p>O egresso do Curso de Jornalismo dever\u00e1 dominar as habilidades t\u00e9cnicas e ferramentas necess\u00e1rias para o exerc\u00edcio de todas as fun\u00e7\u00f5es exigidas pela profiss\u00e3o, assim como para a produ\u00e7\u00e3o de conte\u00fado em qualquer formato e para todas as plataformas midi\u00e1ticas geradas pelas novas tecnologias e pelos novos nichos de mercado, incluindo as potencialidades do empreendedorismo.<\/p>\n\n\n\n<p>A forma\u00e7\u00e3o human\u00edstica, base da pr\u00e1tica profissional e da vis\u00e3o cient\u00edfica, dar\u00e1 ao concluinte o respaldo acad\u00eamico para os procedimentos te\u00f3ricos e metodol\u00f3gicos da pesquisa em Jornalismo, em ambas as perspectivas \u2014 pr\u00e1tica profissional ou acad\u00eamica \u2014 o egresso ter\u00e1 condi\u00e7\u00f5es de, no exerc\u00edcio da cidadania, desempenhar suas atividades com consci\u00eancia cr\u00edtica, \u00e9tica e reflexiva.<\/p>\n","protected":false},"excerpt":{"rendered":"<p>. CEPE\/CA, Resolu\u00e7\u00e3o n\u00ba 004\/2016. Reformula o Projeto Pedag\u00f3gico do Curso de Jornalismo, a ser implantado a partir do ano letivo de 2016.&nbsp; Dispon\u00edvel em:&nbsp;http:\/\/www.uel.br\/prograd\/documentos\/resolucoes\/2016\/resolucao_04_16.pdf. Acesso em: 18 outubro 2022; PERFIL DO CONCLUINTE O egresso do Curso de Jornalismo dever\u00e1 dominar as habilidades t\u00e9cnicas e ferramentas necess\u00e1rias para o exerc\u00edcio de todas as fun\u00e7\u00f5es exigidas [&hellip;]<\/p>\n","protected":false},"author":8,"featured_media":0,"parent":0,"menu_order":0,"comment_status":"closed","ping_status":"closed","template":"","meta":{"footnotes":""},"class_list":["post-3698","page","type-page","status-publish","hentry"],"acf":[],"_links":{"self":[{"href":"https:\/\/sites.uel.br\/pdi\/wp-json\/wp\/v2\/pages\/3698","targetHints":{"allow":["GET"]}}],"collection":[{"href":"https:\/\/sites.uel.br\/pdi\/wp-json\/wp\/v2\/pages"}],"about":[{"href":"https:\/\/sites.uel.br\/pdi\/wp-json\/wp\/v2\/types\/page"}],"author":[{"embeddable":true,"href":"https:\/\/sites.uel.br\/pdi\/wp-json\/wp\/v2\/users\/8"}],"replies":[{"embeddable":true,"href":"https:\/\/sites.uel.br\/pdi\/wp-json\/wp\/v2\/comments?post=3698"}],"version-history":[{"count":2,"href":"https:\/\/sites.uel.br\/pdi\/wp-json\/wp\/v2\/pages\/3698\/revisions"}],"predecessor-version":[{"id":3701,"href":"https:\/\/sites.uel.br\/pdi\/wp-json\/wp\/v2\/pages\/3698\/revisions\/3701"}],"wp:attachment":[{"href":"https:\/\/sites.uel.br\/pdi\/wp-json\/wp\/v2\/media?parent=3698"}],"curies":[{"name":"wp","href":"https:\/\/api.w.org\/{rel}","templated":true}]}}

<p class="has-text-color" style="color:#fefefe">.</p>



<p>CEPE/CA, Resolução nº 004/2016. Reformula o Projeto Pedagógico do Curso de Jornalismo, a ser implantado a partir do ano letivo de 2016.&nbsp;</p>



<p>Disponível em:&nbsp;<a href="http://www.uel.br/prograd/documentos/resolucoes/2016/resolucao_04_16.pdf">http://www.uel.br/prograd/documentos/resolucoes/2016/resolucao_04_16.pdf</a>.</p>



<p>Acesso em: 18 outubro 2022;</p>



<p>PERFIL DO CONCLUINTE</p>



<p>O egresso do Curso de Jornalismo deverá dominar as habilidades técnicas e ferramentas necessárias para o exercício de todas as funções exigidas pela profissão, assim como para a produção de conteúdo em qualquer formato e para todas as plataformas midiáticas geradas pelas novas tecnologias e pelos novos nichos de mercado, incluindo as potencialidades do empreendedorismo.</p>



<p>A formação humanística, base da prática profissional e da visão científica, dará ao concluinte o respaldo acadêmico para os procedimentos teóricos e metodológicos da pesquisa em Jornalismo, em ambas as perspectivas — prática profissional ou acadêmica — o egresso terá condições de, no exercício da cidadania, desempenhar suas atividades com consciência crítica, ética e reflexiva.</p>

<p>. CEPE/CA, Resolução nº 004/2016. Reformula o Projeto Pedagógico do Curso de Jornalismo, a ser implantado a partir do ano letivo de 2016.&nbsp; Disponível em:&nbsp;http://www.uel.br/prograd/documentos/resolucoes/2016/resolucao_04_16.pdf. Acesso em: 18 outubro 2022; PERFIL DO CONCLUINTE O egresso do Curso de Jornalismo deverá dominar as habilidades técnicas e ferramentas necessárias para o exercício de todas as funções exigidas [&hellip;]</p>
