{"id":3671,"date":"2022-12-06T17:14:10","date_gmt":"2022-12-06T20:14:10","guid":{"rendered":"https:\/\/sites.uel.br\/pdi\/?page_id=3671"},"modified":"2022-12-06T17:14:10","modified_gmt":"2022-12-06T20:14:10","slug":"perfil-do-egresso-educacao-fisica-licenciatura","status":"publish","type":"page","link":"https:\/\/sites.uel.br\/pdi\/perfil-do-egresso-educacao-fisica-licenciatura\/","title":{"rendered":"Perfil do Egresso &#8211; EDUCA\u00c7\u00c3O F\u00cdSICA (Licenciatura)"},"content":{"rendered":"\n<p class=\"has-white-color has-text-color\">.<\/p>\n\n\n\n<p>CEPE, Resolu\u00e7\u00e3o n\u00ba 0255\/2009. Reformula o Projeto Pedag\u00f3gico do Curso de Educa\u00e7\u00e3o F\u00edsica \u2014 Habilita\u00e7\u00e3o: Licenciatura, a ser implantado a partir do ano letivo de 2010.&nbsp;<\/p>\n\n\n\n<p>Dispon\u00edvel em:&nbsp;<a href=\"http:\/\/www.uel.br\/prograd\/docs_prograd\/resolucoes\/2009\/resolucao_255_09.pdf\">http:\/\/www.uel.br\/prograd\/docs_prograd\/resolucoes\/2009\/resolucao_255_09.pdf<\/a>.<\/p>\n\n\n\n<p>Acesso em: 17 outubro 2022;<\/p>\n\n\n\n<p>PERFIL DO CONCLUINTE<\/p>\n\n\n\n<p>O Curso de Gradua\u00e7\u00e3o em Educa\u00e7\u00e3o F\u00edsica &#8211; Licenciatura est\u00e1 voltado para a forma\u00e7\u00e3o do profissional que ir\u00e1 atuar com a Educa\u00e7\u00e3o F\u00edsica nos n\u00edveis e modalidades de educa\u00e7\u00e3o e ensino, caracterizando-se como espa\u00e7o prop\u00edcio \u00e0 compreens\u00e3o das a\u00e7\u00f5es referentes ao aprender a pensar e fazer, partindo da totalidade da realidade e do princ\u00edpio das m\u00faltiplas dimens\u00f5es dos saberes pertinentes \u00e0 \u00e1rea e do Inundo do trabalho.<\/p>\n\n\n\n<p>Est\u00e1 pautado em princ\u00edpios de indissociabilidade entre o ensino, a pesquisa e a extens\u00e3o, de interdisciplinaridade e de reflex\u00e3o cr\u00edtica, por meio da reflex\u00e3o dial\u00e9tica pr\u00e1xis &#8211; promovendo em sua a\u00e7\u00e3o pedag\u00f3gica cotidiana o desenvolvimento da pesquisa como a\u00e7\u00e3o orientada para a apropria\u00e7\u00e3o e produ\u00e7\u00e3o dos conhecimentos te\u00f3ricos, cient\u00edficos e t\u00e9cnico-pr\u00e1ticos e sua transposi\u00e7\u00e3o pedag\u00f3gica.<\/p>\n","protected":false},"excerpt":{"rendered":"<p>. CEPE, Resolu\u00e7\u00e3o n\u00ba 0255\/2009. Reformula o Projeto Pedag\u00f3gico do Curso de Educa\u00e7\u00e3o F\u00edsica \u2014 Habilita\u00e7\u00e3o: Licenciatura, a ser implantado a partir do ano letivo de 2010.&nbsp; Dispon\u00edvel em:&nbsp;http:\/\/www.uel.br\/prograd\/docs_prograd\/resolucoes\/2009\/resolucao_255_09.pdf. Acesso em: 17 outubro 2022; PERFIL DO CONCLUINTE O Curso de Gradua\u00e7\u00e3o em Educa\u00e7\u00e3o F\u00edsica &#8211; Licenciatura est\u00e1 voltado para a forma\u00e7\u00e3o do profissional que ir\u00e1 [&hellip;]<\/p>\n","protected":false},"author":8,"featured_media":0,"parent":0,"menu_order":0,"comment_status":"closed","ping_status":"closed","template":"","meta":{"footnotes":""},"class_list":["post-3671","page","type-page","status-publish","hentry"],"acf":[],"_links":{"self":[{"href":"https:\/\/sites.uel.br\/pdi\/wp-json\/wp\/v2\/pages\/3671","targetHints":{"allow":["GET"]}}],"collection":[{"href":"https:\/\/sites.uel.br\/pdi\/wp-json\/wp\/v2\/pages"}],"about":[{"href":"https:\/\/sites.uel.br\/pdi\/wp-json\/wp\/v2\/types\/page"}],"author":[{"embeddable":true,"href":"https:\/\/sites.uel.br\/pdi\/wp-json\/wp\/v2\/users\/8"}],"replies":[{"embeddable":true,"href":"https:\/\/sites.uel.br\/pdi\/wp-json\/wp\/v2\/comments?post=3671"}],"version-history":[{"count":1,"href":"https:\/\/sites.uel.br\/pdi\/wp-json\/wp\/v2\/pages\/3671\/revisions"}],"predecessor-version":[{"id":3672,"href":"https:\/\/sites.uel.br\/pdi\/wp-json\/wp\/v2\/pages\/3671\/revisions\/3672"}],"wp:attachment":[{"href":"https:\/\/sites.uel.br\/pdi\/wp-json\/wp\/v2\/media?parent=3671"}],"curies":[{"name":"wp","href":"https:\/\/api.w.org\/{rel}","templated":true}]}}

Perfil do Egresso &#8211; EDUCAÇÃO FÍSICA (Licenciatura)

<p class="has-white-color has-text-color">.</p>



<p>CEPE, Resolução nº 0255/2009. Reformula o Projeto Pedagógico do Curso de Educação Física — Habilitação: Licenciatura, a ser implantado a partir do ano letivo de 2010.&nbsp;</p>



<p>Disponível em:&nbsp;<a href="http://www.uel.br/prograd/docs_prograd/resolucoes/2009/resolucao_255_09.pdf">http://www.uel.br/prograd/docs_prograd/resolucoes/2009/resolucao_255_09.pdf</a>.</p>



<p>Acesso em: 17 outubro 2022;</p>



<p>PERFIL DO CONCLUINTE</p>



<p>O Curso de Graduação em Educação Física &#8211; Licenciatura está voltado para a formação do profissional que irá atuar com a Educação Física nos níveis e modalidades de educação e ensino, caracterizando-se como espaço propício à compreensão das ações referentes ao aprender a pensar e fazer, partindo da totalidade da realidade e do princípio das múltiplas dimensões dos saberes pertinentes à área e do Inundo do trabalho.</p>



<p>Está pautado em princípios de indissociabilidade entre o ensino, a pesquisa e a extensão, de interdisciplinaridade e de reflexão crítica, por meio da reflexão dialética práxis &#8211; promovendo em sua ação pedagógica cotidiana o desenvolvimento da pesquisa como ação orientada para a apropriação e produção dos conhecimentos teóricos, científicos e técnico-práticos e sua transposição pedagógica.</p>

<p>. CEPE, Resolução nº 0255/2009. Reformula o Projeto Pedagógico do Curso de Educação Física — Habilitação: Licenciatura, a ser implantado a partir do ano letivo de 2010.&nbsp; Disponível em:&nbsp;http://www.uel.br/prograd/docs_prograd/resolucoes/2009/resolucao_255_09.pdf. Acesso em: 17 outubro 2022; PERFIL DO CONCLUINTE O Curso de Graduação em Educação Física &#8211; Licenciatura está voltado para a formação do profissional que irá [&hellip;]</p>
