{"id":3667,"date":"2022-12-06T17:10:34","date_gmt":"2022-12-06T20:10:34","guid":{"rendered":"https:\/\/sites.uel.br\/pdi\/?page_id=3667"},"modified":"2022-12-06T17:10:34","modified_gmt":"2022-12-06T20:10:34","slug":"perfil-do-egresso-direito-bacharelado","status":"publish","type":"page","link":"https:\/\/sites.uel.br\/pdi\/perfil-do-egresso-direito-bacharelado\/","title":{"rendered":"Perfil do Egresso &#8211; DIREITO (Bacharelado)"},"content":{"rendered":"\n<p class=\"has-white-color has-text-color\">.<\/p>\n\n\n\n<p>CEPE\/CE, Resolu\u00e7\u00e3o n\u00ba 080\/2021. Reformula o Projeto Pedag\u00f3gico do Curso de Direito, a ser implantado a partir do ano letivo de 2022.&nbsp;<\/p>\n\n\n\n<p>Dispon\u00edvel em:&nbsp;<a href=\"http:\/\/www.uel.br\/prograd\/documentos\/resolucoes\/2021\/resolucao_80_21.pdf\">http:\/\/www.uel.br\/prograd\/documentos\/resolucoes\/2021\/resolucao_80_21.pdf<\/a>.<\/p>\n\n\n\n<p>Acesso em: 17 outubro 2022;&nbsp;<\/p>\n\n\n\n<p>PERFIL DO CONCLUINTE<\/p>\n\n\n\n<p>O perfil profissional que o Projeto Pedag\u00f3gico do Curso pretende formar \u00e9 o de bachar\u00e9is em Direito, como resultado da indissociabilidade entre pesquisa, ensino e extens\u00e3o:<\/p>\n\n\n\n<ul class=\"wp-block-list\">\n<li>Com vis\u00e3o cr\u00edtica, \u00e9tica, humanista e com sensibilidade social para atua\u00e7,\u00e2o nas mais diversas \u00e1reas do Direito na sociedade em constante transforma\u00e7\u00e3o;<\/li>\n\n\n\n<li>Com conhecimento dos contextos sociais, culturais, econ\u00f4micos negocial, pol\u00edtico e filos\u00f3ficos por meio da transdisciplinaridade;<\/li>\n\n\n\n<li>Com capacidade para desenvolver formas judiciais e extrajudiciais de preven\u00e7\u00e3o e solu\u00e7\u00e3o de conflitos individuais e coletivos, bem como implementa\u00e7\u00e3o de boas pr\u00e1ticas nas mais diversas \u00e1reas jur\u00eddicas;<\/li>\n\n\n\n<li>Capacitados \u00e0 pr\u00e1tica profissional e \u00e0 investiga\u00e7\u00e3o e pesquisa jur\u00eddico-cient\u00edfica;<\/li>\n\n\n\n<li>Articulados com o contexto social, capazes de identificar e equacionar problemas, buscar as solu\u00e7\u00f5es jur\u00eddicas e com atua\u00e7\u00e3o voltada \u00e0 pacifica\u00e7\u00e3o social.<\/li>\n<\/ul>\n","protected":false},"excerpt":{"rendered":"<p>. CEPE\/CE, Resolu\u00e7\u00e3o n\u00ba 080\/2021. Reformula o Projeto Pedag\u00f3gico do Curso de Direito, a ser implantado a partir do ano letivo de 2022.&nbsp; Dispon\u00edvel em:&nbsp;http:\/\/www.uel.br\/prograd\/documentos\/resolucoes\/2021\/resolucao_80_21.pdf. Acesso em: 17 outubro 2022;&nbsp; PERFIL DO CONCLUINTE O perfil profissional que o Projeto Pedag\u00f3gico do Curso pretende formar \u00e9 o de bachar\u00e9is em Direito, como resultado da indissociabilidade entre [&hellip;]<\/p>\n","protected":false},"author":8,"featured_media":0,"parent":0,"menu_order":0,"comment_status":"closed","ping_status":"closed","template":"","meta":{"footnotes":""},"class_list":["post-3667","page","type-page","status-publish","hentry"],"acf":[],"_links":{"self":[{"href":"https:\/\/sites.uel.br\/pdi\/wp-json\/wp\/v2\/pages\/3667","targetHints":{"allow":["GET"]}}],"collection":[{"href":"https:\/\/sites.uel.br\/pdi\/wp-json\/wp\/v2\/pages"}],"about":[{"href":"https:\/\/sites.uel.br\/pdi\/wp-json\/wp\/v2\/types\/page"}],"author":[{"embeddable":true,"href":"https:\/\/sites.uel.br\/pdi\/wp-json\/wp\/v2\/users\/8"}],"replies":[{"embeddable":true,"href":"https:\/\/sites.uel.br\/pdi\/wp-json\/wp\/v2\/comments?post=3667"}],"version-history":[{"count":1,"href":"https:\/\/sites.uel.br\/pdi\/wp-json\/wp\/v2\/pages\/3667\/revisions"}],"predecessor-version":[{"id":3668,"href":"https:\/\/sites.uel.br\/pdi\/wp-json\/wp\/v2\/pages\/3667\/revisions\/3668"}],"wp:attachment":[{"href":"https:\/\/sites.uel.br\/pdi\/wp-json\/wp\/v2\/media?parent=3667"}],"curies":[{"name":"wp","href":"https:\/\/api.w.org\/{rel}","templated":true}]}}

<p class="has-white-color has-text-color">.</p>



<p>CEPE/CE, Resolução nº 080/2021. Reformula o Projeto Pedagógico do Curso de Direito, a ser implantado a partir do ano letivo de 2022.&nbsp;</p>



<p>Disponível em:&nbsp;<a href="http://www.uel.br/prograd/documentos/resolucoes/2021/resolucao_80_21.pdf">http://www.uel.br/prograd/documentos/resolucoes/2021/resolucao_80_21.pdf</a>.</p>



<p>Acesso em: 17 outubro 2022;&nbsp;</p>



<p>PERFIL DO CONCLUINTE</p>



<p>O perfil profissional que o Projeto Pedagógico do Curso pretende formar é o de bacharéis em Direito, como resultado da indissociabilidade entre pesquisa, ensino e extensão:</p>



<ul class="wp-block-list">
<li>Com visão crítica, ética, humanista e com sensibilidade social para atuaç,âo nas mais diversas áreas do Direito na sociedade em constante transformação;</li>



<li>Com conhecimento dos contextos sociais, culturais, econômicos negocial, político e filosóficos por meio da transdisciplinaridade;</li>



<li>Com capacidade para desenvolver formas judiciais e extrajudiciais de prevenção e solução de conflitos individuais e coletivos, bem como implementação de boas práticas nas mais diversas áreas jurídicas;</li>



<li>Capacitados à prática profissional e à investigação e pesquisa jurídico-científica;</li>



<li>Articulados com o contexto social, capazes de identificar e equacionar problemas, buscar as soluções jurídicas e com atuação voltada à pacificação social.</li>
</ul>

<p>. CEPE/CE, Resolução nº 080/2021. Reformula o Projeto Pedagógico do Curso de Direito, a ser implantado a partir do ano letivo de 2022.&nbsp; Disponível em:&nbsp;http://www.uel.br/prograd/documentos/resolucoes/2021/resolucao_80_21.pdf. Acesso em: 17 outubro 2022;&nbsp; PERFIL DO CONCLUINTE O perfil profissional que o Projeto Pedagógico do Curso pretende formar é o de bacharéis em Direito, como resultado da indissociabilidade entre [&hellip;]</p>
