{"id":3662,"date":"2022-12-06T17:06:21","date_gmt":"2022-12-06T20:06:21","guid":{"rendered":"https:\/\/sites.uel.br\/pdi\/?page_id=3662"},"modified":"2022-12-06T17:06:21","modified_gmt":"2022-12-06T20:06:21","slug":"perfil-do-egresso-design-de-moda-bacharelado","status":"publish","type":"page","link":"https:\/\/sites.uel.br\/pdi\/perfil-do-egresso-design-de-moda-bacharelado\/","title":{"rendered":"Perfil do Egresso &#8211; DESIGN DE MODA (Bacharelado)"},"content":{"rendered":"\n<p class=\"has-text-color\" style=\"color:#fefefe\">.<\/p>\n\n\n\n<p>CEPE, Resolu\u00e7\u00e3o n\u00ba 0248\/2009. Reformula o Projeto Pedag\u00f3gico do Curso de Design de Moda, a ser implantado a partir do ano letivo de 2010.&nbsp;<\/p>\n\n\n\n<p>Dispon\u00edvel em:&nbsp;<a href=\"http:\/\/www.uel.br\/prograd\/docs_prograd\/resolucoes\/2009\/resolucao_248_09.pdf\">http:\/\/www.uel.br\/prograd\/docs_prograd\/resolucoes\/2009\/resolucao_248_09.pdf<\/a>.<\/p>\n\n\n\n<p>Acesso em: 17 outubro 2022;<\/p>\n\n\n\n<p>PERFIL DO CONCLUINTE<\/p>\n\n\n\n<p>As compet\u00eancias contempladas no PPC deste Curso de Gradua\u00e7\u00e3o foram definidas a partir das exig\u00eancias do campo de trabalho e dos componentes \u00e9ticos, pol\u00edticos, est\u00e9ticos e cient\u00edficos do entorno social, sendo assim, as compet\u00eancias b\u00e1sicas do designer de moda podem ser caracterizadas da seguinte maneira:<\/p>\n\n\n\n<ul class=\"wp-block-list\">\n<li>T\u00e9cnicas: habilidades de utiliza\u00e7\u00e3o de tecnologias, materiais e processos;<\/li>\n\n\n\n<li>Cient\u00edficas: utiliza\u00e7\u00e3o do m\u00e9todo cient\u00edfico na pesquisa, envolvendo o levantamento de dados bibliogr\u00e1ficos e de campo, assim como a busca constante pelo desenvolvimento intelectual;<\/li>\n\n\n\n<li>Art\u00edsticas: desenvolvimento de conceitua\u00e7\u00e3o e express\u00e3o, linguagem visual, processo criativo;<\/li>\n\n\n\n<li>\u00c9ticas e pol\u00edticas desenvolvimento da cidadania, da adequada postura profissional, do conhecimento dos deveres, direitos e da responsabilidade social e ambiental.<\/li>\n<\/ul>\n\n\n\n<p>O curso de gradua\u00e7\u00e3o que forma o bacharel em Design de Moda, portanto, objetiva formar o profissional cr\u00edtico, \u00e9tico, aut\u00f4nomo que, integrando a teoria e pr\u00e1tica:<\/p>\n\n\n\n<ul class=\"wp-block-list\">\n<li>transforma a realidade e a cultura material de modo competente;<\/li>\n\n\n\n<li>desenvolve projetos de produtos e de cole\u00e7\u00f5es de moda;<\/li>\n\n\n\n<li>prop\u00f5e solu\u00e7\u00f5es eficazes e inovadoras integrando fun\u00e7\u00f5es pr\u00e1ticas e est\u00e9tico simb\u00f3licas;<\/li>\n\n\n\n<li>gerencia a criatividade considerando o equil\u00edbrio entre as vari\u00e1veis est\u00e9ticas e as vari\u00e1veis econ\u00f3micas e de mercado, respeitando os tra\u00e7os culturais da sociedade e outras manifesta\u00e7\u00f5es regionais;<\/li>\n\n\n\n<li>aplica vis\u00e3o sist\u00e9mica nos projetos, manifestando capacidade de s\u00edntese para conceitu\u00e1-los a partir da combina\u00e7\u00e3o adequada de diversos componentes materiais e imateriais, processos de fabrica\u00e7\u00e3o, aspectos econ\u00f3micos, psicol\u00f3gicos e sociol\u00f3gicos do produto;<\/li>\n\n\n\n<li>interage com especialistas de outras \u00e1reas de modo a utilizar conhecimentos diversos e atuar em equipes interdisciplinares na elabora\u00e7\u00e3o e execu\u00e7\u00e3o de pesquisas e projetos;<\/li>\n\n\n\n<li>concebe produtos de moda com vis\u00e3o hist\u00f3rica e prospectiva, centrada nos aspectos socioecon\u00f4micos e culturais, revelando consci\u00eancia das implica\u00e7\u00f5es econ\u00f3micas, sociais, antropol\u00f3gicas, ambientais, est\u00e9ticas e \u00e9ticas de sua atividade; percebe os sinais do novo, interpreta as tend\u00eancias e antecipa a evolu\u00e7\u00e3o do gosto;<\/li>\n\n\n\n<li>domina as diferentes etapas do desenvolvimento de um projeto, a saber: defini\u00e7\u00e3o de objetivos, coleta e tratamento de dados, gera\u00e7\u00e3o e avalia\u00e7\u00e3o de alternativas, configura\u00e7\u00e3o de solu\u00e7\u00e3o e comunica\u00e7\u00e3o de resultados; expressa com linguagem pr\u00f3pria conceitos e solu\u00e7\u00f5es em seus projetos, de acordo com as diversas t\u00e9cnicas de express\u00e3o e reprodu\u00e7\u00e3o visual;<\/li>\n\n\n\n<li>conhece o setor produtivo &#8211; materiais, processos produtivos e tecnologias &#8211; para viabilizar a confec\u00e7\u00e3o dos produtos de moda.&nbsp;<\/li>\n<\/ul>\n\n\n\n<p>MERCADO DE TRABALHO<\/p>\n\n\n\n<p>O Designer de Moda pode atuar:<\/p>\n\n\n\n<ul class=\"wp-block-list\">\n<li>em ind\u00fastrias de confec\u00e7\u00e3o do vestu\u00e1rio dos diferentes segmentos do setor;&nbsp;&nbsp;&nbsp;<\/li>\n\n\n\n<li>em detalhamentos de design, cria\u00e7\u00e3o e desenvolvimento de produtos; em escrit\u00f3rios de design de moda e estilismo; em coordena\u00e7\u00e3o de moda e estilo do varejo;&nbsp;&nbsp;em consultoria;&nbsp;&nbsp;como prestador de servi\u00e7o aut\u00f4nomo;&nbsp;&nbsp;como empreendedor do pr\u00f3prio neg\u00f3cio.<\/li>\n<\/ul>\n","protected":false},"excerpt":{"rendered":"<p>. CEPE, Resolu\u00e7\u00e3o n\u00ba 0248\/2009. Reformula o Projeto Pedag\u00f3gico do Curso de Design de Moda, a ser implantado a partir do ano letivo de 2010.&nbsp; Dispon\u00edvel em:&nbsp;http:\/\/www.uel.br\/prograd\/docs_prograd\/resolucoes\/2009\/resolucao_248_09.pdf. Acesso em: 17 outubro 2022; PERFIL DO CONCLUINTE As compet\u00eancias contempladas no PPC deste Curso de Gradua\u00e7\u00e3o foram definidas a partir das exig\u00eancias do campo de trabalho e [&hellip;]<\/p>\n","protected":false},"author":8,"featured_media":0,"parent":0,"menu_order":0,"comment_status":"closed","ping_status":"closed","template":"","meta":{"footnotes":""},"class_list":["post-3662","page","type-page","status-publish","hentry"],"acf":[],"_links":{"self":[{"href":"https:\/\/sites.uel.br\/pdi\/wp-json\/wp\/v2\/pages\/3662","targetHints":{"allow":["GET"]}}],"collection":[{"href":"https:\/\/sites.uel.br\/pdi\/wp-json\/wp\/v2\/pages"}],"about":[{"href":"https:\/\/sites.uel.br\/pdi\/wp-json\/wp\/v2\/types\/page"}],"author":[{"embeddable":true,"href":"https:\/\/sites.uel.br\/pdi\/wp-json\/wp\/v2\/users\/8"}],"replies":[{"embeddable":true,"href":"https:\/\/sites.uel.br\/pdi\/wp-json\/wp\/v2\/comments?post=3662"}],"version-history":[{"count":1,"href":"https:\/\/sites.uel.br\/pdi\/wp-json\/wp\/v2\/pages\/3662\/revisions"}],"predecessor-version":[{"id":3663,"href":"https:\/\/sites.uel.br\/pdi\/wp-json\/wp\/v2\/pages\/3662\/revisions\/3663"}],"wp:attachment":[{"href":"https:\/\/sites.uel.br\/pdi\/wp-json\/wp\/v2\/media?parent=3662"}],"curies":[{"name":"wp","href":"https:\/\/api.w.org\/{rel}","templated":true}]}}

<p class="has-text-color" style="color:#fefefe">.</p>



<p>CEPE, Resolução nº 0248/2009. Reformula o Projeto Pedagógico do Curso de Design de Moda, a ser implantado a partir do ano letivo de 2010.&nbsp;</p>



<p>Disponível em:&nbsp;<a href="http://www.uel.br/prograd/docs_prograd/resolucoes/2009/resolucao_248_09.pdf">http://www.uel.br/prograd/docs_prograd/resolucoes/2009/resolucao_248_09.pdf</a>.</p>



<p>Acesso em: 17 outubro 2022;</p>



<p>PERFIL DO CONCLUINTE</p>



<p>As competências contempladas no PPC deste Curso de Graduação foram definidas a partir das exigências do campo de trabalho e dos componentes éticos, políticos, estéticos e científicos do entorno social, sendo assim, as competências básicas do designer de moda podem ser caracterizadas da seguinte maneira:</p>



<ul class="wp-block-list">
<li>Técnicas: habilidades de utilização de tecnologias, materiais e processos;</li>



<li>Científicas: utilização do método científico na pesquisa, envolvendo o levantamento de dados bibliográficos e de campo, assim como a busca constante pelo desenvolvimento intelectual;</li>



<li>Artísticas: desenvolvimento de conceituação e expressão, linguagem visual, processo criativo;</li>



<li>Éticas e políticas desenvolvimento da cidadania, da adequada postura profissional, do conhecimento dos deveres, direitos e da responsabilidade social e ambiental.</li>
</ul>



<p>O curso de graduação que forma o bacharel em Design de Moda, portanto, objetiva formar o profissional crítico, ético, autônomo que, integrando a teoria e prática:</p>



<ul class="wp-block-list">
<li>transforma a realidade e a cultura material de modo competente;</li>



<li>desenvolve projetos de produtos e de coleções de moda;</li>



<li>propõe soluções eficazes e inovadoras integrando funções práticas e estético simbólicas;</li>



<li>gerencia a criatividade considerando o equilíbrio entre as variáveis estéticas e as variáveis económicas e de mercado, respeitando os traços culturais da sociedade e outras manifestações regionais;</li>



<li>aplica visão sistémica nos projetos, manifestando capacidade de síntese para conceituá-los a partir da combinação adequada de diversos componentes materiais e imateriais, processos de fabricação, aspectos económicos, psicológicos e sociológicos do produto;</li>



<li>interage com especialistas de outras áreas de modo a utilizar conhecimentos diversos e atuar em equipes interdisciplinares na elaboração e execução de pesquisas e projetos;</li>



<li>concebe produtos de moda com visão histórica e prospectiva, centrada nos aspectos socioeconômicos e culturais, revelando consciência das implicações económicas, sociais, antropológicas, ambientais, estéticas e éticas de sua atividade; percebe os sinais do novo, interpreta as tendências e antecipa a evolução do gosto;</li>



<li>domina as diferentes etapas do desenvolvimento de um projeto, a saber: definição de objetivos, coleta e tratamento de dados, geração e avaliação de alternativas, configuração de solução e comunicação de resultados; expressa com linguagem própria conceitos e soluções em seus projetos, de acordo com as diversas técnicas de expressão e reprodução visual;</li>



<li>conhece o setor produtivo &#8211; materiais, processos produtivos e tecnologias &#8211; para viabilizar a confecção dos produtos de moda.&nbsp;</li>
</ul>



<p>MERCADO DE TRABALHO</p>



<p>O Designer de Moda pode atuar:</p>



<ul class="wp-block-list">
<li>em indústrias de confecção do vestuário dos diferentes segmentos do setor;&nbsp;&nbsp;&nbsp;</li>



<li>em detalhamentos de design, criação e desenvolvimento de produtos; em escritórios de design de moda e estilismo; em coordenação de moda e estilo do varejo;&nbsp;&nbsp;em consultoria;&nbsp;&nbsp;como prestador de serviço autônomo;&nbsp;&nbsp;como empreendedor do próprio negócio.</li>
</ul>

<p>. CEPE, Resolução nº 0248/2009. Reformula o Projeto Pedagógico do Curso de Design de Moda, a ser implantado a partir do ano letivo de 2010.&nbsp; Disponível em:&nbsp;http://www.uel.br/prograd/docs_prograd/resolucoes/2009/resolucao_248_09.pdf. Acesso em: 17 outubro 2022; PERFIL DO CONCLUINTE As competências contempladas no PPC deste Curso de Graduação foram definidas a partir das exigências do campo de trabalho e [&hellip;]</p>
